{"id":19187,"date":"2023-04-05T12:00:24","date_gmt":"2023-04-05T10:00:24","guid":{"rendered":"https:\/\/budapestgaleria.hu\/_\/2023-exhibitions\/az-eroszakrol\/"},"modified":"2023-12-21T13:29:50","modified_gmt":"2023-12-21T12:29:50","slug":"on-violence","status":"publish","type":"page","link":"https:\/\/budapestgaleria.hu\/_\/en\/2023-exhibitions\/on-violence\/","title":{"rendered":"On Violence"},"content":{"rendered":"<div class=\"wpb-content-wrapper\"><p>[vc_row css_animation=&#8221;&#8221; row_type=&#8221;row&#8221; use_row_as_full_screen_section=&#8221;no&#8221; type=&#8221;grid&#8221; angled_section=&#8221;no&#8221; text_align=&#8221;left&#8221; background_image_as_pattern=&#8221;without_pattern&#8221; template=&#8221;ism_template_1&#8243; ism_overlock=&#8221;default&#8221; sm_d_text=&#8221;<\/p>\n<h2>This content is locked<\/h2>\n<p>Share This Page To Unlock The Content!&#8221;][vc_column][vc_single_image image=&#8221;19277&#8243; img_size=&#8221;full&#8221; qode_css_animation=&#8221;&#8221;][\/vc_column][\/vc_row][vc_row css_animation=&#8221;&#8221; row_type=&#8221;row&#8221; use_row_as_full_screen_section=&#8221;no&#8221; type=&#8221;grid&#8221; angled_section=&#8221;no&#8221; text_align=&#8221;left&#8221; background_image_as_pattern=&#8221;without_pattern&#8221;][vc_column][vc_empty_space height=&#8221;45px&#8221;][vc_column_text]<\/p>\n<h1 class=\"cim_1\"><em>On Violence<\/em><\/h1>\n<p>[\/vc_column_text][vc_empty_space height=&#8221;45px&#8221;][\/vc_column][\/vc_row][vc_row css_animation=&#8221;&#8221; row_type=&#8221;row&#8221; use_row_as_full_screen_section=&#8221;no&#8221; type=&#8221;grid&#8221; angled_section=&#8221;no&#8221; text_align=&#8221;left&#8221; background_image_as_pattern=&#8221;without_pattern&#8221; bgparallax=&#8221;parallax&#8221; contentwidth=&#8221;container&#8221; toppadding=&#8221;40&#8243; bottompadding=&#8221;10&#8243; border=&#8221;on&#8221; css=&#8221;.vc_custom_1420648296958{background-color: #ffffff !important;}&#8221;][vc_column width=&#8221;1\/3&#8243; css=&#8221;.vc_custom_1427029754112{padding-right: 25px !important;}&#8221; el_class=&#8221;full-1&#8243;][vc_column_text]<\/p>\n<p class=\"hely_bpgal\">Budapest Gallery<\/p>\n<p class=\"cim_bpgal\">1036 Budapest, Lajos utca 158.<\/p>\n<p class=\"datum_bpgal\">12 May \u2013 30 July 2023<\/p>\n<p>[\/vc_column_text][vc_column_text]<\/p>\n<p class=\"kiemeles_bpgal\">Exhibiting artists:<\/p>\n<p class=\"verzal_bpgal\">Kateryna Aliinyk, Artists\u2019 Campaign to Repeal the Eighth Amendment &#8211; Mia Mullarkey, Rachel Fallon, Olia Fedorova, Jelena Jure\u0161a, Elektra KB, Hristina Ivanoska, Anik\u00f3 Lor\u00e1nt (1977-2020), Milica Tomi\u0107, Dominika Trapp, Selma Selman, Anna Zvyagintseva<\/p>\n<p>[\/vc_column_text][vc_column_text]<\/p>\n<p class=\"kiemeles_bpgal\">Curator:<\/p>\n<p class=\"verzal_bpgal\">L\u00edvia P\u00e1ldi<\/p>\n<p class=\"titulus\">art historian, Budapest History Museum &#8211; Kiscelli Museum &#8211; Municipal Gallery<\/p>\n<p>[\/vc_column_text][vc_column_text]<\/p>\n<p class=\"kiemeles_bpgal\">Exhibition design:<\/p>\n<p class=\"verzal_bpgal\">Katarina \u0160evi\u0107<\/p>\n<p class=\"titulus\">artist<\/p>\n<p>[\/vc_column_text][vc_column_text]<\/p>\n<p class=\"kiemeles_bpgal\">Coordinator of social relations:<\/p>\n<p class=\"verzal_bpgal\">Di\u00e1na Darabos<\/p>\n<p>[\/vc_column_text][vc_column_text]<\/p>\n<p class=\"kiemeles_bpgal\">Opening:<\/p>\n<p class=\"datum_bpgal_2\">11 May 2023 (Thursday), 6 pm<\/p>\n<p class=\"kiemeles_bpgal\">Opening speech<\/p>\n<p class=\"verzal_bpgal\">Rita Antoni<\/p>\n<p class=\"titulus\">women&#8217;s rights activist<\/p>\n<p>[\/vc_column_text][vc_column_text]<\/p>\n<p class=\"kiemeles_bpgal\">Guided tour with the artists and curator (in English):<\/p>\n<p class=\"datum_bpgal_2\">11 May 2023 (Thursday), 4 pm<\/p>\n<p>[\/vc_column_text][vc_column_text]<\/p>\n<p class=\"kiemeles_bpgal\">Program in the Bem Cinema:<\/p>\n<p class=\"datum_bpgal_2\">12 May 2023, (Friday) 4 pm<\/p>\n<p class=\"verzal_bpgal\">Screening and artist talk (in English)<\/p>\n<p class=\"titulus\">Jelena Juresa: <em>Aphasia<\/em><\/p>\n<p>[\/vc_column_text][vc_empty_space][\/vc_column][vc_column width=&#8221;2\/3&#8243; el_class=&#8221;full-2&#8243;][vc_column_text]In January 2020, following the decision of the General Assembly of Budapest, the project \u201cMemory of rape in wartimes: Women as victims of sexual violence was launched with the ultimate goal to create a worthy memorial in the Hungarian capital. The memorial is scheduled to be inaugurated in 2024. Since the project launch, the themes of war violence, public commemoration and memorials as well as their broader context have been presented in several events, a mock-up exhibition, a lecture series, and a publication, fostering social and professional dialogue and debate.<\/p>\n<p>Since World War II, there have been numerous waves of sexual violence in global and local conflicts, and the Russian invasion of Ukraine and the ensuing military aggression have recently brought the brutality of war (sexual) crimes, traumatic losses, vulnerability and environmental destruction alarmingly close, while also demonstrating the power of broad social solidarity.<br \/>\nThe urgency of offering a nuanced examination of the complex phenomenon and operation of violence is due not only to the violence experienced in a rising number of military conflict zones, but also to the inequalities in patriarchal power structures, discrimination against LGBTQI+ people, struggles for bodily autonomy, equality and reproductive health, and the rise of domestic violence.<\/p>\n<p>Exposure to violence and aggression is systemic. The health, justice and (family) law systems of the partiarchal state, which subordinate and degrade women, fundamental deficiencies of the legal system, and male-centric national and memory politics are all responsible for the perpetuation of (often state-sponsored) bias against women, the schemata of violence in public consciousness, and practices of victim-blaming.<\/p>\n<p>The international group exhibition at the Budapest Gallery presents experiences of violence, scripts of social behavior, and visual and political themes of violence from women&#8217;s and queer perspectives.<br \/>\nWorks with a more abstract approach to the complex patterns of states and trap situations of abuse, fear-mongering and anxiety are juxtaposed with diary-like works recording visceral reactions to the situation in Ukraine and to pervasive violence.<br \/>\nSeveral artists deal with the enduring traumas of the region&#8217;s recent past, the Yugoslav wars.<br \/>\nThe political-ideological manipulation of collective memory, ethnically based violence, and collective responsibility are examined in this investigative, partly archive-based research within wider contexts and relations. These include artistic representations of Polish, Irish and South American social movements and body politics activism that rewrite the strategies of solidarity and agency.<\/p>\n<p>The accompanying and educational programs developed in cooperation with artists, NGOs and human rights activists, such as discussions, talks, guided tours and workshops, seek to engage different generations and people of various social backgrounds.[\/vc_column_text][vc_empty_space][vc_separator type=&#8221;normal&#8221; color=&#8221;#c6c6c6&#8243; up=&#8221;10&#8243; down=&#8221;20&#8243;][vc_empty_space][vc_column_text]The title of the exhibition may recall an essay published by political philosopher Hannah Arendt on the relationship between war, politics, violence and power in 1969. Although her essay expresses several ideas that are applicable to the present, this exhibition explores the possibilities of political action and political community along different lines.[\/vc_column_text][vc_empty_space height=&#8221;45&#8243;][vc_separator type=&#8221;normal&#8221; color=&#8221;#c6c6c6&#8243; up=&#8221;10&#8243; down=&#8221;20&#8243;][vc_empty_space height=&#8221;45&#8243;][vc_single_image image=&#8221;19177&#8243; img_size=&#8221;full&#8221; onclick=&#8221;custom_link&#8221; img_link_target=&#8221;_blank&#8221; qode_css_animation=&#8221;&#8221; link=&#8221;https:\/\/www.elhallgatva.hu\/&#8221;][vc_single_image image=&#8221;19175&#8243; img_size=&#8221;full&#8221; onclick=&#8221;custom_link&#8221; img_link_target=&#8221;_blank&#8221; qode_css_animation=&#8221;&#8221; link=&#8221;https:\/\/fovarosikeptar.hu\/&#8221;][vc_empty_space height=&#8221;45px&#8221;][vc_single_image image=&#8221;19394&#8243; img_size=&#8221;full&#8221; qode_css_animation=&#8221;&#8221;][vc_empty_space][vc_single_image image=&#8221;19309&#8243; img_size=&#8221;full&#8221; qode_css_animation=&#8221;&#8221;][vc_empty_space][vc_single_image image=&#8221;19311&#8243; img_size=&#8221;full&#8221; qode_css_animation=&#8221;&#8221;][vc_empty_space][vc_single_image image=&#8221;19396&#8243; img_size=&#8221;full&#8221; qode_css_animation=&#8221;&#8221;][vc_empty_space][vc_single_image image=&#8221;19313&#8243; img_size=&#8221;full&#8221; qode_css_animation=&#8221;&#8221;][vc_empty_space][vc_single_image image=&#8221;19398&#8243; img_size=&#8221;full&#8221; qode_css_animation=&#8221;&#8221;][vc_empty_space][vc_single_image image=&#8221;19315&#8243; img_size=&#8221;full&#8221; qode_css_animation=&#8221;&#8221;][vc_empty_space][vc_single_image image=&#8221;19317&#8243; img_size=&#8221;full&#8221; qode_css_animation=&#8221;&#8221;][vc_empty_space][vc_single_image image=&#8221;19400&#8243; img_size=&#8221;full&#8221; qode_css_animation=&#8221;&#8221;][vc_empty_space][vc_single_image image=&#8221;19319&#8243; img_size=&#8221;full&#8221; qode_css_animation=&#8221;&#8221;][vc_empty_space][vc_single_image image=&#8221;19402&#8243; img_size=&#8221;full&#8221; qode_css_animation=&#8221;&#8221;][vc_empty_space][vc_single_image image=&#8221;19321&#8243; img_size=&#8221;full&#8221; qode_css_animation=&#8221;&#8221;][vc_empty_space][vc_column_text]<\/p>\n<p class=\"kepalairas_cim_jobb\">Photos: Tam\u00e1s Juh\u00e1sz G.<\/p>\n<p>[\/vc_column_text][\/vc_column][\/vc_row][vc_row css_animation=&#8221;&#8221; row_type=&#8221;row&#8221; use_row_as_full_screen_section=&#8221;no&#8221; type=&#8221;grid&#8221; angled_section=&#8221;no&#8221; text_align=&#8221;left&#8221; background_image_as_pattern=&#8221;without_pattern&#8221; template=&#8221;ism_template_1&#8243; ism_overlock=&#8221;default&#8221; sm_d_text=&#8221;<\/p>\n<h2>This content is locked<\/h2>\n<p>Share This Page To Unlock The Content!&#8221;][vc_column][vc_empty_space height=&#8221;45px&#8221;][\/vc_column][\/vc_row]<\/p>\n<\/div>","protected":false},"excerpt":{"rendered":"<p>[vc_row css_animation=&#8221;&#8221; row_type=&#8221;row&#8221; use_row_as_full_screen_section=&#8221;no&#8221; type=&#8221;grid&#8221; angled_section=&#8221;no&#8221; text_align=&#8221;left&#8221; background_image_as_pattern=&#8221;without_pattern&#8221; template=&#8221;ism_template_1&#8243; ism_overlock=&#8221;default&#8221; sm_d_text=&#8221; This content is locked&#8230;<\/p>\n","protected":false},"author":11,"featured_media":0,"parent":18896,"menu_order":0,"comment_status":"closed","ping_status":"closed","template":"full_width.php","meta":{"inline_featured_image":false,"loftloader_pro_show_once":"","loftloader_pro_page_shortcode":"","footnotes":""},"class_list":["post-19187","page","type-page","status-publish","hentry"],"_links":{"self":[{"href":"https:\/\/budapestgaleria.hu\/_\/en\/wp-json\/wp\/v2\/pages\/19187","targetHints":{"allow":["GET"]}}],"collection":[{"href":"https:\/\/budapestgaleria.hu\/_\/en\/wp-json\/wp\/v2\/pages"}],"about":[{"href":"https:\/\/budapestgaleria.hu\/_\/en\/wp-json\/wp\/v2\/types\/page"}],"author":[{"embeddable":true,"href":"https:\/\/budapestgaleria.hu\/_\/en\/wp-json\/wp\/v2\/users\/11"}],"replies":[{"embeddable":true,"href":"https:\/\/budapestgaleria.hu\/_\/en\/wp-json\/wp\/v2\/comments?post=19187"}],"version-history":[{"count":0,"href":"https:\/\/budapestgaleria.hu\/_\/en\/wp-json\/wp\/v2\/pages\/19187\/revisions"}],"up":[{"embeddable":true,"href":"https:\/\/budapestgaleria.hu\/_\/en\/wp-json\/wp\/v2\/pages\/18896"}],"wp:attachment":[{"href":"https:\/\/budapestgaleria.hu\/_\/en\/wp-json\/wp\/v2\/media?parent=19187"}],"curies":[{"name":"wp","href":"https:\/\/api.w.org\/{rel}","templated":true}]}}

<div class="wpb-content-wrapper"><p>[vc_row css_animation=&#8221;&#8221; row_type=&#8221;row&#8221; use_row_as_full_screen_section=&#8221;no&#8221; type=&#8221;grid&#8221; angled_section=&#8221;no&#8221; text_align=&#8221;left&#8221; background_image_as_pattern=&#8221;without_pattern&#8221; template=&#8221;ism_template_1&#8243; ism_overlock=&#8221;default&#8221; sm_d_text=&#8221;</p>
<h2>This content is locked</h2>
<p>Share This Page To Unlock The Content!&#8221;][vc_column][vc_single_image image=&#8221;19277&#8243; img_size=&#8221;full&#8221; qode_css_animation=&#8221;&#8221;][/vc_column][/vc_row][vc_row css_animation=&#8221;&#8221; row_type=&#8221;row&#8221; use_row_as_full_screen_section=&#8221;no&#8221; type=&#8221;grid&#8221; angled_section=&#8221;no&#8221; text_align=&#8221;left&#8221; background_image_as_pattern=&#8221;without_pattern&#8221;][vc_column][vc_empty_space height=&#8221;45px&#8221;][vc_column_text]</p>
<h1 class="cim_1"><em>On Violence</em></h1>
<p>[/vc_column_text][vc_empty_space height=&#8221;45px&#8221;][/vc_column][/vc_row][vc_row css_animation=&#8221;&#8221; row_type=&#8221;row&#8221; use_row_as_full_screen_section=&#8221;no&#8221; type=&#8221;grid&#8221; angled_section=&#8221;no&#8221; text_align=&#8221;left&#8221; background_image_as_pattern=&#8221;without_pattern&#8221; bgparallax=&#8221;parallax&#8221; contentwidth=&#8221;container&#8221; toppadding=&#8221;40&#8243; bottompadding=&#8221;10&#8243; border=&#8221;on&#8221; css=&#8221;.vc_custom_1420648296958{background-color: #ffffff !important;}&#8221;][vc_column width=&#8221;1/3&#8243; css=&#8221;.vc_custom_1427029754112{padding-right: 25px !important;}&#8221; el_class=&#8221;full-1&#8243;][vc_column_text]</p>
<p class="hely_bpgal">Budapest Gallery</p>
<p class="cim_bpgal">1036 Budapest, Lajos utca 158.</p>
<p class="datum_bpgal">12 May – 30 July 2023</p>
<p>[/vc_column_text][vc_column_text]</p>
<p class="kiemeles_bpgal">Exhibiting artists:</p>
<p class="verzal_bpgal">Kateryna Aliinyk, Artists’ Campaign to Repeal the Eighth Amendment &#8211; Mia Mullarkey, Rachel Fallon, Olia Fedorova, Jelena Jureša, Elektra KB, Hristina Ivanoska, Anikó Loránt (1977-2020), Milica Tomić, Dominika Trapp, Selma Selman, Anna Zvyagintseva</p>
<p>[/vc_column_text][vc_column_text]</p>
<p class="kiemeles_bpgal">Curator:</p>
<p class="verzal_bpgal">Lívia Páldi</p>
<p class="titulus">art historian, Budapest History Museum &#8211; Kiscelli Museum &#8211; Municipal Gallery</p>
<p>[/vc_column_text][vc_column_text]</p>
<p class="kiemeles_bpgal">Exhibition design:</p>
<p class="verzal_bpgal">Katarina Šević</p>
<p class="titulus">artist</p>
<p>[/vc_column_text][vc_column_text]</p>
<p class="kiemeles_bpgal">Coordinator of social relations:</p>
<p class="verzal_bpgal">Diána Darabos</p>
<p>[/vc_column_text][vc_column_text]</p>
<p class="kiemeles_bpgal">Opening:</p>
<p class="datum_bpgal_2">11 May 2023 (Thursday), 6 pm</p>
<p class="kiemeles_bpgal">Opening speech</p>
<p class="verzal_bpgal">Rita Antoni</p>
<p class="titulus">women&#8217;s rights activist</p>
<p>[/vc_column_text][vc_column_text]</p>
<p class="kiemeles_bpgal">Guided tour with the artists and curator (in English):</p>
<p class="datum_bpgal_2">11 May 2023 (Thursday), 4 pm</p>
<p>[/vc_column_text][vc_column_text]</p>
<p class="kiemeles_bpgal">Program in the Bem Cinema:</p>
<p class="datum_bpgal_2">12 May 2023, (Friday) 4 pm</p>
<p class="verzal_bpgal">Screening and artist talk (in English)</p>
<p class="titulus">Jelena Juresa: <em>Aphasia</em></p>
<p>[/vc_column_text][vc_empty_space][/vc_column][vc_column width=&#8221;2/3&#8243; el_class=&#8221;full-2&#8243;][vc_column_text]In January 2020, following the decision of the General Assembly of Budapest, the project “Memory of rape in wartimes: Women as victims of sexual violence was launched with the ultimate goal to create a worthy memorial in the Hungarian capital. The memorial is scheduled to be inaugurated in 2024. Since the project launch, the themes of war violence, public commemoration and memorials as well as their broader context have been presented in several events, a mock-up exhibition, a lecture series, and a publication, fostering social and professional dialogue and debate.</p>
<p>Since World War II, there have been numerous waves of sexual violence in global and local conflicts, and the Russian invasion of Ukraine and the ensuing military aggression have recently brought the brutality of war (sexual) crimes, traumatic losses, vulnerability and environmental destruction alarmingly close, while also demonstrating the power of broad social solidarity.<br />
The urgency of offering a nuanced examination of the complex phenomenon and operation of violence is due not only to the violence experienced in a rising number of military conflict zones, but also to the inequalities in patriarchal power structures, discrimination against LGBTQI+ people, struggles for bodily autonomy, equality and reproductive health, and the rise of domestic violence.</p>
<p>Exposure to violence and aggression is systemic. The health, justice and (family) law systems of the partiarchal state, which subordinate and degrade women, fundamental deficiencies of the legal system, and male-centric national and memory politics are all responsible for the perpetuation of (often state-sponsored) bias against women, the schemata of violence in public consciousness, and practices of victim-blaming.</p>
<p>The international group exhibition at the Budapest Gallery presents experiences of violence, scripts of social behavior, and visual and political themes of violence from women&#8217;s and queer perspectives.<br />
Works with a more abstract approach to the complex patterns of states and trap situations of abuse, fear-mongering and anxiety are juxtaposed with diary-like works recording visceral reactions to the situation in Ukraine and to pervasive violence.<br />
Several artists deal with the enduring traumas of the region&#8217;s recent past, the Yugoslav wars.<br />
The political-ideological manipulation of collective memory, ethnically based violence, and collective responsibility are examined in this investigative, partly archive-based research within wider contexts and relations. These include artistic representations of Polish, Irish and South American social movements and body politics activism that rewrite the strategies of solidarity and agency.</p>
<p>The accompanying and educational programs developed in cooperation with artists, NGOs and human rights activists, such as discussions, talks, guided tours and workshops, seek to engage different generations and people of various social backgrounds.[/vc_column_text][vc_empty_space][vc_separator type=&#8221;normal&#8221; color=&#8221;#c6c6c6&#8243; up=&#8221;10&#8243; down=&#8221;20&#8243;][vc_empty_space][vc_column_text]The title of the exhibition may recall an essay published by political philosopher Hannah Arendt on the relationship between war, politics, violence and power in 1969. Although her essay expresses several ideas that are applicable to the present, this exhibition explores the possibilities of political action and political community along different lines.[/vc_column_text][vc_empty_space height=&#8221;45&#8243;][vc_separator type=&#8221;normal&#8221; color=&#8221;#c6c6c6&#8243; up=&#8221;10&#8243; down=&#8221;20&#8243;][vc_empty_space height=&#8221;45&#8243;][vc_single_image image=&#8221;19177&#8243; img_size=&#8221;full&#8221; onclick=&#8221;custom_link&#8221; img_link_target=&#8221;_blank&#8221; qode_css_animation=&#8221;&#8221; link=&#8221;https://www.elhallgatva.hu/&#8221;][vc_single_image image=&#8221;19175&#8243; img_size=&#8221;full&#8221; onclick=&#8221;custom_link&#8221; img_link_target=&#8221;_blank&#8221; qode_css_animation=&#8221;&#8221; link=&#8221;https://fovarosikeptar.hu/&#8221;][vc_empty_space height=&#8221;45px&#8221;][vc_single_image image=&#8221;19394&#8243; img_size=&#8221;full&#8221; qode_css_animation=&#8221;&#8221;][vc_empty_space][vc_single_image image=&#8221;19309&#8243; img_size=&#8221;full&#8221; qode_css_animation=&#8221;&#8221;][vc_empty_space][vc_single_image image=&#8221;19311&#8243; img_size=&#8221;full&#8221; qode_css_animation=&#8221;&#8221;][vc_empty_space][vc_single_image image=&#8221;19396&#8243; img_size=&#8221;full&#8221; qode_css_animation=&#8221;&#8221;][vc_empty_space][vc_single_image image=&#8221;19313&#8243; img_size=&#8221;full&#8221; qode_css_animation=&#8221;&#8221;][vc_empty_space][vc_single_image image=&#8221;19398&#8243; img_size=&#8221;full&#8221; qode_css_animation=&#8221;&#8221;][vc_empty_space][vc_single_image image=&#8221;19315&#8243; img_size=&#8221;full&#8221; qode_css_animation=&#8221;&#8221;][vc_empty_space][vc_single_image image=&#8221;19317&#8243; img_size=&#8221;full&#8221; qode_css_animation=&#8221;&#8221;][vc_empty_space][vc_single_image image=&#8221;19400&#8243; img_size=&#8221;full&#8221; qode_css_animation=&#8221;&#8221;][vc_empty_space][vc_single_image image=&#8221;19319&#8243; img_size=&#8221;full&#8221; qode_css_animation=&#8221;&#8221;][vc_empty_space][vc_single_image image=&#8221;19402&#8243; img_size=&#8221;full&#8221; qode_css_animation=&#8221;&#8221;][vc_empty_space][vc_single_image image=&#8221;19321&#8243; img_size=&#8221;full&#8221; qode_css_animation=&#8221;&#8221;][vc_empty_space][vc_column_text]</p>
<p class="kepalairas_cim_jobb">Photos: Tamás Juhász G.</p>
<p>[/vc_column_text][/vc_column][/vc_row][vc_row css_animation=&#8221;&#8221; row_type=&#8221;row&#8221; use_row_as_full_screen_section=&#8221;no&#8221; type=&#8221;grid&#8221; angled_section=&#8221;no&#8221; text_align=&#8221;left&#8221; background_image_as_pattern=&#8221;without_pattern&#8221; template=&#8221;ism_template_1&#8243; ism_overlock=&#8221;default&#8221; sm_d_text=&#8221;</p>
<h2>This content is locked</h2>
<p>Share This Page To Unlock The Content!&#8221;][vc_column][vc_empty_space height=&#8221;45px&#8221;][/vc_column][/vc_row]</p>
</div>
