{"id":19438,"date":"2023-07-18T15:30:59","date_gmt":"2023-07-18T13:30:59","guid":{"rendered":"https:\/\/budapestgaleria.hu\/_\/flaszter\/"},"modified":"2023-12-19T11:59:37","modified_gmt":"2023-12-19T10:59:37","slug":"sidewalk","status":"publish","type":"page","link":"https:\/\/budapestgaleria.hu\/_\/en\/sidewalk\/","title":{"rendered":"Sidewalk"},"content":{"rendered":"<div class=\"wpb-content-wrapper\"><p>[vc_row css_animation=&#8221;&#8221; row_type=&#8221;row&#8221; use_row_as_full_screen_section=&#8221;no&#8221; type=&#8221;grid&#8221; angled_section=&#8221;no&#8221; text_align=&#8221;left&#8221; background_image_as_pattern=&#8221;without_pattern&#8221; template=&#8221;ism_template_1&#8243; ism_overlock=&#8221;default&#8221; sm_d_text=&#8221;<\/p>\n<h2>This content is locked<\/h2>\n<p>Share This Page To Unlock The Content!&#8221;][vc_column][vc_single_image image=&#8221;19441&#8243; img_size=&#8221;full&#8221; qode_css_animation=&#8221;&#8221;][vc_empty_space height=&#8221;10px&#8221;][\/vc_column][\/vc_row][vc_row css_animation=&#8221;&#8221; row_type=&#8221;row&#8221; use_row_as_full_screen_section=&#8221;no&#8221; type=&#8221;grid&#8221; angled_section=&#8221;no&#8221; text_align=&#8221;left&#8221; background_image_as_pattern=&#8221;without_pattern&#8221;][vc_column][vc_empty_space height=&#8221;45px&#8221;][vc_column_text]<\/p>\n<h1 class=\"cim_1\"><em>Sidewalk<\/em><\/h1>\n<p>[\/vc_column_text][vc_empty_space height=&#8221;45px&#8221;][vc_column_text]<\/p>\n<h1 class=\"alcim\">1st Budapest Biennale of Contemporary Public Art<\/h1>\n<p>[\/vc_column_text][vc_empty_space height=&#8221;45px&#8221;][\/vc_column][\/vc_row][vc_row css_animation=&#8221;&#8221; row_type=&#8221;row&#8221; use_row_as_full_screen_section=&#8221;no&#8221; type=&#8221;grid&#8221; angled_section=&#8221;no&#8221; text_align=&#8221;left&#8221; background_image_as_pattern=&#8221;without_pattern&#8221; bgparallax=&#8221;parallax&#8221; contentwidth=&#8221;container&#8221; toppadding=&#8221;40&#8243; bottompadding=&#8221;10&#8243; border=&#8221;on&#8221; css=&#8221;.vc_custom_1420648296958{background-color: #ffffff !important;}&#8221;][vc_column width=&#8221;1\/3&#8243; css=&#8221;.vc_custom_1427029754112{padding-right: 25px !important;}&#8221; el_class=&#8221;full-1&#8243;][vc_column_text]<\/p>\n<p class=\"hely_bpgal\">Public spaces of Budapest (detailed venues under each project)<\/p>\n<p class=\"datum_bpgal\">22 September &#8211; 23 October 2023<\/p>\n<p>[\/vc_column_text][vc_column_text]<\/p>\n<p class=\"kiemeles_bpgal\">Participating artists:<\/p>\n<p class=\"verzal_bpgal\">Bal\u00e1zs Antal | M\u00e1rk Bartha, Luca Borsos | Anna B\u00edr\u00f3, Andrea Fajgern\u00e9 Dud\u00e1s, Eszter \u00c1gnes Szab\u00f3 | Vir\u00e1g Bogy\u00f3, Fl\u00f3ra Mad\u00e1csi | DePART Collective | Gideon Horv\u00e1th | Krist\u00f3f Kelemen, T\u00edmea T\u00f6r\u00f6k | Luca Petr\u00e1nyi | J\u00e1nos Sug\u00e1r | Valyo &#8211; City and River Association<\/p>\n<p>[\/vc_column_text][vc_column_text]<\/p>\n<p class=\"kiemeles_bpgal\">Projecz coordinator:<\/p>\n<p class=\"verzal_bpgal\">Di\u00e1na Darabos<\/p>\n<p>[\/vc_column_text][vc_column_text]<\/p>\n<p class=\"kiemeles_bpgal\">Graphic design:<\/p>\n<p class=\"verzal_bpgal\">D\u00e1niel Kozma<\/p>\n<p class=\"kiemeles_bpgal\">Graphic designer intern:<\/p>\n<p class=\"verzal_bpgal\">Vikt\u00f3ria Szab\u00f3<\/p>\n<p>[\/vc_column_text][vc_empty_space][vc_column_text]<a href=\"https:\/\/budapestgaleria.hu\/_\/en\/sidewalk-calendar\/\">PROGRAMME CALENDAR <\/a>[\/vc_column_text][vc_empty_space][vc_column_text]<\/p>\n<p class=\"kiemeles_bpgal\">Blog:<\/p>\n<p class=\"verzal_bpgal\"><a href=\"https:\/\/flaszter-biennale.blog.hu\/\">https:\/\/flaszter-biennale.blog.hu\/<\/a><\/p>\n<p>[\/vc_column_text][vc_empty_space][\/vc_column][vc_column width=&#8221;2\/3&#8243; el_class=&#8221;full-2&#8243;][vc_column_text]The asphalt of the sidewalk, the urban pavement, forms a surface: we can write on it, draw on it, built on it, but it also conceals, covers, evens out and renders invisible. It can be worn down, lived on, or torn up. We tread it day by day, but we have no idea what it covers. It\u2019s like the city: we think we know it, but only parts of it and only for moments, the picture always changes.<\/p>\n<p>As part of <em>Budapest 150<\/em>, the series of events celebrating the 150th anniversary of the unification of Pest, Buda and \u00d3buda, the 1st Budapest Biennale of Contemporary Public Art will take place from 22 September to 23 October 2023 under the title SIDEWALK. The aim of the series of events in public space is to draw attention to the forgotten stories of Budapest through productions of contemporary art, to provide a new opportunity to reminisce and experience the city from a different perspective, to represent invisible communities and to build new connections. The communal character of today\u2019s public space is a clash of desires and expectations: we often feel that it is the \u2018public\u2019 that is most excluded from public space. In order to avoid this, we need to put the city to many different uses, we need to connect with its past and shape its present. These instances of contemporary art propose ways to do this.<\/p>\n<p>The one-month series of events will bring about works of public art, performances, events and encounters for shorter or longer periods of time in different locations across the capital, under the coordination of Budapest History Museum \u2013 Budapest Gallery.<br \/>\n[\/vc_column_text][vc_empty_space][vc_separator type=&#8221;normal&#8221; color=&#8221;#6d6d6d&#8221;][vc_empty_space][vc_column_text]<strong>On the <a href=\"https:\/\/flaszter-biennale.blog.hu\/\">SIDEWALK blog<\/a> you can read about the background and programmes of the event on a weekly basis (in Hungarian)<\/strong><\/p>\n<p>[\/vc_column_text][vc_empty_space][vc_separator type=&#8221;normal&#8221; color=&#8221;#6d6d6d&#8221;][vc_empty_space][vc_column_text]<\/p>\n<h1 class=\"alcim\">The projects:<\/h1>\n<p>[\/vc_column_text][vc_empty_space][vc_single_image image=&#8221;19528&#8243; img_size=&#8221;full&#8221; onclick=&#8221;custom_link&#8221; img_link_target=&#8221;_blank&#8221; qode_css_animation=&#8221;&#8221; qode_hover_animation=&#8221;zoom_in&#8221; link=&#8221;https:\/\/budapestgaleria.hu\/_\/en\/sidewalk\/balazs-antal-niche\/&#8221;][vc_empty_space][vc_single_image image=&#8221;19530&#8243; img_size=&#8221;full&#8221; onclick=&#8221;custom_link&#8221; img_link_target=&#8221;_blank&#8221; qode_css_animation=&#8221;&#8221; qode_hover_animation=&#8221;zoom_in&#8221; link=&#8221;https:\/\/budapestgaleria.hu\/_\/en\/sidewalk\/luca-borsos-mark-bartha-dance-the-district\/&#8221;][vc_empty_space][vc_single_image image=&#8221;19532&#8243; img_size=&#8221;full&#8221; onclick=&#8221;custom_link&#8221; img_link_target=&#8221;_blank&#8221; qode_css_animation=&#8221;&#8221; qode_hover_animation=&#8221;zoom_in&#8221; link=&#8221;https:\/\/budapestgaleria.hu\/_\/en\/sidewalk\/19694-2-common-jam-map\/&#8221;][vc_empty_space][vc_single_image image=&#8221;19534&#8243; img_size=&#8221;full&#8221; onclick=&#8221;custom_link&#8221; img_link_target=&#8221;_blank&#8221; qode_css_animation=&#8221;&#8221; qode_hover_animation=&#8221;zoom_in&#8221; link=&#8221;https:\/\/budapestgaleria.hu\/_\/en\/sidewalk\/virag-bogyo-flora-madacsi-playstreet\/&#8221;][vc_empty_space][vc_single_image image=&#8221;19536&#8243; img_size=&#8221;full&#8221; onclick=&#8221;custom_link&#8221; img_link_target=&#8221;_blank&#8221; qode_css_animation=&#8221;&#8221; qode_hover_animation=&#8221;zoom_in&#8221; link=&#8221;https:\/\/budapestgaleria.hu\/_\/en\/sidewalk\/depart-if-all-ears-could-hear\/&#8221;][vc_empty_space][vc_single_image image=&#8221;19538&#8243; img_size=&#8221;full&#8221; onclick=&#8221;custom_link&#8221; img_link_target=&#8221;_blank&#8221; qode_css_animation=&#8221;&#8221; qode_hover_animation=&#8221;zoom_in&#8221; link=&#8221;https:\/\/budapestgaleria.hu\/_\/en\/sidewalk\/gideon-horvath-memory-that-could-have-been\/&#8221;][vc_empty_space][vc_single_image image=&#8221;19540&#8243; img_size=&#8221;full&#8221; onclick=&#8221;custom_link&#8221; img_link_target=&#8221;_blank&#8221; qode_css_animation=&#8221;&#8221; qode_hover_animation=&#8221;zoom_in&#8221; link=&#8221;https:\/\/budapestgaleria.hu\/_\/en\/sidewalk\/kristof-kelemen-timea-torok-habitual-residence\/&#8221;][vc_empty_space][vc_single_image image=&#8221;19542&#8243; img_size=&#8221;full&#8221; onclick=&#8221;custom_link&#8221; img_link_target=&#8221;_blank&#8221; qode_css_animation=&#8221;&#8221; qode_hover_animation=&#8221;zoom_in&#8221; link=&#8221;https:\/\/budapestgaleria.hu\/_\/en\/sidewalk\/luca-petranyi-running-with-saint-margaret\/&#8221;][vc_empty_space][vc_single_image image=&#8221;19544&#8243; img_size=&#8221;full&#8221; onclick=&#8221;custom_link&#8221; img_link_target=&#8221;_blank&#8221; qode_css_animation=&#8221;&#8221; qode_hover_animation=&#8221;zoom_in&#8221; link=&#8221;https:\/\/budapestgaleria.hu\/_\/en\/sidewalk\/janos-sugar-excuse-me\/&#8221;][vc_empty_space][vc_single_image image=&#8221;19546&#8243; img_size=&#8221;full&#8221; onclick=&#8221;custom_link&#8221; img_link_target=&#8221;_blank&#8221; qode_css_animation=&#8221;&#8221; qode_hover_animation=&#8221;zoom_in&#8221; link=&#8221;https:\/\/budapestgaleria.hu\/_\/en\/sidewalk\/valyo-river-baths-in-budapest\/&#8221;][vc_empty_space height=&#8221;45px&#8221;][vc_single_image image=&#8221;19466&#8243; img_size=&#8221;150&#215;150&#8243; onclick=&#8221;custom_link&#8221; qode_css_animation=&#8221;&#8221; link=&#8221;https:\/\/150.budapest.hu\/&#8221;][\/vc_column][\/vc_row][vc_row css_animation=&#8221;&#8221; row_type=&#8221;row&#8221; use_row_as_full_screen_section=&#8221;no&#8221; type=&#8221;grid&#8221; angled_section=&#8221;no&#8221; text_align=&#8221;left&#8221; background_image_as_pattern=&#8221;without_pattern&#8221; template=&#8221;ism_template_1&#8243; ism_overlock=&#8221;default&#8221; sm_d_text=&#8221;<\/p>\n<h2>This content is locked<\/h2>\n<p>Share This Page To Unlock The Content!&#8221;][vc_column][vc_empty_space height=&#8221;45px&#8221;][\/vc_column][\/vc_row]<\/p>\n<\/div>","protected":false},"excerpt":{"rendered":"<p>[vc_row css_animation=&#8221;&#8221; row_type=&#8221;row&#8221; use_row_as_full_screen_section=&#8221;no&#8221; type=&#8221;grid&#8221; angled_section=&#8221;no&#8221; text_align=&#8221;left&#8221; background_image_as_pattern=&#8221;without_pattern&#8221; template=&#8221;ism_template_1&#8243; ism_overlock=&#8221;default&#8221; sm_d_text=&#8221; This content is locked&#8230;<\/p>\n","protected":false},"author":11,"featured_media":0,"parent":0,"menu_order":0,"comment_status":"closed","ping_status":"closed","template":"","meta":{"inline_featured_image":false,"loftloader_pro_show_once":"","loftloader_pro_page_shortcode":"","footnotes":""},"class_list":["post-19438","page","type-page","status-publish","hentry"],"_links":{"self":[{"href":"https:\/\/budapestgaleria.hu\/_\/en\/wp-json\/wp\/v2\/pages\/19438","targetHints":{"allow":["GET"]}}],"collection":[{"href":"https:\/\/budapestgaleria.hu\/_\/en\/wp-json\/wp\/v2\/pages"}],"about":[{"href":"https:\/\/budapestgaleria.hu\/_\/en\/wp-json\/wp\/v2\/types\/page"}],"author":[{"embeddable":true,"href":"https:\/\/budapestgaleria.hu\/_\/en\/wp-json\/wp\/v2\/users\/11"}],"replies":[{"embeddable":true,"href":"https:\/\/budapestgaleria.hu\/_\/en\/wp-json\/wp\/v2\/comments?post=19438"}],"version-history":[{"count":0,"href":"https:\/\/budapestgaleria.hu\/_\/en\/wp-json\/wp\/v2\/pages\/19438\/revisions"}],"wp:attachment":[{"href":"https:\/\/budapestgaleria.hu\/_\/en\/wp-json\/wp\/v2\/media?parent=19438"}],"curies":[{"name":"wp","href":"https:\/\/api.w.org\/{rel}","templated":true}]}}

<div class="wpb-content-wrapper"><p>[vc_row css_animation=&#8221;&#8221; row_type=&#8221;row&#8221; use_row_as_full_screen_section=&#8221;no&#8221; type=&#8221;grid&#8221; angled_section=&#8221;no&#8221; text_align=&#8221;left&#8221; background_image_as_pattern=&#8221;without_pattern&#8221; template=&#8221;ism_template_1&#8243; ism_overlock=&#8221;default&#8221; sm_d_text=&#8221;</p>
<h2>This content is locked</h2>
<p>Share This Page To Unlock The Content!&#8221;][vc_column][vc_single_image image=&#8221;19441&#8243; img_size=&#8221;full&#8221; qode_css_animation=&#8221;&#8221;][vc_empty_space height=&#8221;10px&#8221;][/vc_column][/vc_row][vc_row css_animation=&#8221;&#8221; row_type=&#8221;row&#8221; use_row_as_full_screen_section=&#8221;no&#8221; type=&#8221;grid&#8221; angled_section=&#8221;no&#8221; text_align=&#8221;left&#8221; background_image_as_pattern=&#8221;without_pattern&#8221;][vc_column][vc_empty_space height=&#8221;45px&#8221;][vc_column_text]</p>
<h1 class="cim_1"><em>Sidewalk</em></h1>
<p>[/vc_column_text][vc_empty_space height=&#8221;45px&#8221;][vc_column_text]</p>
<h1 class="alcim">1st Budapest Biennale of Contemporary Public Art</h1>
<p>[/vc_column_text][vc_empty_space height=&#8221;45px&#8221;][/vc_column][/vc_row][vc_row css_animation=&#8221;&#8221; row_type=&#8221;row&#8221; use_row_as_full_screen_section=&#8221;no&#8221; type=&#8221;grid&#8221; angled_section=&#8221;no&#8221; text_align=&#8221;left&#8221; background_image_as_pattern=&#8221;without_pattern&#8221; bgparallax=&#8221;parallax&#8221; contentwidth=&#8221;container&#8221; toppadding=&#8221;40&#8243; bottompadding=&#8221;10&#8243; border=&#8221;on&#8221; css=&#8221;.vc_custom_1420648296958{background-color: #ffffff !important;}&#8221;][vc_column width=&#8221;1/3&#8243; css=&#8221;.vc_custom_1427029754112{padding-right: 25px !important;}&#8221; el_class=&#8221;full-1&#8243;][vc_column_text]</p>
<p class="hely_bpgal">Public spaces of Budapest (detailed venues under each project)</p>
<p class="datum_bpgal">22 September &#8211; 23 October 2023</p>
<p>[/vc_column_text][vc_column_text]</p>
<p class="kiemeles_bpgal">Participating artists:</p>
<p class="verzal_bpgal">Balázs Antal | Márk Bartha, Luca Borsos | Anna Bíró, Andrea Fajgerné Dudás, Eszter Ágnes Szabó | Virág Bogyó, Flóra Madácsi | DePART Collective | Gideon Horváth | Kristóf Kelemen, Tímea Török | Luca Petrányi | János Sugár | Valyo &#8211; City and River Association</p>
<p>[/vc_column_text][vc_column_text]</p>
<p class="kiemeles_bpgal">Projecz coordinator:</p>
<p class="verzal_bpgal">Diána Darabos</p>
<p>[/vc_column_text][vc_column_text]</p>
<p class="kiemeles_bpgal">Graphic design:</p>
<p class="verzal_bpgal">Dániel Kozma</p>
<p class="kiemeles_bpgal">Graphic designer intern:</p>
<p class="verzal_bpgal">Viktória Szabó</p>
<p>[/vc_column_text][vc_empty_space][vc_column_text]<a href="https://budapestgaleria.hu/_/en/sidewalk-calendar/">PROGRAMME CALENDAR </a>[/vc_column_text][vc_empty_space][vc_column_text]</p>
<p class="kiemeles_bpgal">Blog:</p>
<p class="verzal_bpgal"><a href="https://flaszter-biennale.blog.hu/">https://flaszter-biennale.blog.hu/</a></p>
<p>[/vc_column_text][vc_empty_space][/vc_column][vc_column width=&#8221;2/3&#8243; el_class=&#8221;full-2&#8243;][vc_column_text]The asphalt of the sidewalk, the urban pavement, forms a surface: we can write on it, draw on it, built on it, but it also conceals, covers, evens out and renders invisible. It can be worn down, lived on, or torn up. We tread it day by day, but we have no idea what it covers. It’s like the city: we think we know it, but only parts of it and only for moments, the picture always changes.</p>
<p>As part of <em>Budapest 150</em>, the series of events celebrating the 150th anniversary of the unification of Pest, Buda and Óbuda, the 1st Budapest Biennale of Contemporary Public Art will take place from 22 September to 23 October 2023 under the title SIDEWALK. The aim of the series of events in public space is to draw attention to the forgotten stories of Budapest through productions of contemporary art, to provide a new opportunity to reminisce and experience the city from a different perspective, to represent invisible communities and to build new connections. The communal character of today’s public space is a clash of desires and expectations: we often feel that it is the ‘public’ that is most excluded from public space. In order to avoid this, we need to put the city to many different uses, we need to connect with its past and shape its present. These instances of contemporary art propose ways to do this.</p>
<p>The one-month series of events will bring about works of public art, performances, events and encounters for shorter or longer periods of time in different locations across the capital, under the coordination of Budapest History Museum – Budapest Gallery.<br />
[/vc_column_text][vc_empty_space][vc_separator type=&#8221;normal&#8221; color=&#8221;#6d6d6d&#8221;][vc_empty_space][vc_column_text]<strong>On the <a href="https://flaszter-biennale.blog.hu/">SIDEWALK blog</a> you can read about the background and programmes of the event on a weekly basis (in Hungarian)</strong></p>
<p>[/vc_column_text][vc_empty_space][vc_separator type=&#8221;normal&#8221; color=&#8221;#6d6d6d&#8221;][vc_empty_space][vc_column_text]</p>
<h1 class="alcim">The projects:</h1>
<p>[/vc_column_text][vc_empty_space][vc_single_image image=&#8221;19528&#8243; img_size=&#8221;full&#8221; onclick=&#8221;custom_link&#8221; img_link_target=&#8221;_blank&#8221; qode_css_animation=&#8221;&#8221; qode_hover_animation=&#8221;zoom_in&#8221; link=&#8221;https://budapestgaleria.hu/_/en/sidewalk/balazs-antal-niche/&#8221;][vc_empty_space][vc_single_image image=&#8221;19530&#8243; img_size=&#8221;full&#8221; onclick=&#8221;custom_link&#8221; img_link_target=&#8221;_blank&#8221; qode_css_animation=&#8221;&#8221; qode_hover_animation=&#8221;zoom_in&#8221; link=&#8221;https://budapestgaleria.hu/_/en/sidewalk/luca-borsos-mark-bartha-dance-the-district/&#8221;][vc_empty_space][vc_single_image image=&#8221;19532&#8243; img_size=&#8221;full&#8221; onclick=&#8221;custom_link&#8221; img_link_target=&#8221;_blank&#8221; qode_css_animation=&#8221;&#8221; qode_hover_animation=&#8221;zoom_in&#8221; link=&#8221;https://budapestgaleria.hu/_/en/sidewalk/19694-2-common-jam-map/&#8221;][vc_empty_space][vc_single_image image=&#8221;19534&#8243; img_size=&#8221;full&#8221; onclick=&#8221;custom_link&#8221; img_link_target=&#8221;_blank&#8221; qode_css_animation=&#8221;&#8221; qode_hover_animation=&#8221;zoom_in&#8221; link=&#8221;https://budapestgaleria.hu/_/en/sidewalk/virag-bogyo-flora-madacsi-playstreet/&#8221;][vc_empty_space][vc_single_image image=&#8221;19536&#8243; img_size=&#8221;full&#8221; onclick=&#8221;custom_link&#8221; img_link_target=&#8221;_blank&#8221; qode_css_animation=&#8221;&#8221; qode_hover_animation=&#8221;zoom_in&#8221; link=&#8221;https://budapestgaleria.hu/_/en/sidewalk/depart-if-all-ears-could-hear/&#8221;][vc_empty_space][vc_single_image image=&#8221;19538&#8243; img_size=&#8221;full&#8221; onclick=&#8221;custom_link&#8221; img_link_target=&#8221;_blank&#8221; qode_css_animation=&#8221;&#8221; qode_hover_animation=&#8221;zoom_in&#8221; link=&#8221;https://budapestgaleria.hu/_/en/sidewalk/gideon-horvath-memory-that-could-have-been/&#8221;][vc_empty_space][vc_single_image image=&#8221;19540&#8243; img_size=&#8221;full&#8221; onclick=&#8221;custom_link&#8221; img_link_target=&#8221;_blank&#8221; qode_css_animation=&#8221;&#8221; qode_hover_animation=&#8221;zoom_in&#8221; link=&#8221;https://budapestgaleria.hu/_/en/sidewalk/kristof-kelemen-timea-torok-habitual-residence/&#8221;][vc_empty_space][vc_single_image image=&#8221;19542&#8243; img_size=&#8221;full&#8221; onclick=&#8221;custom_link&#8221; img_link_target=&#8221;_blank&#8221; qode_css_animation=&#8221;&#8221; qode_hover_animation=&#8221;zoom_in&#8221; link=&#8221;https://budapestgaleria.hu/_/en/sidewalk/luca-petranyi-running-with-saint-margaret/&#8221;][vc_empty_space][vc_single_image image=&#8221;19544&#8243; img_size=&#8221;full&#8221; onclick=&#8221;custom_link&#8221; img_link_target=&#8221;_blank&#8221; qode_css_animation=&#8221;&#8221; qode_hover_animation=&#8221;zoom_in&#8221; link=&#8221;https://budapestgaleria.hu/_/en/sidewalk/janos-sugar-excuse-me/&#8221;][vc_empty_space][vc_single_image image=&#8221;19546&#8243; img_size=&#8221;full&#8221; onclick=&#8221;custom_link&#8221; img_link_target=&#8221;_blank&#8221; qode_css_animation=&#8221;&#8221; qode_hover_animation=&#8221;zoom_in&#8221; link=&#8221;https://budapestgaleria.hu/_/en/sidewalk/valyo-river-baths-in-budapest/&#8221;][vc_empty_space height=&#8221;45px&#8221;][vc_single_image image=&#8221;19466&#8243; img_size=&#8221;150&#215;150&#8243; onclick=&#8221;custom_link&#8221; qode_css_animation=&#8221;&#8221; link=&#8221;https://150.budapest.hu/&#8221;][/vc_column][/vc_row][vc_row css_animation=&#8221;&#8221; row_type=&#8221;row&#8221; use_row_as_full_screen_section=&#8221;no&#8221; type=&#8221;grid&#8221; angled_section=&#8221;no&#8221; text_align=&#8221;left&#8221; background_image_as_pattern=&#8221;without_pattern&#8221; template=&#8221;ism_template_1&#8243; ism_overlock=&#8221;default&#8221; sm_d_text=&#8221;</p>
<h2>This content is locked</h2>
<p>Share This Page To Unlock The Content!&#8221;][vc_column][vc_empty_space height=&#8221;45px&#8221;][/vc_column][/vc_row]</p>
</div>
