{"id":21153,"date":"2024-03-25T15:35:24","date_gmt":"2024-03-25T14:35:24","guid":{"rendered":"https:\/\/budapestgaleria.hu\/_\/2024-exhibitions\/az-ocean-falai\/"},"modified":"2024-07-01T14:01:12","modified_gmt":"2024-07-01T12:01:12","slug":"the-oceans-walls","status":"publish","type":"page","link":"https:\/\/budapestgaleria.hu\/_\/en\/2024-exhibitions\/the-oceans-walls\/","title":{"rendered":"The Ocean\u2019s Walls"},"content":{"rendered":"<div class=\"wpb-content-wrapper\"><p>[vc_row css_animation=&#8221;&#8221; row_type=&#8221;row&#8221; use_row_as_full_screen_section=&#8221;no&#8221; type=&#8221;grid&#8221; angled_section=&#8221;no&#8221; text_align=&#8221;left&#8221; background_image_as_pattern=&#8221;without_pattern&#8221; template=&#8221;ism_template_1&#8243; ism_overlock=&#8221;default&#8221; sm_d_text=&#8221;<\/p>\n<h2>This content is locked<\/h2>\n<p>Share This Page To Unlock The Content!&#8221;][vc_column][vc_single_image image=&#8221;21163&#8243; img_size=&#8221;full&#8221; qode_css_animation=&#8221;&#8221;][\/vc_column][\/vc_row][vc_row css_animation=&#8221;&#8221; row_type=&#8221;row&#8221; use_row_as_full_screen_section=&#8221;no&#8221; type=&#8221;grid&#8221; angled_section=&#8221;no&#8221; text_align=&#8221;left&#8221; background_image_as_pattern=&#8221;without_pattern&#8221;][vc_column][vc_empty_space height=&#8221;45px&#8221;][vc_column_text]<\/p>\n<h1 class=\"cim_1\"><em>The Ocean\u2019s Walls<\/em><\/h1>\n<p>[\/vc_column_text][vc_empty_space height=&#8221;45px&#8221;][\/vc_column][\/vc_row][vc_row css_animation=&#8221;&#8221; row_type=&#8221;row&#8221; use_row_as_full_screen_section=&#8221;no&#8221; type=&#8221;grid&#8221; angled_section=&#8221;no&#8221; text_align=&#8221;left&#8221; background_image_as_pattern=&#8221;without_pattern&#8221; bgparallax=&#8221;parallax&#8221; contentwidth=&#8221;container&#8221; toppadding=&#8221;40&#8243; bottompadding=&#8221;10&#8243; border=&#8221;on&#8221; css=&#8221;.vc_custom_1420648296958{background-color: #ffffff !important;}&#8221;][vc_column width=&#8221;1\/3&#8243; css=&#8221;.vc_custom_1427029754112{padding-right: 25px !important;}&#8221; el_class=&#8221;full-1&#8243;][vc_column_text]<\/p>\n<p class=\"hely_bpgal\">Budapest Gallery<\/p>\n<p class=\"cim_bpgal\">1036 Budapest, Lajos utca 158.<\/p>\n<p class=\"datum_bpgal\">19 April 2024 \u2013 9 June 2024<\/p>\n<p>[\/vc_column_text][vc_column_text]<\/p>\n<p class=\"kiemeles_bpgal\">Artists:<\/p>\n<p class=\"verzal_bpgal\">Nina Canell, Tony Cokes, Niklas Goldbach, Barnab\u00e1s Neogr\u00e1dy-Kiss, Agnieszka Polska, Andi Schmied, Adnan &amp; Nina Softi\u0107, Anna M. Szaflarski, Sean Vegezzi, Zorka Wollny<\/p>\n<p>[\/vc_column_text][vc_column_text]<\/p>\n<p class=\"kiemeles_bpgal\">Curator:<\/p>\n<p class=\"verzal_bpgal\">Krisztina Hunya<\/p>\n<p>[\/vc_column_text][vc_column_text]<\/p>\n<p class=\"kiemeles_bpgal\">Opening:<\/p>\n<p class=\"datum_bpgal_2\">18 April 2024, (Thursday) 6 pm<\/p>\n<p>[\/vc_column_text][vc_empty_space height=&#8221;45px&#8221;][vc_column_text]<\/p>\n<p class=\"kiemeles_bpgal\">English friendly related events:<\/p>\n<p class=\"datum_bpgal_2\">20 April 2024, (Saturday) 4 pm<\/p>\n<p class=\"cim_bpgal\"><a href=\"https:\/\/www.facebook.com\/events\/1088774762174673?acontext=%7B%22event_action_history%22%3A[%7B%22mechanism%22%3A%22your_upcoming_events_unit%22%2C%22surface%22%3A%22bookmark%22%7D]%2C%22ref_notif_type%22%3Anull%7D\">Nontopographies: The politics of exclusion roundtable discussion<\/a><\/p>\n<p class=\"datum_bpgal_2\">1 May 2024, (Wednesday) 10 am<\/p>\n<p class=\"cim_bpgal\"><a href=\"https:\/\/www.facebook.com\/events\/1108035347083370?acontext=%7B%22event_action_history%22%3A[%7B%22mechanism%22%3A%22your_upcoming_events_unit%22%2C%22surface%22%3A%22bookmark%22%7D]%2C%22ref_notif_type%22%3Anull%7D\">May Day<\/a><\/p>\n<p>[\/vc_column_text][\/vc_column][vc_column width=&#8221;2\/3&#8243; el_class=&#8221;full-2&#8243;][vc_column_text]The urban living space of the 21st century creates the illusion of socially, economically or politically isolated \u2018cells\u2019 that are covered by an ever so dense and also digitally accessible network of services and infrastructures. Although the evolution of large cities would be inconceivable today without immigration and the multiplicity of cultural influences on urban life, segregation and alienation are an everyday reality that affects different social groups. The works presented in the exhibition explore the contemporary psychology of urban coexistence on the basis of stories that are either fictitious or based on personal experience or years of research and observation.<\/p>\n<p>Creating the city is \u201cman\u2019s most successful attempt to remake the world he lives in after his heart&#8217;s desire\u201d, observed urban sociologist Robert Park in 1967. The fragmentation of society \u2013 along economic, ethnic or other fault lines \u2013 is indelibly imprinted in the spaces of our cities, which increasingly consist of elements resembling fortification, walled housing estates and privatised public spaces. The artists in \u201cThe Ocean\u2019s Walls\u201d use the devices of poetic and collective activism to point out various aspects of this phenomenon. Exclusion and isolation are at once the result of a process brought about by the powers and an individually motivated endeavour. Symbolically evoked by the title, the walls no longer serve to defend the city from external forces, but to invoke the complex hierarchy of the right to the city. Who has access to the different spaces and services? What kinds of devices and processes encourage the creation of a bubble-like environment? In fact, is alienation essential to maintain peaceful coexistence?<br \/>\n[\/vc_column_text][vc_empty_space height=&#8221;45px&#8221;][vc_separator type=&#8221;normal&#8221; color=&#8221;#c6c6c6&#8243; up=&#8221;10&#8243; down=&#8221;20&#8243;][vc_single_image image=&#8221;19992&#8243; img_size=&#8221;256&#215;125&#8243; onclick=&#8221;custom_link&#8221; img_link_target=&#8221;_blank&#8221; qode_css_animation=&#8221;&#8221; link=&#8221;http:\/\/www.nka.hu&#8221;][vc_empty_space height=&#8221;20px&#8221;][vc_single_image image=&#8221;21104&#8243; img_size=&#8221;310&#215;190&#8243; onclick=&#8221;custom_link&#8221; img_link_target=&#8221;_blank&#8221; qode_css_animation=&#8221;&#8221; link=&#8221;https:\/\/www.ifa.de\/&#8221;][vc_empty_space height=&#8221;45px&#8221;][vc_single_image image=&#8221;21377&#8243; img_size=&#8221;full&#8221; qode_css_animation=&#8221;&#8221;][vc_empty_space][vc_single_image image=&#8221;21380&#8243; img_size=&#8221;full&#8221; qode_css_animation=&#8221;&#8221;][vc_empty_space][vc_single_image image=&#8221;21382&#8243; img_size=&#8221;full&#8221; qode_css_animation=&#8221;&#8221;][vc_empty_space][vc_single_image image=&#8221;21385&#8243; img_size=&#8221;full&#8221; qode_css_animation=&#8221;&#8221;][vc_empty_space][vc_single_image image=&#8221;21387&#8243; img_size=&#8221;full&#8221; qode_css_animation=&#8221;&#8221;][vc_empty_space][vc_single_image image=&#8221;21389&#8243; img_size=&#8221;full&#8221; qode_css_animation=&#8221;&#8221;][vc_empty_space][vc_single_image image=&#8221;21391&#8243; img_size=&#8221;full&#8221; qode_css_animation=&#8221;&#8221;][vc_empty_space][vc_single_image image=&#8221;21393&#8243; img_size=&#8221;full&#8221; qode_css_animation=&#8221;&#8221;][vc_empty_space][vc_single_image image=&#8221;21395&#8243; img_size=&#8221;full&#8221; qode_css_animation=&#8221;&#8221;][vc_empty_space][vc_single_image image=&#8221;21397&#8243; img_size=&#8221;full&#8221; qode_css_animation=&#8221;&#8221;][vc_empty_space][vc_column_text]<\/p>\n<p class=\"kepalairas_cim_jobb\">Photos: Tam\u00e1s G. Juh\u00e1sz<\/p>\n<p>[\/vc_column_text][vc_empty_space][\/vc_column][\/vc_row][vc_row css_animation=&#8221;&#8221; row_type=&#8221;row&#8221; use_row_as_full_screen_section=&#8221;no&#8221; type=&#8221;grid&#8221; angled_section=&#8221;no&#8221; text_align=&#8221;left&#8221; background_image_as_pattern=&#8221;without_pattern&#8221; template=&#8221;ism_template_1&#8243; ism_overlock=&#8221;default&#8221; sm_d_text=&#8221;<\/p>\n<h2>This content is locked<\/h2>\n<p>Share This Page To Unlock The Content!&#8221;][vc_column][vc_empty_space height=&#8221;45px&#8221;][\/vc_column][\/vc_row]<\/p>\n<\/div>","protected":false},"excerpt":{"rendered":"<p>[vc_row css_animation=&#8221;&#8221; row_type=&#8221;row&#8221; use_row_as_full_screen_section=&#8221;no&#8221; type=&#8221;grid&#8221; angled_section=&#8221;no&#8221; text_align=&#8221;left&#8221; background_image_as_pattern=&#8221;without_pattern&#8221; template=&#8221;ism_template_1&#8243; ism_overlock=&#8221;default&#8221; sm_d_text=&#8221; This content is locked&#8230;<\/p>\n","protected":false},"author":11,"featured_media":0,"parent":20750,"menu_order":0,"comment_status":"closed","ping_status":"closed","template":"full_width.php","meta":{"inline_featured_image":false,"loftloader_pro_show_once":"","loftloader_pro_page_shortcode":"","footnotes":""},"class_list":["post-21153","page","type-page","status-publish","hentry"],"_links":{"self":[{"href":"https:\/\/budapestgaleria.hu\/_\/en\/wp-json\/wp\/v2\/pages\/21153","targetHints":{"allow":["GET"]}}],"collection":[{"href":"https:\/\/budapestgaleria.hu\/_\/en\/wp-json\/wp\/v2\/pages"}],"about":[{"href":"https:\/\/budapestgaleria.hu\/_\/en\/wp-json\/wp\/v2\/types\/page"}],"author":[{"embeddable":true,"href":"https:\/\/budapestgaleria.hu\/_\/en\/wp-json\/wp\/v2\/users\/11"}],"replies":[{"embeddable":true,"href":"https:\/\/budapestgaleria.hu\/_\/en\/wp-json\/wp\/v2\/comments?post=21153"}],"version-history":[{"count":0,"href":"https:\/\/budapestgaleria.hu\/_\/en\/wp-json\/wp\/v2\/pages\/21153\/revisions"}],"up":[{"embeddable":true,"href":"https:\/\/budapestgaleria.hu\/_\/en\/wp-json\/wp\/v2\/pages\/20750"}],"wp:attachment":[{"href":"https:\/\/budapestgaleria.hu\/_\/en\/wp-json\/wp\/v2\/media?parent=21153"}],"curies":[{"name":"wp","href":"https:\/\/api.w.org\/{rel}","templated":true}]}}

<div class="wpb-content-wrapper"><p>[vc_row css_animation=&#8221;&#8221; row_type=&#8221;row&#8221; use_row_as_full_screen_section=&#8221;no&#8221; type=&#8221;grid&#8221; angled_section=&#8221;no&#8221; text_align=&#8221;left&#8221; background_image_as_pattern=&#8221;without_pattern&#8221; template=&#8221;ism_template_1&#8243; ism_overlock=&#8221;default&#8221; sm_d_text=&#8221;</p>
<h2>This content is locked</h2>
<p>Share This Page To Unlock The Content!&#8221;][vc_column][vc_single_image image=&#8221;21163&#8243; img_size=&#8221;full&#8221; qode_css_animation=&#8221;&#8221;][/vc_column][/vc_row][vc_row css_animation=&#8221;&#8221; row_type=&#8221;row&#8221; use_row_as_full_screen_section=&#8221;no&#8221; type=&#8221;grid&#8221; angled_section=&#8221;no&#8221; text_align=&#8221;left&#8221; background_image_as_pattern=&#8221;without_pattern&#8221;][vc_column][vc_empty_space height=&#8221;45px&#8221;][vc_column_text]</p>
<h1 class="cim_1"><em>The Ocean’s Walls</em></h1>
<p>[/vc_column_text][vc_empty_space height=&#8221;45px&#8221;][/vc_column][/vc_row][vc_row css_animation=&#8221;&#8221; row_type=&#8221;row&#8221; use_row_as_full_screen_section=&#8221;no&#8221; type=&#8221;grid&#8221; angled_section=&#8221;no&#8221; text_align=&#8221;left&#8221; background_image_as_pattern=&#8221;without_pattern&#8221; bgparallax=&#8221;parallax&#8221; contentwidth=&#8221;container&#8221; toppadding=&#8221;40&#8243; bottompadding=&#8221;10&#8243; border=&#8221;on&#8221; css=&#8221;.vc_custom_1420648296958{background-color: #ffffff !important;}&#8221;][vc_column width=&#8221;1/3&#8243; css=&#8221;.vc_custom_1427029754112{padding-right: 25px !important;}&#8221; el_class=&#8221;full-1&#8243;][vc_column_text]</p>
<p class="hely_bpgal">Budapest Gallery</p>
<p class="cim_bpgal">1036 Budapest, Lajos utca 158.</p>
<p class="datum_bpgal">19 April 2024 – 9 June 2024</p>
<p>[/vc_column_text][vc_column_text]</p>
<p class="kiemeles_bpgal">Artists:</p>
<p class="verzal_bpgal">Nina Canell, Tony Cokes, Niklas Goldbach, Barnabás Neogrády-Kiss, Agnieszka Polska, Andi Schmied, Adnan &amp; Nina Softić, Anna M. Szaflarski, Sean Vegezzi, Zorka Wollny</p>
<p>[/vc_column_text][vc_column_text]</p>
<p class="kiemeles_bpgal">Curator:</p>
<p class="verzal_bpgal">Krisztina Hunya</p>
<p>[/vc_column_text][vc_column_text]</p>
<p class="kiemeles_bpgal">Opening:</p>
<p class="datum_bpgal_2">18 April 2024, (Thursday) 6 pm</p>
<p>[/vc_column_text][vc_empty_space height=&#8221;45px&#8221;][vc_column_text]</p>
<p class="kiemeles_bpgal">English friendly related events:</p>
<p class="datum_bpgal_2">20 April 2024, (Saturday) 4 pm</p>
<p class="cim_bpgal"><a href="https://www.facebook.com/events/1088774762174673?acontext=%7B%22event_action_history%22%3A[%7B%22mechanism%22%3A%22your_upcoming_events_unit%22%2C%22surface%22%3A%22bookmark%22%7D]%2C%22ref_notif_type%22%3Anull%7D">Nontopographies: The politics of exclusion roundtable discussion</a></p>
<p class="datum_bpgal_2">1 May 2024, (Wednesday) 10 am</p>
<p class="cim_bpgal"><a href="https://www.facebook.com/events/1108035347083370?acontext=%7B%22event_action_history%22%3A[%7B%22mechanism%22%3A%22your_upcoming_events_unit%22%2C%22surface%22%3A%22bookmark%22%7D]%2C%22ref_notif_type%22%3Anull%7D">May Day</a></p>
<p>[/vc_column_text][/vc_column][vc_column width=&#8221;2/3&#8243; el_class=&#8221;full-2&#8243;][vc_column_text]The urban living space of the 21st century creates the illusion of socially, economically or politically isolated ‘cells’ that are covered by an ever so dense and also digitally accessible network of services and infrastructures. Although the evolution of large cities would be inconceivable today without immigration and the multiplicity of cultural influences on urban life, segregation and alienation are an everyday reality that affects different social groups. The works presented in the exhibition explore the contemporary psychology of urban coexistence on the basis of stories that are either fictitious or based on personal experience or years of research and observation.</p>
<p>Creating the city is “man’s most successful attempt to remake the world he lives in after his heart&#8217;s desire”, observed urban sociologist Robert Park in 1967. The fragmentation of society – along economic, ethnic or other fault lines – is indelibly imprinted in the spaces of our cities, which increasingly consist of elements resembling fortification, walled housing estates and privatised public spaces. The artists in “The Ocean’s Walls” use the devices of poetic and collective activism to point out various aspects of this phenomenon. Exclusion and isolation are at once the result of a process brought about by the powers and an individually motivated endeavour. Symbolically evoked by the title, the walls no longer serve to defend the city from external forces, but to invoke the complex hierarchy of the right to the city. Who has access to the different spaces and services? What kinds of devices and processes encourage the creation of a bubble-like environment? In fact, is alienation essential to maintain peaceful coexistence?<br />
[/vc_column_text][vc_empty_space height=&#8221;45px&#8221;][vc_separator type=&#8221;normal&#8221; color=&#8221;#c6c6c6&#8243; up=&#8221;10&#8243; down=&#8221;20&#8243;][vc_single_image image=&#8221;19992&#8243; img_size=&#8221;256&#215;125&#8243; onclick=&#8221;custom_link&#8221; img_link_target=&#8221;_blank&#8221; qode_css_animation=&#8221;&#8221; link=&#8221;http://www.nka.hu&#8221;][vc_empty_space height=&#8221;20px&#8221;][vc_single_image image=&#8221;21104&#8243; img_size=&#8221;310&#215;190&#8243; onclick=&#8221;custom_link&#8221; img_link_target=&#8221;_blank&#8221; qode_css_animation=&#8221;&#8221; link=&#8221;https://www.ifa.de/&#8221;][vc_empty_space height=&#8221;45px&#8221;][vc_single_image image=&#8221;21377&#8243; img_size=&#8221;full&#8221; qode_css_animation=&#8221;&#8221;][vc_empty_space][vc_single_image image=&#8221;21380&#8243; img_size=&#8221;full&#8221; qode_css_animation=&#8221;&#8221;][vc_empty_space][vc_single_image image=&#8221;21382&#8243; img_size=&#8221;full&#8221; qode_css_animation=&#8221;&#8221;][vc_empty_space][vc_single_image image=&#8221;21385&#8243; img_size=&#8221;full&#8221; qode_css_animation=&#8221;&#8221;][vc_empty_space][vc_single_image image=&#8221;21387&#8243; img_size=&#8221;full&#8221; qode_css_animation=&#8221;&#8221;][vc_empty_space][vc_single_image image=&#8221;21389&#8243; img_size=&#8221;full&#8221; qode_css_animation=&#8221;&#8221;][vc_empty_space][vc_single_image image=&#8221;21391&#8243; img_size=&#8221;full&#8221; qode_css_animation=&#8221;&#8221;][vc_empty_space][vc_single_image image=&#8221;21393&#8243; img_size=&#8221;full&#8221; qode_css_animation=&#8221;&#8221;][vc_empty_space][vc_single_image image=&#8221;21395&#8243; img_size=&#8221;full&#8221; qode_css_animation=&#8221;&#8221;][vc_empty_space][vc_single_image image=&#8221;21397&#8243; img_size=&#8221;full&#8221; qode_css_animation=&#8221;&#8221;][vc_empty_space][vc_column_text]</p>
<p class="kepalairas_cim_jobb">Photos: Tamás G. Juhász</p>
<p>[/vc_column_text][vc_empty_space][/vc_column][/vc_row][vc_row css_animation=&#8221;&#8221; row_type=&#8221;row&#8221; use_row_as_full_screen_section=&#8221;no&#8221; type=&#8221;grid&#8221; angled_section=&#8221;no&#8221; text_align=&#8221;left&#8221; background_image_as_pattern=&#8221;without_pattern&#8221; template=&#8221;ism_template_1&#8243; ism_overlock=&#8221;default&#8221; sm_d_text=&#8221;</p>
<h2>This content is locked</h2>
<p>Share This Page To Unlock The Content!&#8221;][vc_column][vc_empty_space height=&#8221;45px&#8221;][/vc_column][/vc_row]</p>
</div>
