{"id":24866,"date":"2026-04-28T14:08:22","date_gmt":"2026-04-28T12:08:22","guid":{"rendered":"https:\/\/budapestgaleria.hu\/_\/?page_id=24866"},"modified":"2026-04-28T14:08:22","modified_gmt":"2026-04-28T12:08:22","slug":"keep-me-signed-in","status":"publish","type":"page","link":"https:\/\/budapestgaleria.hu\/_\/en\/2026-exhibitions\/keep-me-signed-in\/","title":{"rendered":"Keep me signed in?"},"content":{"rendered":"<div class=\"wpb-content-wrapper\"><p>[vc_row css_animation=&#8221;&#8221; seperator_indeed_locker=&#8221;&#8221; lk_t=&#8221;ism_template_1&#8243; lk_io=&#8221;default&#8221; lk_dm=&#8221;0&#8243; lk_thm=&#8221;0&#8243; lk_tuo=&#8221;0&#8243; ru_on=&#8221;0&#8243; uhc_on=&#8221;0&#8243; ur_on=&#8221;0&#8243; ref_on=&#8221;0&#8243; row_type=&#8221;row&#8221; use_row_as_full_screen_section=&#8221;no&#8221; type=&#8221;grid&#8221; angled_section=&#8221;no&#8221; text_align=&#8221;left&#8221; background_image_as_pattern=&#8221;without_pattern&#8221; template=&#8221;ism_template_1&#8243; ism_overlock=&#8221;default&#8221; sm_d_text=&#8221;<\/p>\n<h2>This content is locked<\/h2>\n<p>Share This Page To Unlock The Content!&#8221;][vc_column][vc_single_image image=&#8221;24868&#8243; img_size=&#8221;full&#8221; css=&#8221;&#8221; qode_css_animation=&#8221;&#8221;][\/vc_column][\/vc_row][vc_row css_animation=&#8221;&#8221; row_type=&#8221;row&#8221; use_row_as_full_screen_section=&#8221;no&#8221; type=&#8221;grid&#8221; angled_section=&#8221;no&#8221; text_align=&#8221;left&#8221; background_image_as_pattern=&#8221;without_pattern&#8221;][vc_column][vc_empty_space height=&#8221;45px&#8221;][vc_column_text css=&#8221;&#8221;]<\/p>\n<h1 class=\"cim_1\"><em>Keep me signed in?<\/em><\/h1>\n<p>[\/vc_column_text][vc_empty_space height=&#8221;45px&#8221;][\/vc_column][\/vc_row][vc_row css_animation=&#8221;&#8221; row_type=&#8221;row&#8221; use_row_as_full_screen_section=&#8221;no&#8221; type=&#8221;grid&#8221; angled_section=&#8221;no&#8221; text_align=&#8221;left&#8221; background_image_as_pattern=&#8221;without_pattern&#8221; bgparallax=&#8221;parallax&#8221; contentwidth=&#8221;container&#8221; toppadding=&#8221;40&#8243; bottompadding=&#8221;10&#8243; border=&#8221;on&#8221; css=&#8221;.vc_custom_1420648296958{background-color: #ffffff !important;}&#8221;][vc_column width=&#8221;1\/3&#8243; css=&#8221;.vc_custom_1427029754112{padding-right: 25px !important;}&#8221; el_class=&#8221;full-1&#8243;][vc_column_text css=&#8221;&#8221;]<\/p>\n<p class=\"hely_bpgal\">Budapest Gallery<\/p>\n<p class=\"cim_bpgal\">1036 Budapest, Lajos utca 158.<\/p>\n<p class=\"datum_bpgal\">15 May \u2013 9 August 2026<\/p>\n<p>[\/vc_column_text][vc_column_text css=&#8221;&#8221;]<\/p>\n<p class=\"kiemeles_bpgal\">Exhibiting artists:<\/p>\n<p class=\"verzal_bpgal\">Kate Crawford &amp; Vladan Joler, Andr\u00e1s Cs\u00e9falvay, J\u00falia Jakabos, Maksym Khodak, M\u00e1t\u00e9 Kov\u00e1cs, Eva &amp; Franco Mattes, T\u00fcnde M\u00e9zes, Joana Moll, S\u00e1ndor D\u00e1vid Papp, Sandra Singh, N\u00f3ra Szab\u00f3<\/p>\n<p>[\/vc_column_text][vc_column_text css=&#8221;&#8221;]<\/p>\n<p class=\"kiemeles_bpgal\">Curator:<\/p>\n<p class=\"verzal_bpgal\">Dalma Eszter Koll\u00e1r<\/p>\n<p>[\/vc_column_text][vc_column_text css=&#8221;&#8221;]<\/p>\n<p class=\"kiemeles_bpgal\">Assistant curator:<\/p>\n<p class=\"verzal_bpgal\">Fanni T\u00f3th<\/p>\n<p>[\/vc_column_text][vc_column_text css=&#8221;&#8221;]<\/p>\n<p class=\"kiemeles_bpgal\">Opening:<\/p>\n<p class=\"datum_bpgal_2\">14 May 2026 (Thursday), 6 pm<\/p>\n<p>[\/vc_column_text][vc_column_text css=&#8221;&#8221;]<\/p>\n<p class=\"kiemeles_bpgal\">Graphic design:<\/p>\n<p class=\"verzal_bpgal\">SUSA Studio<\/p>\n<p>[\/vc_column_text][vc_column_text css=&#8221;&#8221;]<\/p>\n<p class=\"kiemeles_bpgal\">Translation:<\/p>\n<p class=\"verzal_bpgal\">D\u00e1niel Sipos<\/p>\n<p>[\/vc_column_text][vc_empty_space][\/vc_column][vc_column width=&#8221;2\/3&#8243; el_class=&#8221;full-2&#8243;][vc_column_text css=&#8221;&#8221;]The technological innovations of recent years and the incredibly rapid development in information technology and artificial intelligence (AI) undoubtedly have significant benefits. These technologies contribute to the advancement of numerous fields of science, while also making the lives of everyday users more convenient and their work more efficient.<br \/>\nHowever, the downsides of technological development, particularly those of devices and software designed for everyday use, are less tangible. Beyond the more widely recognised harmful physiological effects of extensive screen use \u2013 such as deteriorating eyesight, sleep disorders, deformities of the spine and hands, and the resulting pain \u2013 it is also important to address the social and psychological harms of information technology and the internet, as well as the environmental footprint of IT developments.<br \/>\nContemporary visual artists respond rapidly and sensitively to changes within the social fabric, and so they have quickly integrated the latest technological innovations into their works, both as tools and as subjects. Budapest Gallery\u2019s new international group exhibition Keep me signed in? presents works that examine the impact of IT innovations, online presence, and AI from various aspects.<br \/>\nThe exhibition is divided into two sections, by far not unrelated. The works presented in the first section are analytical, confronting the spectator, based largely on hard facts, with the limitations of seemingly omniscient artificial intelligence, with the individual and collective responsibility that falls on us as users of smart devices, and with the long-standing, virtually unlimited observability and manipulability of our online presence. The works exhibited in this section also illustrate how the production and utilisation of some of our daily used devices result in environmentally harmful processes and global-scale exploitation.<br \/>\nThe second part of the exhibition focuses more on mental processes, on how our value systems are shaped by the online space, and, in connection with these, on the relationship between technology and the human body. Our main social media platforms are moderated by major tech companies, so unethical, offensive, or even violent content largely bypasses well-intentioned users. Then again, numerous online spaces exist (not only on the so-called deep web) that lack central regulation; in these cases, the entanglements of the human body, the psyche, and technology become sources of danger precisely because they remain unchecked. Once bringing the promise of democratic, global knowledge, the internet now appears rather as a conglomeration of smaller online communities with shared interests \u2013 communities that also bear the potential for radicalisation.<br \/>\nWe tend to believe that we are in control of which tools we integrate into our lives and to what extent. Although the exhibition also raises the question of the potential agency of the individual in relation to technology, in reality, on our own we lack clear insight into the underlying systems and risks inherent in the tools we use and the content we consume. Yet in order to remain active, engaged members of (Western) society, we are forced to become users as well, so it seems that from this point forward, we are going to stay signed in for good.[\/vc_column_text][vc_empty_space height=&#8221;45&#8243;][vc_separator type=&#8221;normal&#8221; color=&#8221;#c6c6c6&#8243; up=&#8221;10&#8243; down=&#8221;20&#8243;][vc_single_image image=&#8221;19993&#8243; img_size=&#8221;205&#215;100&#8243; onclick=&#8221;custom_link&#8221; img_link_target=&#8221;_blank&#8221; css=&#8221;&#8221; qode_css_animation=&#8221;&#8221; link=&#8221;http:\/\/www.nka.hu&#8221;][vc_empty_space][\/vc_column][\/vc_row]<\/p>\n<\/div>","protected":false},"excerpt":{"rendered":"<p>[vc_row css_animation=&#8221;&#8221; seperator_indeed_locker=&#8221;&#8221; lk_t=&#8221;ism_template_1&#8243; lk_io=&#8221;default&#8221; lk_dm=&#8221;0&#8243; lk_thm=&#8221;0&#8243; lk_tuo=&#8221;0&#8243; ru_on=&#8221;0&#8243; uhc_on=&#8221;0&#8243; ur_on=&#8221;0&#8243; ref_on=&#8221;0&#8243; row_type=&#8221;row&#8221; use_row_as_full_screen_section=&#8221;no&#8221; type=&#8221;grid&#8221;&#8230;<\/p>\n","protected":false},"author":11,"featured_media":0,"parent":24605,"menu_order":0,"comment_status":"closed","ping_status":"closed","template":"full_width.php","meta":{"inline_featured_image":false,"loftloader_pro_show_once":"","loftloader_pro_page_shortcode":"","footnotes":""},"class_list":["post-24866","page","type-page","status-publish","hentry"],"_links":{"self":[{"href":"https:\/\/budapestgaleria.hu\/_\/en\/wp-json\/wp\/v2\/pages\/24866","targetHints":{"allow":["GET"]}}],"collection":[{"href":"https:\/\/budapestgaleria.hu\/_\/en\/wp-json\/wp\/v2\/pages"}],"about":[{"href":"https:\/\/budapestgaleria.hu\/_\/en\/wp-json\/wp\/v2\/types\/page"}],"author":[{"embeddable":true,"href":"https:\/\/budapestgaleria.hu\/_\/en\/wp-json\/wp\/v2\/users\/11"}],"replies":[{"embeddable":true,"href":"https:\/\/budapestgaleria.hu\/_\/en\/wp-json\/wp\/v2\/comments?post=24866"}],"version-history":[{"count":3,"href":"https:\/\/budapestgaleria.hu\/_\/en\/wp-json\/wp\/v2\/pages\/24866\/revisions"}],"predecessor-version":[{"id":24871,"href":"https:\/\/budapestgaleria.hu\/_\/en\/wp-json\/wp\/v2\/pages\/24866\/revisions\/24871"}],"up":[{"embeddable":true,"href":"https:\/\/budapestgaleria.hu\/_\/en\/wp-json\/wp\/v2\/pages\/24605"}],"wp:attachment":[{"href":"https:\/\/budapestgaleria.hu\/_\/en\/wp-json\/wp\/v2\/media?parent=24866"}],"curies":[{"name":"wp","href":"https:\/\/api.w.org\/{rel}","templated":true}]}}

<div class="wpb-content-wrapper"><p>[vc_row css_animation=&#8221;&#8221; seperator_indeed_locker=&#8221;&#8221; lk_t=&#8221;ism_template_1&#8243; lk_io=&#8221;default&#8221; lk_dm=&#8221;0&#8243; lk_thm=&#8221;0&#8243; lk_tuo=&#8221;0&#8243; ru_on=&#8221;0&#8243; uhc_on=&#8221;0&#8243; ur_on=&#8221;0&#8243; ref_on=&#8221;0&#8243; row_type=&#8221;row&#8221; use_row_as_full_screen_section=&#8221;no&#8221; type=&#8221;grid&#8221; angled_section=&#8221;no&#8221; text_align=&#8221;left&#8221; background_image_as_pattern=&#8221;without_pattern&#8221; template=&#8221;ism_template_1&#8243; ism_overlock=&#8221;default&#8221; sm_d_text=&#8221;</p>
<h2>This content is locked</h2>
<p>Share This Page To Unlock The Content!&#8221;][vc_column][vc_single_image image=&#8221;24868&#8243; img_size=&#8221;full&#8221; css=&#8221;&#8221; qode_css_animation=&#8221;&#8221;][/vc_column][/vc_row][vc_row css_animation=&#8221;&#8221; row_type=&#8221;row&#8221; use_row_as_full_screen_section=&#8221;no&#8221; type=&#8221;grid&#8221; angled_section=&#8221;no&#8221; text_align=&#8221;left&#8221; background_image_as_pattern=&#8221;without_pattern&#8221;][vc_column][vc_empty_space height=&#8221;45px&#8221;][vc_column_text css=&#8221;&#8221;]</p>
<h1 class="cim_1"><em>Keep me signed in?</em></h1>
<p>[/vc_column_text][vc_empty_space height=&#8221;45px&#8221;][/vc_column][/vc_row][vc_row css_animation=&#8221;&#8221; row_type=&#8221;row&#8221; use_row_as_full_screen_section=&#8221;no&#8221; type=&#8221;grid&#8221; angled_section=&#8221;no&#8221; text_align=&#8221;left&#8221; background_image_as_pattern=&#8221;without_pattern&#8221; bgparallax=&#8221;parallax&#8221; contentwidth=&#8221;container&#8221; toppadding=&#8221;40&#8243; bottompadding=&#8221;10&#8243; border=&#8221;on&#8221; css=&#8221;.vc_custom_1420648296958{background-color: #ffffff !important;}&#8221;][vc_column width=&#8221;1/3&#8243; css=&#8221;.vc_custom_1427029754112{padding-right: 25px !important;}&#8221; el_class=&#8221;full-1&#8243;][vc_column_text css=&#8221;&#8221;]</p>
<p class="hely_bpgal">Budapest Gallery</p>
<p class="cim_bpgal">1036 Budapest, Lajos utca 158.</p>
<p class="datum_bpgal">15 May – 9 August 2026</p>
<p>[/vc_column_text][vc_column_text css=&#8221;&#8221;]</p>
<p class="kiemeles_bpgal">Exhibiting artists:</p>
<p class="verzal_bpgal">Kate Crawford &amp; Vladan Joler, András Cséfalvay, Júlia Jakabos, Maksym Khodak, Máté Kovács, Eva &amp; Franco Mattes, Tünde Mézes, Joana Moll, Sándor Dávid Papp, Sandra Singh, Nóra Szabó</p>
<p>[/vc_column_text][vc_column_text css=&#8221;&#8221;]</p>
<p class="kiemeles_bpgal">Curator:</p>
<p class="verzal_bpgal">Dalma Eszter Kollár</p>
<p>[/vc_column_text][vc_column_text css=&#8221;&#8221;]</p>
<p class="kiemeles_bpgal">Assistant curator:</p>
<p class="verzal_bpgal">Fanni Tóth</p>
<p>[/vc_column_text][vc_column_text css=&#8221;&#8221;]</p>
<p class="kiemeles_bpgal">Opening:</p>
<p class="datum_bpgal_2">14 May 2026 (Thursday), 6 pm</p>
<p>[/vc_column_text][vc_column_text css=&#8221;&#8221;]</p>
<p class="kiemeles_bpgal">Graphic design:</p>
<p class="verzal_bpgal">SUSA Studio</p>
<p>[/vc_column_text][vc_column_text css=&#8221;&#8221;]</p>
<p class="kiemeles_bpgal">Translation:</p>
<p class="verzal_bpgal">Dániel Sipos</p>
<p>[/vc_column_text][vc_empty_space][/vc_column][vc_column width=&#8221;2/3&#8243; el_class=&#8221;full-2&#8243;][vc_column_text css=&#8221;&#8221;]The technological innovations of recent years and the incredibly rapid development in information technology and artificial intelligence (AI) undoubtedly have significant benefits. These technologies contribute to the advancement of numerous fields of science, while also making the lives of everyday users more convenient and their work more efficient.<br />
However, the downsides of technological development, particularly those of devices and software designed for everyday use, are less tangible. Beyond the more widely recognised harmful physiological effects of extensive screen use – such as deteriorating eyesight, sleep disorders, deformities of the spine and hands, and the resulting pain – it is also important to address the social and psychological harms of information technology and the internet, as well as the environmental footprint of IT developments.<br />
Contemporary visual artists respond rapidly and sensitively to changes within the social fabric, and so they have quickly integrated the latest technological innovations into their works, both as tools and as subjects. Budapest Gallery’s new international group exhibition Keep me signed in? presents works that examine the impact of IT innovations, online presence, and AI from various aspects.<br />
The exhibition is divided into two sections, by far not unrelated. The works presented in the first section are analytical, confronting the spectator, based largely on hard facts, with the limitations of seemingly omniscient artificial intelligence, with the individual and collective responsibility that falls on us as users of smart devices, and with the long-standing, virtually unlimited observability and manipulability of our online presence. The works exhibited in this section also illustrate how the production and utilisation of some of our daily used devices result in environmentally harmful processes and global-scale exploitation.<br />
The second part of the exhibition focuses more on mental processes, on how our value systems are shaped by the online space, and, in connection with these, on the relationship between technology and the human body. Our main social media platforms are moderated by major tech companies, so unethical, offensive, or even violent content largely bypasses well-intentioned users. Then again, numerous online spaces exist (not only on the so-called deep web) that lack central regulation; in these cases, the entanglements of the human body, the psyche, and technology become sources of danger precisely because they remain unchecked. Once bringing the promise of democratic, global knowledge, the internet now appears rather as a conglomeration of smaller online communities with shared interests – communities that also bear the potential for radicalisation.<br />
We tend to believe that we are in control of which tools we integrate into our lives and to what extent. Although the exhibition also raises the question of the potential agency of the individual in relation to technology, in reality, on our own we lack clear insight into the underlying systems and risks inherent in the tools we use and the content we consume. Yet in order to remain active, engaged members of (Western) society, we are forced to become users as well, so it seems that from this point forward, we are going to stay signed in for good.[/vc_column_text][vc_empty_space height=&#8221;45&#8243;][vc_separator type=&#8221;normal&#8221; color=&#8221;#c6c6c6&#8243; up=&#8221;10&#8243; down=&#8221;20&#8243;][vc_single_image image=&#8221;19993&#8243; img_size=&#8221;205&#215;100&#8243; onclick=&#8221;custom_link&#8221; img_link_target=&#8221;_blank&#8221; css=&#8221;&#8221; qode_css_animation=&#8221;&#8221; link=&#8221;http://www.nka.hu&#8221;][vc_empty_space][/vc_column][/vc_row]</p>
</div>
