{"id":10255,"date":"2015-04-05T15:20:53","date_gmt":"2015-04-05T15:20:53","guid":{"rendered":"http:\/\/budapestgaleria.hu\/_\/?page_id=10255"},"modified":"2026-02-26T16:12:10","modified_gmt":"2026-02-26T15:12:10","slug":"muvek-budapesten","status":"publish","type":"page","link":"https:\/\/budapestgaleria.hu\/_\/kozteri-muveszeti-osztaly\/muvek-budapesten\/","title":{"rendered":"F\u0151v\u00e1rosi tulajdon\u00fa k\u00f6zt\u00e9ri m\u0171vek Budapesten"},"content":{"rendered":"<div class=\"wpb-content-wrapper\"><p>[vc_row css_animation=&#8221;&#8221; seperator_indeed_locker=&#8221;&#8221; row_type=&#8221;row&#8221; use_row_as_full_screen_section=&#8221;no&#8221; type=&#8221;grid&#8221; angled_section=&#8221;no&#8221; text_align=&#8221;left&#8221; background_image_as_pattern=&#8221;without_pattern&#8221; template=&#8221;ism_template_1&#8243; ism_overlock=&#8221;default&#8221; sm_d_text=&#8221;<\/p>\n<h2>This content is locked<\/h2>\n<p>Share This Page To Unlock The Content!&#8221; bgparallax=&#8221;parallax&#8221; contentwidth=&#8221;fullwidth&#8221; toppadding=&#8221;50&#8243; bottompadding=&#8221;60&#8243; z_index=&#8221;&#8221;][vc_column el_class=&#8221;full-1024-1&#8243;][vc_single_image image=&#8221;10262&#8243; img_size=&#8221;full&#8221; qode_css_animation=&#8221;&#8221;][vc_empty_space height=&#8221;45px&#8221;][vc_column_text]<\/p>\n<h4>F\u0151v\u00e1rosi tulajdon\u00fa k\u00f6zt\u00e9ri m\u0171vek Budapesten<\/h4>\n<p>[\/vc_column_text][vc_empty_space height=&#8221;25px&#8221;][vc_column_text css=&#8221;&#8221;]<a href=\"https:\/\/budapestgaleria.hu\/_\/wp-content\/uploads\/2025\/11\/Kataszteri-2024.xlsx\">Kataszteri &#8211; 2024<\/a>[\/vc_column_text][vc_empty_space][vc_column_text css=&#8221;&#8221;]A Budapest Gal\u00e9ria K\u00f6zt\u00e9ri M\u0171v\u00e9szeti Alkot\u00e1sok Oszt\u00e1lya a F\u0151v\u00e1rosi \u00d6nkorm\u00e1nyzat tulajdon\u00e1ban l\u00e9v\u0151, kezel\u00e9s\u00e9ben \u00e1ll\u00f3 k\u00f6zt\u00e9ri m\u0171vek adatait tartja nyilv\u00e1n. A fenti t\u00e1bl\u00e1zat ezeket a Budapest k\u00f6zterein jelen l\u00e9v\u0151 eml\u00e9km\u0171veket \u00e9s szobrokat tartalmazza a ker\u00fcletek sorrendj\u00e9ben. Az egyes m\u0171veket a ker\u00fcleteken bel\u00fcl a lehet\u0151 legpontosabb c\u00edm szerint, azonos helysz\u00ednen a fel\u00e1ll\u00edt\u00e1s id\u0151rendj\u00e9ben, illetve a c\u00edmek alfabetikus rendj\u00e9ben tartalmazza a jegyz\u00e9k.<\/p>\n<p>K\u00e9rj\u00fck mindazokat, akik az oldalakon nem szerepl\u0151 m\u0171vekr\u0151l k\u00edv\u00e1nnak tudakoz\u00f3dni, vagy \u00e9szrev\u00e9telt fogalmaznak meg, forduljanak a K\u00f6zt\u00e9ri M\u0171v\u00e9szeti Alkot\u00e1sok Oszt\u00e1ly\u00e1nak munkat\u00e1rsaihoz (C\u00edm: 1036 Budapest, Lajos utca 158.; Tel.: +36\/1-487-8840[\/vc_column_text][vc_empty_space height=&#8221;60px&#8221;][\/vc_column][\/vc_row]<\/p>\n<\/div>","protected":false},"excerpt":{"rendered":"<p>[vc_row css_animation=&#8221;&#8221; seperator_indeed_locker=&#8221;&#8221; row_type=&#8221;row&#8221; use_row_as_full_screen_section=&#8221;no&#8221; type=&#8221;grid&#8221; angled_section=&#8221;no&#8221; text_align=&#8221;left&#8221; background_image_as_pattern=&#8221;without_pattern&#8221; template=&#8221;ism_template_1&#8243; ism_overlock=&#8221;default&#8221; sm_d_text=&#8221; This content is&#8230;<\/p>\n","protected":false},"author":1,"featured_media":0,"parent":20567,"menu_order":121,"comment_status":"closed","ping_status":"closed","template":"full_width.php","meta":{"inline_featured_image":false,"loftloader_pro_show_once":"","loftloader_pro_page_shortcode":"","footnotes":""},"class_list":["post-10255","page","type-page","status-publish","hentry"],"_links":{"self":[{"href":"https:\/\/budapestgaleria.hu\/_\/wp-json\/wp\/v2\/pages\/10255","targetHints":{"allow":["GET"]}}],"collection":[{"href":"https:\/\/budapestgaleria.hu\/_\/wp-json\/wp\/v2\/pages"}],"about":[{"href":"https:\/\/budapestgaleria.hu\/_\/wp-json\/wp\/v2\/types\/page"}],"author":[{"embeddable":true,"href":"https:\/\/budapestgaleria.hu\/_\/wp-json\/wp\/v2\/users\/1"}],"replies":[{"embeddable":true,"href":"https:\/\/budapestgaleria.hu\/_\/wp-json\/wp\/v2\/comments?post=10255"}],"version-history":[{"count":6,"href":"https:\/\/budapestgaleria.hu\/_\/wp-json\/wp\/v2\/pages\/10255\/revisions"}],"predecessor-version":[{"id":24694,"href":"https:\/\/budapestgaleria.hu\/_\/wp-json\/wp\/v2\/pages\/10255\/revisions\/24694"}],"up":[{"embeddable":true,"href":"https:\/\/budapestgaleria.hu\/_\/wp-json\/wp\/v2\/pages\/20567"}],"wp:attachment":[{"href":"https:\/\/budapestgaleria.hu\/_\/wp-json\/wp\/v2\/media?parent=10255"}],"curies":[{"name":"wp","href":"https:\/\/api.w.org\/{rel}","templated":true}]}}

Fővárosi tulajdonú köztéri művek Budapesten

<div class="wpb-content-wrapper"><p>[vc_row css_animation=&#8221;&#8221; seperator_indeed_locker=&#8221;&#8221; row_type=&#8221;row&#8221; use_row_as_full_screen_section=&#8221;no&#8221; type=&#8221;grid&#8221; angled_section=&#8221;no&#8221; text_align=&#8221;left&#8221; background_image_as_pattern=&#8221;without_pattern&#8221; template=&#8221;ism_template_1&#8243; ism_overlock=&#8221;default&#8221; sm_d_text=&#8221;</p>
<h2>This content is locked</h2>
<p>Share This Page To Unlock The Content!&#8221; bgparallax=&#8221;parallax&#8221; contentwidth=&#8221;fullwidth&#8221; toppadding=&#8221;50&#8243; bottompadding=&#8221;60&#8243; z_index=&#8221;&#8221;][vc_column el_class=&#8221;full-1024-1&#8243;][vc_single_image image=&#8221;10262&#8243; img_size=&#8221;full&#8221; qode_css_animation=&#8221;&#8221;][vc_empty_space height=&#8221;45px&#8221;][vc_column_text]</p>
<h4>Fővárosi tulajdonú köztéri művek Budapesten</h4>
<p>[/vc_column_text][vc_empty_space height=&#8221;25px&#8221;][vc_column_text css=&#8221;&#8221;]<a href="https://budapestgaleria.hu/_/wp-content/uploads/2025/11/Kataszteri-2024.xlsx">Kataszteri &#8211; 2024</a>[/vc_column_text][vc_empty_space][vc_column_text css=&#8221;&#8221;]A Budapest Galéria Köztéri Művészeti Alkotások Osztálya a Fővárosi Önkormányzat tulajdonában lévő, kezelésében álló köztéri művek adatait tartja nyilván. A fenti táblázat ezeket a Budapest közterein jelen lévő emlékműveket és szobrokat tartalmazza a kerületek sorrendjében. Az egyes műveket a kerületeken belül a lehető legpontosabb cím szerint, azonos helyszínen a felállítás időrendjében, illetve a címek alfabetikus rendjében tartalmazza a jegyzék.</p>
<p>Kérjük mindazokat, akik az oldalakon nem szereplő művekről kívánnak tudakozódni, vagy észrevételt fogalmaznak meg, forduljanak a Köztéri Művészeti Alkotások Osztályának munkatársaihoz (Cím: 1036 Budapest, Lajos utca 158.; Tel.: +36/1-487-8840[/vc_column_text][vc_empty_space height=&#8221;60px&#8221;][/vc_column][/vc_row]</p>
</div>
