{"id":10284,"date":"2015-04-05T19:02:23","date_gmt":"2015-04-05T19:02:23","guid":{"rendered":"http:\/\/budapestgaleria.hu\/_\/?page_id=10284"},"modified":"2024-01-22T11:55:07","modified_gmt":"2024-01-22T10:55:07","slug":"informaciok","status":"publish","type":"page","link":"https:\/\/budapestgaleria.hu\/_\/kozteri-muveszeti-osztaly\/informaciok\/","title":{"rendered":"K\u00f6zt\u00e9ri k\u00e9pz\u0151m\u0171v\u00e9szet"},"content":{"rendered":"<div class=\"wpb-content-wrapper\"><p>[vc_row css_animation=&#8221;&#8221; seperator_indeed_locker=&#8221;&#8221; template=&#8221;ism_template_1&#8243; ism_overlock=&#8221;default&#8221; sm_d_text=&#8221;<\/p>\n<h2>This content is locked<\/h2>\n<p>Share This Page To Unlock The Content!&#8221; row_type=&#8221;row&#8221; use_row_as_full_screen_section=&#8221;no&#8221; type=&#8221;grid&#8221; angled_section=&#8221;no&#8221; text_align=&#8221;left&#8221; background_image_as_pattern=&#8221;without_pattern&#8221; z_index=&#8221;&#8221;][vc_column][vc_single_image image=&#8221;10273&#8243; img_size=&#8221;full&#8221; qode_css_animation=&#8221;&#8221;][vc_empty_space height=&#8221;45px&#8221;][\/vc_column][\/vc_row][vc_row css_animation=&#8221;&#8221; seperator_indeed_locker=&#8221;&#8221; template=&#8221;ism_template_1&#8243; ism_overlock=&#8221;default&#8221; sm_d_text=&#8221;<\/p>\n<h2>This content is locked<\/h2>\n<p>Share This Page To Unlock The Content!&#8221; row_type=&#8221;row&#8221; use_row_as_full_screen_section=&#8221;no&#8221; type=&#8221;grid&#8221; angled_section=&#8221;no&#8221; text_align=&#8221;left&#8221; background_image_as_pattern=&#8221;without_pattern&#8221; bgparallax=&#8221;parallax&#8221; contentwidth=&#8221;fullwidth&#8221; toppadding=&#8221;50&#8243; bottompadding=&#8221;60&#8243; z_index=&#8221;&#8221;][vc_column el_class=&#8221;full-1024-1&#8243;][vc_column_text]<\/p>\n<h3>K\u00f6zt\u00e9ri k\u00e9pz\u0151m\u0171v\u00e9szet<\/h3>\n<p>[\/vc_column_text][vc_empty_space height=&#8221;25px&#8221;][vc_column_text]\u201eA k\u00f6zt\u00e9ri m\u0171alkot\u00e1sokra vonatkoz\u00f3an a helyi \u00f6nkorm\u00e1nyzatok \u00e9s szerveik, a k\u00f6zt\u00e1rsas\u00e1gi megb\u00edzottak, valamint egyes centr\u00e1lis al\u00e1rendelts\u00e9g\u0171 szervek feladat- \u00e9s hat\u00e1sk\u00f6reir\u0151l\u201d sz\u00f3l\u00f3 1991. \u00e9vi XX. t\u00f6rv\u00e9ny 109. \u00a7 az ir\u00e1nyad\u00f3 jogszab\u00e1ly:<\/p>\n<p>(1) M\u0171v\u00e9szeti alkot\u00e1s k\u00f6zter\u00fcleten, valamint \u00f6nkorm\u00e1nyzati tulajdon\u00fa \u00e9p\u00fcleten val\u00f3 elhelyez\u00e9s\u00e9r\u0151l, \u00e1thelyez\u00e9s\u00e9r\u0151l, lebont\u00e1s\u00e1r\u00f3l a telep\u00fcl\u00e9s \u00f6nkorm\u00e1nyzat\u00e1nak k\u00e9pvisel\u0151test\u00fclete, Budapesten <strong>f\u0151v\u00e1rosi tulajdon\u00fa k\u00f6zter\u00fclet vagy \u00e9p\u00fclet<\/strong> eset\u00e9ben a f\u0151v\u00e1rosi \u00f6nkorm\u00e1nyzat k\u00f6zgy\u0171l\u00e9se, a ker\u00fcleti \u00f6nkorm\u00e1nyzat tulajdon\u00e1ban \u00e1ll\u00f3 k\u00f6zter\u00fclet vagy \u00e9p\u00fclet eset\u00e9ben a ker\u00fcleti \u00f6nkorm\u00e1nyzat k\u00e9pvisel\u0151test\u00fclete d\u00f6nt, \u00e9s gondoskodik azok fenntart\u00e1s\u00e1r\u00f3l \u00e9s fel\u00faj\u00edt\u00e1s\u00e1r\u00f3l.<\/p>\n<p>(2) A d\u00f6nt\u00e9shez a m\u0171alkot\u00e1s m\u0171v\u00e9szi \u00e9rt\u00e9k\u00e9re vonatkoz\u00f3 szakv\u00e9lem\u00e9nyt kell beszerezni.<\/p>\n<p>(3) Nem \u00f6nkorm\u00e1nyzati tulajdon\u00fa \u00e9p\u00fcleten l\u00e9v\u0151 m\u0171v\u00e9szeti alkot\u00e1sokat az illet\u00e9kes \u00f6nkorm\u00e1nyzat k\u00e9pvisel\u0151 test\u00fclete \u2013 szakv\u00e9lem\u00e9ny kik\u00e9r\u00e9s\u00e9vel \u2013 v\u00e9deni k\u00f6teles, \u00faj elhelyez\u00e9s eset\u00e9n v\u00e9lem\u00e9nyez\u00e9si joga van.\u201d<\/p>\n<p>Mag\u00e1ntulajdon\u00fa \u00e9p\u00fclet k\u00f6zt\u00e9rre n\u00e9z\u0151 homlokzat\u00e1n eml\u00e9kt\u00e1bla a tulajdonos(ok) \u00e9s a ker\u00fcleti \u00f6nkorm\u00e1nyzat hozz\u00e1j\u00e1rul\u00e1s\u00e1val helyezhet\u0151 el, domborm\u0171ves eml\u00e9kt\u00e1bla elhelyez\u00e9s\u00e9hez m\u0171v\u00e9szeti szakv\u00e9lem\u00e9ny beszerz\u00e9se is sz\u00fcks\u00e9ges.<\/p>\n<p>A Budapest Gal\u00e9ria <strong>csak a f\u0151v\u00e1rosi tulajdon\u00fa k\u00f6zter\u00fcleten vagy \u00e9p\u00fcleten<\/strong> \u00fajonnan \u00e1ll\u00edtani k\u00edv\u00e1nt szobrok domborm\u0171ves eml\u00e9kt\u00e1bl\u00e1k eset\u00e9n ad ki szakv\u00e9lem\u00e9nyt a F\u0151v\u00e1rosi \u00d6nkorm\u00e1nyzat Tulajdonosi hozz\u00e1j\u00e1rul\u00e1s\u00e1hoz. A nyilv\u00e1nos p\u00e1ly\u00e1zati megold\u00e1st r\u00e9szes\u00edti el\u0151nyben.<\/p>\n<p>A Budapesti T\u00f6rt\u00e9neti M\u00fazeum (BTM) Budapest Gal\u00e9ria K\u00f6zt\u00e9ri M\u0171v\u00e9szeti Alkot\u00e1sok Oszt\u00e1lya gondozza a m\u00e1r k\u00f6zt\u00e9ren \u00e1ll\u00f3 f\u0151v\u00e1rosi tulajdon\u00fa szobrokat illetve domborm\u0171ves eml\u00e9kt\u00e1bl\u00e1kat. Ide tartozik a karbantart\u00e1s, fel\u00faj\u00edt\u00e1s, az eltulajdon\u00edtott szobrok p\u00f3tl\u00e1sa \u00e9s\/vagy rekonstrukci\u00f3ja (aminek \u00fcgye minden esetben egyedi elb\u00edr\u00e1l\u00e1st ig\u00e9nyel).<\/p>\n<p>Amennyiben ker\u00fcleti \u00f6nkorm\u00e1nyzat vagy b\u00e1rmely szervezet <strong>f\u0151v\u00e1rosi tulajdont k\u00e9pez\u0151 alkot\u00e1st<\/strong> k\u00edv\u00e1n saj\u00e1t k\u00f6lts\u00e9g\u00e9n \u00e1thelyezni, fel\u00faj\u00edtani, a F\u0151v\u00e1rosi \u00d6nkorm\u00e1nyzat tulajdonosi hozz\u00e1j\u00e1rul\u00e1s\u00e1t sz\u00fcks\u00e9ges beszereznie.<br \/>\nA f\u0151v\u00e1rosi tulajdonosi hozz\u00e1j\u00e1rul\u00e1si k\u00e9relemhez m\u00e1r csatolni sz\u00fcks\u00e9ges a teljes m\u0171szaki\/szakmai dokument\u00e1ci\u00f3t \u00e9s a Budapest Gal\u00e9ria szakv\u00e9lem\u00e9ny\u00e9t az adott k\u00f6zt\u00e9ri alkot\u00e1son elv\u00e9gezni k\u00edv\u00e1nt munk\u00e1kra vonatkoz\u00f3an.<br \/>\nA f\u0151v\u00e1rosi tulajdonosi hozz\u00e1j\u00e1rul\u00e1s kiad\u00e1s\u00e1t k\u00f6vet\u0151en a tervezett munk\u00e1latok a Budapest Gal\u00e9ria szakmai fel\u00fcgyelete mellett v\u00e9gezhet\u0151k el.[\/vc_column_text][vc_separator type=&#8221;normal&#8221; up=&#8221;25&#8243; down=&#8221;25&#8243;][vc_column_text]A fenti t\u00e9m\u00e1kban tov\u00e1bbi inform\u00e1ci\u00f3:<br \/>\n1036 Budapest, Lajos u.158.<br \/>\n+ 36 1 388 6784\/107<br \/>\nMatzon Gertr\u00fad[\/vc_column_text]<span data-type=\"normal\" data-hover-icon-color=\"rgba(27,196,171,0.61)\" class=\"qode_icon_shortcode  q_font_awsome_icon fa-lg  \" style=\" \"><a  itemprop=\"url\" href=\"mailto:matzon.gertrud@mail.btm.hu\" target=\"_blank\"><i class=\"qode_icon_font_awesome fa fa-envelope qode_icon_element\" style=\"color: #05c4a7;\" ><\/i><\/a><\/span>[vc_empty_space height=&#8221;5px&#8221;][vc_empty_space height=&#8221;45px&#8221;][\/vc_column][\/vc_row]<\/p>\n<\/div>","protected":false},"excerpt":{"rendered":"<p>[vc_row css_animation=&#8221;&#8221; seperator_indeed_locker=&#8221;&#8221; template=&#8221;ism_template_1&#8243; ism_overlock=&#8221;default&#8221; sm_d_text=&#8221; This content is locked Share This Page To Unlock&#8230;<\/p>\n","protected":false},"author":1,"featured_media":0,"parent":20567,"menu_order":2,"comment_status":"closed","ping_status":"closed","template":"full_width.php","meta":{"inline_featured_image":false,"loftloader_pro_show_once":"","loftloader_pro_page_shortcode":"","footnotes":""},"class_list":["post-10284","page","type-page","status-publish","hentry"],"_links":{"self":[{"href":"https:\/\/budapestgaleria.hu\/_\/wp-json\/wp\/v2\/pages\/10284","targetHints":{"allow":["GET"]}}],"collection":[{"href":"https:\/\/budapestgaleria.hu\/_\/wp-json\/wp\/v2\/pages"}],"about":[{"href":"https:\/\/budapestgaleria.hu\/_\/wp-json\/wp\/v2\/types\/page"}],"author":[{"embeddable":true,"href":"https:\/\/budapestgaleria.hu\/_\/wp-json\/wp\/v2\/users\/1"}],"replies":[{"embeddable":true,"href":"https:\/\/budapestgaleria.hu\/_\/wp-json\/wp\/v2\/comments?post=10284"}],"version-history":[{"count":0,"href":"https:\/\/budapestgaleria.hu\/_\/wp-json\/wp\/v2\/pages\/10284\/revisions"}],"up":[{"embeddable":true,"href":"https:\/\/budapestgaleria.hu\/_\/wp-json\/wp\/v2\/pages\/20567"}],"wp:attachment":[{"href":"https:\/\/budapestgaleria.hu\/_\/wp-json\/wp\/v2\/media?parent=10284"}],"curies":[{"name":"wp","href":"https:\/\/api.w.org\/{rel}","templated":true}]}}

Köztéri képzőművészet

<div class="wpb-content-wrapper"><p>[vc_row css_animation=&#8221;&#8221; seperator_indeed_locker=&#8221;&#8221; template=&#8221;ism_template_1&#8243; ism_overlock=&#8221;default&#8221; sm_d_text=&#8221;</p>
<h2>This content is locked</h2>
<p>Share This Page To Unlock The Content!&#8221; row_type=&#8221;row&#8221; use_row_as_full_screen_section=&#8221;no&#8221; type=&#8221;grid&#8221; angled_section=&#8221;no&#8221; text_align=&#8221;left&#8221; background_image_as_pattern=&#8221;without_pattern&#8221; z_index=&#8221;&#8221;][vc_column][vc_single_image image=&#8221;10273&#8243; img_size=&#8221;full&#8221; qode_css_animation=&#8221;&#8221;][vc_empty_space height=&#8221;45px&#8221;][/vc_column][/vc_row][vc_row css_animation=&#8221;&#8221; seperator_indeed_locker=&#8221;&#8221; template=&#8221;ism_template_1&#8243; ism_overlock=&#8221;default&#8221; sm_d_text=&#8221;</p>
<h2>This content is locked</h2>
<p>Share This Page To Unlock The Content!&#8221; row_type=&#8221;row&#8221; use_row_as_full_screen_section=&#8221;no&#8221; type=&#8221;grid&#8221; angled_section=&#8221;no&#8221; text_align=&#8221;left&#8221; background_image_as_pattern=&#8221;without_pattern&#8221; bgparallax=&#8221;parallax&#8221; contentwidth=&#8221;fullwidth&#8221; toppadding=&#8221;50&#8243; bottompadding=&#8221;60&#8243; z_index=&#8221;&#8221;][vc_column el_class=&#8221;full-1024-1&#8243;][vc_column_text]</p>
<h3>Köztéri képzőművészet</h3>
<p>[/vc_column_text][vc_empty_space height=&#8221;25px&#8221;][vc_column_text]„A köztéri műalkotásokra vonatkozóan a helyi önkormányzatok és szerveik, a köztársasági megbízottak, valamint egyes centrális alárendeltségű szervek feladat- és hatásköreiről” szóló 1991. évi XX. törvény 109. § az irányadó jogszabály:</p>
<p>(1) Művészeti alkotás közterületen, valamint önkormányzati tulajdonú épületen való elhelyezéséről, áthelyezéséről, lebontásáról a település önkormányzatának képviselőtestülete, Budapesten <strong>fővárosi tulajdonú közterület vagy épület</strong> esetében a fővárosi önkormányzat közgyűlése, a kerületi önkormányzat tulajdonában álló közterület vagy épület esetében a kerületi önkormányzat képviselőtestülete dönt, és gondoskodik azok fenntartásáról és felújításáról.</p>
<p>(2) A döntéshez a műalkotás művészi értékére vonatkozó szakvéleményt kell beszerezni.</p>
<p>(3) Nem önkormányzati tulajdonú épületen lévő művészeti alkotásokat az illetékes önkormányzat képviselő testülete – szakvélemény kikérésével – védeni köteles, új elhelyezés esetén véleményezési joga van.”</p>
<p>Magántulajdonú épület köztérre néző homlokzatán emléktábla a tulajdonos(ok) és a kerületi önkormányzat hozzájárulásával helyezhető el, domborműves emléktábla elhelyezéséhez művészeti szakvélemény beszerzése is szükséges.</p>
<p>A Budapest Galéria <strong>csak a fővárosi tulajdonú közterületen vagy épületen</strong> újonnan állítani kívánt szobrok domborműves emléktáblák esetén ad ki szakvéleményt a Fővárosi Önkormányzat Tulajdonosi hozzájárulásához. A nyilvános pályázati megoldást részesíti előnyben.</p>
<p>A Budapesti Történeti Múzeum (BTM) Budapest Galéria Köztéri Művészeti Alkotások Osztálya gondozza a már köztéren álló fővárosi tulajdonú szobrokat illetve domborműves emléktáblákat. Ide tartozik a karbantartás, felújítás, az eltulajdonított szobrok pótlása és/vagy rekonstrukciója (aminek ügye minden esetben egyedi elbírálást igényel).</p>
<p>Amennyiben kerületi önkormányzat vagy bármely szervezet <strong>fővárosi tulajdont képező alkotást</strong> kíván saját költségén áthelyezni, felújítani, a Fővárosi Önkormányzat tulajdonosi hozzájárulását szükséges beszereznie.<br />
A fővárosi tulajdonosi hozzájárulási kérelemhez már csatolni szükséges a teljes műszaki/szakmai dokumentációt és a Budapest Galéria szakvéleményét az adott köztéri alkotáson elvégezni kívánt munkákra vonatkozóan.<br />
A fővárosi tulajdonosi hozzájárulás kiadását követően a tervezett munkálatok a Budapest Galéria szakmai felügyelete mellett végezhetők el.[/vc_column_text][vc_separator type=&#8221;normal&#8221; up=&#8221;25&#8243; down=&#8221;25&#8243;][vc_column_text]A fenti témákban további információ:<br />
1036 Budapest, Lajos u.158.<br />
+ 36 1 388 6784/107<br />
Matzon Gertrúd[/vc_column_text]<span data-type="normal" data-hover-icon-color="rgba(27,196,171,0.61)" class="qode_icon_shortcode  q_font_awsome_icon fa-lg  " style=" "><a  itemprop="url" href="mailto:matzon.gertrud@mail.btm.hu" target="_blank"><i class="qode_icon_font_awesome fa fa-envelope qode_icon_element" style="color: #05c4a7;" ></i></a></span>[vc_empty_space height=&#8221;5px&#8221;][vc_empty_space height=&#8221;45px&#8221;][/vc_column][/vc_row]</p>
</div>
