{"id":10424,"date":"2015-04-07T17:27:30","date_gmt":"2015-04-07T17:27:30","guid":{"rendered":"http:\/\/budapestgaleria.hu\/_\/?page_id=10424"},"modified":"2017-02-23T06:57:19","modified_gmt":"2017-02-23T06:57:19","slug":"20-kerulet","status":"publish","type":"page","link":"https:\/\/budapestgaleria.hu\/_\/kozteri-muveszeti-osztaly\/muvek-budapesten\/20-kerulet\/","title":{"rendered":"XX. ker\u00fclet"},"content":{"rendered":"<div class=\"wpb-content-wrapper\"><p>[vc_row row_type=&#8221;row&#8221; use_row_as_full_screen_section=&#8221;no&#8221; type=&#8221;full_width&#8221; text_align=&#8221;left&#8221; background_image_as_pattern=&#8221;without_pattern&#8221; template=&#8221;ism_template_1&#8243; list_align=&#8221;horizontal&#8221; display_counts=&#8221;true&#8221; display_full_name=&#8221;true&#8221; locker_template=&#8221;2&#8243; enable_timeout_lk=&#8221;0&#8243; sm_timeout_locker=&#8221;30&#8243; not_registered_u=&#8221;0&#8243; reset_locker=&#8221;0&#8243; locker_reset_after=&#8221;30&#8243; locker_reset_type=&#8221;days&#8221; ism_overlock=&#8221;default&#8221; sm_lock_padding=&#8221;50&#8243; sm_d_text=&#8221;<\/p>\n<h2>This content is locked<\/h2>\n<p>Share This Page To Unlock The Content!&#8221;][vc_column width=&#8221;1\/1&#8243;][vc_empty_space height=&#8221;15px&#8221;][vc_column_text][shortmenu menu=&#8221;Ker\u00fcletek&#8221; display=&#8221;inline&#8221; enhance=&#8221;true&#8221; menu_color=&#8221;#efefef&#8221; menu_anchor_color=&#8221;#4e4e4e&#8221; menu_anchor_hover_color=&#8221;#dd5656&#8243; submenu_transparency=&#8221;0.8&#8243; arrow=&#8221;true&#8221; is_responsive=&#8221;false&#8221; ][\/vc_column_text][vc_empty_space height=&#8221;32px&#8221;][vc_column_text]<strong>XX. ker\u00fclet<\/strong>[\/vc_column_text][vc_empty_space height=&#8221;32px&#8221;][vc_column_text][put_wpgm id=30][\/vc_column_text][vc_empty_space height=&#8221;32px&#8221;][\/vc_column][\/vc_row][vc_row bgparallax=&#8221;parallax&#8221; contentwidth=&#8221;fullwidth&#8221; toppadding=&#8221;50&#8243; bottompadding=&#8221;60&#8243; row_type=&#8221;row&#8221; use_row_as_full_screen_section=&#8221;no&#8221; type=&#8221;full_width&#8221; text_align=&#8221;left&#8221; background_image_as_pattern=&#8221;without_pattern&#8221; template=&#8221;ism_template_1&#8243; list_align=&#8221;horizontal&#8221; display_counts=&#8221;true&#8221; display_full_name=&#8221;true&#8221; locker_template=&#8221;2&#8243; enable_timeout_lk=&#8221;0&#8243; sm_timeout_locker=&#8221;30&#8243; not_registered_u=&#8221;0&#8243; reset_locker=&#8221;0&#8243; locker_reset_after=&#8221;30&#8243; locker_reset_type=&#8221;days&#8221; ism_overlock=&#8221;default&#8221; sm_lock_padding=&#8221;50&#8243; sm_d_text=&#8221;<\/p>\n<h2>This content is locked<\/h2>\n<p>Share This Page To Unlock The Content!&#8221;][vc_column width=&#8221;1\/1&#8243; el_class=&#8221;full-1024-1&#8243;][vc_empty_space height=&#8221;32px&#8221;][vc_column_text]<\/p>\n<p class=\"szoborleiras\">Fel\u00e1ll\u00edt\u00e1s helye: XX., Baross G\u00e1bor u. 22-24.<br \/>\nAlkot\u00f3: Kampfl J\u00f3zsef<br \/>\nC\u00edm: EMBERP\u00c1R<br \/>\nJelleg: d\u00edsz\u00edt\u0151szobor<br \/>\nAnyag: m\u00e9szk\u0151<br \/>\nFel\u00e1ll\u00edt\u00e1s ideje: 1978<br \/>\n\u00c1ll\u00edttat\u00f3k: F\u0151v\u00e1rosi Tan\u00e1cs<br \/>\nMegjegyz\u00e9sek:<\/p>\n<p class=\"szoborleiras\">Fel\u00e1ll\u00edt\u00e1s helye: XX., Eml\u00e9kez\u00e9s tere<br \/>\nAlkot\u00f3: G\u00e1ti G\u00e1bor<br \/>\nC\u00edm: H\u0150SI EML\u00c9KM\u0170<br \/>\nJelleg: eml\u00e9km\u0171<br \/>\nAnyag: m\u00e9szk\u0151, bronz, fa<br \/>\nFel\u00e1ll\u00edt\u00e1s ideje: 2004<br \/>\n\u00c1ll\u00edttat\u00f3k: XX. ker\u00fcleti \u00d6nkorm\u00e1nyzat<br \/>\nMegjegyz\u00e9sek:<\/p>\n<p class=\"szoborleiras\">Fel\u00e1ll\u00edt\u00e1s helye: XX., Erzs\u00e9bet t\u00e9r<br \/>\nAlkot\u00f3: Kaszab K\u00e1roly<br \/>\nC\u00edm: ANY\u00c1K SZOBRA<br \/>\nJelleg: d\u00edsz\u00edt\u0151szobor<br \/>\nAnyag: bronz<br \/>\nFel\u00e1ll\u00edt\u00e1s ideje: 1933<br \/>\n\u00c1ll\u00edttat\u00f3k: A pesterzs\u00e9beti iskol\u00e1k ifj\u00fas\u00e1gi v\u00f6r\u00f6skereszt csoportjai \u00e9s tanul\u00f3i<br \/>\nMegjegyz\u00e9sek:<\/p>\n<p class=\"szoborleiras\">Fel\u00e1ll\u00edt\u00e1s helye: XX., Hat\u00e1r \u00fat &#8211; Baross u. 2.<br \/>\nAlkot\u00f3: Seregi J\u00f3zsef<br \/>\nC\u00edm: ANYA GYERMEK\u00c9VEL<br \/>\nJelleg: d\u00edsz\u00edt\u0151szobor<br \/>\nAnyag: m\u00e9szk\u0151<br \/>\nFel\u00e1ll\u00edt\u00e1s ideje: 1981<br \/>\n\u00c1ll\u00edttat\u00f3k: F\u0151v\u00e1rosi Tan\u00e1cs<br \/>\nMegjegyz\u00e9sek:<\/p>\n<p class=\"szoborleiras\">Fel\u00e1ll\u00edt\u00e1s helye: XX., Hat\u00e1r \u00fat-K\u00f6les u.<br \/>\nAlkot\u00f3: Ismeretlen<br \/>\nC\u00edm: FESZ\u00dcLET<br \/>\nJelleg: fesz\u00fclet<br \/>\nAnyag: m\u0171k\u0151, alum\u00ednium<br \/>\nFel\u00e1ll\u00edt\u00e1s ideje: 1936<br \/>\n\u00c1ll\u00edttat\u00f3k:<br \/>\nMegjegyz\u00e9sek:<\/p>\n<p class=\"szoborleiras\">Fel\u00e1ll\u00edt\u00e1s helye: XX., H\u0151s\u00f6k tere<br \/>\nAlkot\u00f3: Lux Elek<br \/>\nC\u00edm: H\u0150SI EML\u00c9K<br \/>\nJelleg: eml\u00e9km\u0171<br \/>\nAnyag: bronz, m\u00e9szk\u0151<br \/>\nFel\u00e1ll\u00edt\u00e1s ideje: 1940<br \/>\n\u00c1ll\u00edttat\u00f3k:<br \/>\nMegjegyz\u00e9sek: 1940 elhelyez\u00e9s; 1966-ban az eredeti, domborm\u0171ves architekt\u00far\u00e1t lebontott\u00e1k, a f\u0151alakot egyszer\u0171 posztamensre helyezt\u00e9k<\/p>\n<p class=\"szoborleiras\">Fel\u00e1ll\u00edt\u00e1s helye: XX., Kossuth Lajos t\u00e9r<br \/>\nAlkot\u00f3: F\u00fcredi Rich\u00e1rd<br \/>\nC\u00edm: KOSSUTH LAJOS<br \/>\nJelleg: portr\u00e9szobor<br \/>\nAnyag: bronz<br \/>\nFel\u00e1ll\u00edt\u00e1s ideje: 1909<br \/>\n\u00c1ll\u00edttat\u00f3k: Erzs\u00e9betfalva k\u00f6z\u00f6ns\u00e9ge k\u00f6zadakoz\u00e1sb\u00f3l<br \/>\nMegjegyz\u00e9sek:<\/p>\n<p class=\"szoborleiras\">Fel\u00e1ll\u00edt\u00e1s helye: XX., Kossuth Lajos t\u00e9r<br \/>\nAlkot\u00f3: Lelkes M\u00e1rk<br \/>\nC\u00edm: PET\u0150FI S\u00c1NDOR<br \/>\nJelleg: portr\u00e9szobor<br \/>\nAnyag: bronz<br \/>\nFel\u00e1ll\u00edt\u00e1s ideje: 2002<br \/>\n\u00c1ll\u00edttat\u00f3k: Ivancsikn\u00e9 Kom\u00e1r Ibolya<br \/>\nMegjegyz\u00e9sek:<\/p>\n<p class=\"szoborleiras\">Fel\u00e1ll\u00edt\u00e1s helye: XX., Kossuth Lajos t\u00e9r<br \/>\nAlkot\u00f3: Meszlenyi Moln\u00e1r J\u00e1nos<br \/>\nC\u00edm: ERZS\u00c9BET KIR\u00c1LYN\u00c9<br \/>\nJelleg: portr\u00e9szobor<br \/>\nAnyag: bronz<br \/>\nFel\u00e1ll\u00edt\u00e1s ideje: 2004<br \/>\n\u00c1ll\u00edttat\u00f3k: XX. ker\u00fcleti \u00d6nkorm\u00e1nyzat<br \/>\nMegjegyz\u00e9sek:<\/p>\n<p class=\"szoborleiras\">Fel\u00e1ll\u00edt\u00e1s helye: XX. Kossuth Lajos utca<br \/>\nAlkot\u00f3: Vizsolyi J\u00e1nos<br \/>\nC\u00edm: D\u00cdSZ- \u00c9S IV\u00d3K\u00daT<br \/>\nJelleg: d\u00edszk\u00fat<br \/>\nAnyag: m\u00e9szk\u0151<br \/>\nFel\u00e1ll\u00edt\u00e1s ideje: 2002<br \/>\n\u00c1ll\u00edttat\u00f3k: XX. ker\u00fcleti \u00d6nkorm\u00e1nyzat<br \/>\nMegjegyz\u00e9sek:<\/p>\n<p class=\"szoborleiras\">Fel\u00e1ll\u00edt\u00e1s helye: XX., Kossuth Lajos u.<br \/>\nAlkot\u00f3: Lelkes M\u00e1rk<br \/>\nC\u00edm: SZ\u00c9CHENYI ISTV\u00c1N<br \/>\nJelleg: mellszobor<br \/>\nAnyag: bronz<br \/>\nFel\u00e1ll\u00edt\u00e1s ideje: 2003<br \/>\n\u00c1ll\u00edttat\u00f3k: Ivancsikn\u00e9 Kom\u00e1r Ibolya<br \/>\nMegjegyz\u00e9sek:<\/p>\n<p class=\"szoborleiras\">Fel\u00e1ll\u00edt\u00e1s helye: XX., Orsolya u. &#8211; Eperjes u. Eml\u00e9kpark<br \/>\nAlkot\u00f3: Csurgai M\u00e1t\u00e9<br \/>\nC\u00edm: ARADI V\u00c9RTAN\u00daK<br \/>\nJelleg: eml\u00e9km\u0171<br \/>\nAnyag: m\u00e1rv\u00e1ny, bronz<br \/>\nFel\u00e1ll\u00edt\u00e1s ideje: 2001<br \/>\n\u00c1ll\u00edttat\u00f3k: XX. ker\u00fcleti \u00d6nkorm\u00e1nyzat; Pesterzs\u00e9beti Kossuth T\u00e1rsas\u00e1g<br \/>\nMegjegyz\u00e9sek:<\/p>\n<p class=\"szoborleiras\">Fel\u00e1ll\u00edt\u00e1s helye: XX., Ser\u00e9ny u. 1.<br \/>\nAlkot\u00f3: Sz\u0151ll\u0151si Endre<br \/>\nC\u00edm: KUTYA<br \/>\nJelleg: d\u00edsz\u00edt\u0151szobor<br \/>\nAnyag: m\u00e9szk\u0151<br \/>\nFel\u00e1ll\u00edt\u00e1s ideje: 1955<br \/>\n\u00c1ll\u00edttat\u00f3k: F\u0151v\u00e1rosi Tan\u00e1cs<br \/>\nMegjegyz\u00e9sek:<\/p>\n<p class=\"szoborleiras\">Fel\u00e1ll\u00edt\u00e1s helye: XX., Szent Erzs\u00e9bet t\u00e9r<br \/>\nAlkot\u00f3: Pannonhalmi Zsuzsanna<br \/>\nC\u00edm: SZENT ERZS\u00c9BET-EML\u00c9K<br \/>\nJelleg: eml\u00e9km\u0171<br \/>\nAnyag: m\u00e1zas ker\u00e1mia<br \/>\nFel\u00e1ll\u00edt\u00e1s ideje: 1997<br \/>\n\u00c1ll\u00edttat\u00f3k: XX. ker\u00fcleti \u00d6nkorm\u00e1nyzat;K\u00e9pz\u0151- \u00e9s Iparm\u0171v\u00e9szeti Lektor\u00e1tus<br \/>\nMegjegyz\u00e9sek:<\/p>\n<p class=\"szoborleiras\">Fel\u00e1ll\u00edt\u00e1s helye: XX., Szent Lajos t\u00e9r &#8211; Damjanich u.<br \/>\nAlkot\u00f3: Ismeretlen<br \/>\nC\u00edm: KOSSUTH LAJOS<br \/>\nJelleg: domborm\u0171ves eml\u00e9kt\u00e1bla<br \/>\nAnyag: \u00f6nt\u00f6ttvas<br \/>\nFel\u00e1ll\u00edt\u00e1s ideje: 2001<br \/>\n\u00c1ll\u00edttat\u00f3k: XX. ker\u00fcleti \u00d6nkorm\u00e1nyzat;Pesterzs\u00e9beti Kossuth T\u00e1rsas\u00e1g<br \/>\nMegjegyz\u00e9sek:<\/p>\n<p class=\"szoborleiras\">Fel\u00e1ll\u00edt\u00e1s helye: XX., T\u00e1tra t\u00e9r<br \/>\nAlkot\u00f3: Szomor L\u00e1szl\u00f3<br \/>\nC\u00edm: SZENDERG\u0150<br \/>\nJelleg: d\u00edsz\u00edt\u0151szobor<br \/>\nAnyag: m\u00e9szk\u0151<br \/>\nFel\u00e1ll\u00edt\u00e1s ideje: 1970<br \/>\n\u00c1ll\u00edttat\u00f3k: F\u0151v\u00e1rosi Tan\u00e1cs<br \/>\nMegjegyz\u00e9sek:<\/p>\n<p class=\"szoborleiras\">Fel\u00e1ll\u00edt\u00e1s helye: XX., T\u00e9glagy\u00e1r t\u00e9r<br \/>\nAlkot\u00f3: Tar Istv\u00e1n<br \/>\nC\u00edm: T\u00c1NCOL\u00d3K<br \/>\nJelleg: d\u00edsz\u00edt\u0151szobor<br \/>\nAnyag: bronz<br \/>\nFel\u00e1ll\u00edt\u00e1s ideje: 1968<br \/>\n\u00c1ll\u00edttat\u00f3k: F\u0151v\u00e1rosi Tan\u00e1cs<br \/>\nMegjegyz\u00e9sek:<\/p>\n<p class=\"szoborleiras\">Fel\u00e1ll\u00edt\u00e1s helye: XX., Teremszeg utcai park<br \/>\nAlkot\u00f3: Ungv\u00e1ri Lajos<br \/>\nC\u00edm: ANYA GYERMEKKEL<br \/>\nJelleg: d\u00edsz\u00edt\u0151szobor<br \/>\nAnyag: m\u00e9szk\u0151<br \/>\nFel\u00e1ll\u00edt\u00e1s ideje: 1958<br \/>\n\u00c1ll\u00edttat\u00f3k: F\u0151v\u00e1rosi Tan\u00e1cs<br \/>\nMegjegyz\u00e9sek:<\/p>\n<p class=\"szoborleiras\">Fel\u00e1ll\u00edt\u00e1s helye: XX., Top\u00e1nka u. \u2013 park<br \/>\nAlkot\u00f3: Lelkes M\u00e1rk<br \/>\nC\u00edm: K\u00d6LCSEY FERENC<br \/>\nJelleg: mellszobor<br \/>\nAnyag: bronz<br \/>\nFel\u00e1ll\u00edt\u00e1s ideje: 2006<br \/>\n\u00c1ll\u00edttat\u00f3k: Ivancsikn\u00e9 Kom\u00e1r Ibolya<br \/>\nMegjegyz\u00e9sek: [\/vc_column_text][vc_empty_space height=&#8221;45px&#8221;][\/vc_column][\/vc_row]<\/p>\n<\/div>","protected":false},"excerpt":{"rendered":"<p>[vc_row row_type=&#8221;row&#8221; use_row_as_full_screen_section=&#8221;no&#8221; type=&#8221;full_width&#8221; text_align=&#8221;left&#8221; background_image_as_pattern=&#8221;without_pattern&#8221; template=&#8221;ism_template_1&#8243; list_align=&#8221;horizontal&#8221; display_counts=&#8221;true&#8221; display_full_name=&#8221;true&#8221; locker_template=&#8221;2&#8243; enable_timeout_lk=&#8221;0&#8243; sm_timeout_locker=&#8221;30&#8243; not_registered_u=&#8221;0&#8243; reset_locker=&#8221;0&#8243;&#8230;<\/p>\n","protected":false},"author":1,"featured_media":0,"parent":10255,"menu_order":22,"comment_status":"closed","ping_status":"closed","template":"","meta":{"inline_featured_image":false,"loftloader_pro_show_once":"","loftloader_pro_page_shortcode":"","footnotes":""},"class_list":["post-10424","page","type-page","status-publish","hentry"],"_links":{"self":[{"href":"https:\/\/budapestgaleria.hu\/_\/wp-json\/wp\/v2\/pages\/10424","targetHints":{"allow":["GET"]}}],"collection":[{"href":"https:\/\/budapestgaleria.hu\/_\/wp-json\/wp\/v2\/pages"}],"about":[{"href":"https:\/\/budapestgaleria.hu\/_\/wp-json\/wp\/v2\/types\/page"}],"author":[{"embeddable":true,"href":"https:\/\/budapestgaleria.hu\/_\/wp-json\/wp\/v2\/users\/1"}],"replies":[{"embeddable":true,"href":"https:\/\/budapestgaleria.hu\/_\/wp-json\/wp\/v2\/comments?post=10424"}],"version-history":[{"count":0,"href":"https:\/\/budapestgaleria.hu\/_\/wp-json\/wp\/v2\/pages\/10424\/revisions"}],"up":[{"embeddable":true,"href":"https:\/\/budapestgaleria.hu\/_\/wp-json\/wp\/v2\/pages\/10255"}],"wp:attachment":[{"href":"https:\/\/budapestgaleria.hu\/_\/wp-json\/wp\/v2\/media?parent=10424"}],"curies":[{"name":"wp","href":"https:\/\/api.w.org\/{rel}","templated":true}]}}