{"id":13989,"date":"2017-04-28T11:56:17","date_gmt":"2017-04-28T11:56:17","guid":{"rendered":"http:\/\/budapestgaleria.hu\/_\/?page_id=13989\/"},"modified":"2025-10-13T20:13:12","modified_gmt":"2025-10-13T18:13:12","slug":"palyazati-eredmenyek","status":"publish","type":"page","link":"https:\/\/budapestgaleria.hu\/_\/kozteri-muveszeti-osztaly\/palyazati-eredmenyek\/","title":{"rendered":"P\u00e1ly\u00e1zati eredm\u00e9nyek"},"content":{"rendered":"<div class=\"wpb-content-wrapper\"><p>[vc_row css_animation=&#8221;&#8221; seperator_indeed_locker=&#8221;&#8221; lk_t=&#8221;ism_template_1&#8243; lk_io=&#8221;default&#8221; lk_dm=&#8221;0&#8243; lk_thm=&#8221;0&#8243; lk_tuo=&#8221;0&#8243; ru_on=&#8221;0&#8243; uhc_on=&#8221;0&#8243; ur_on=&#8221;0&#8243; ref_on=&#8221;0&#8243; row_type=&#8221;row&#8221; use_row_as_full_screen_section=&#8221;no&#8221; type=&#8221;grid&#8221; angled_section=&#8221;no&#8221; text_align=&#8221;left&#8221; background_image_as_pattern=&#8221;without_pattern&#8221;][vc_column][vc_single_image image=&#8221;20640&#8243; img_size=&#8221;full&#8221; qode_css_animation=&#8221;&#8221;][vc_empty_space height=&#8221;45px&#8221;][vc_column_text]<\/p>\n<h2 class=\"cim_1\">P\u00e1ly\u00e1zati eredm\u00e9nyek<\/h2>\n<p>[\/vc_column_text][vc_empty_space height=&#8221;45px&#8221;][\/vc_column][\/vc_row][vc_row css_animation=&#8221;&#8221; seperator_indeed_locker=&#8221;&#8221; lk_t=&#8221;ism_template_1&#8243; lk_io=&#8221;default&#8221; lk_dm=&#8221;0&#8243; lk_thm=&#8221;0&#8243; lk_tuo=&#8221;0&#8243; ru_on=&#8221;0&#8243; uhc_on=&#8221;0&#8243; ur_on=&#8221;0&#8243; ref_on=&#8221;0&#8243; row_type=&#8221;row&#8221; use_row_as_full_screen_section=&#8221;no&#8221; type=&#8221;grid&#8221; angled_section=&#8221;no&#8221; text_align=&#8221;left&#8221; background_image_as_pattern=&#8221;without_pattern&#8221;][vc_column][vc_column_text]<\/p>\n<h4>I. Budapesti K\u00f6zt\u00e9ri Kort\u00e1rs M\u0171v\u00e9szeti Bienn\u00e1l\u00e9<\/h4>\n<p>[\/vc_column_text][vc_empty_space height=&#8221;10px&#8221;][vc_column_text]<\/p>\n<h6>D\u00f6nt\u00e9s: 2022. november 17.<\/h6>\n<p>[\/vc_column_text][vc_empty_space][vc_column_text]Budapest 149. sz\u00fclet\u00e9snapja alkalm\u00e1b\u00f3l \u00f6r\u00f6mmel jelentj\u00fck be, hogy a szakmai zs\u0171ri kiv\u00e1lasztotta azt a t\u00edz projektet, amelyek 2023 szeptember\u00e9ben az I. Budapesti K\u00f6zt\u00e9ri Kort\u00e1rs M\u0171v\u00e9szeti Bienn\u00e1l\u00e9 keret\u00e9ben fognak megval\u00f3sulni.<\/p>\n<p>K\u00f6sz\u00f6nj\u00fck a be\u00e9rkezett p\u00e1ly\u00e1zatokat \u00e9s gratul\u00e1lunk a nyerteseknek:<\/p>\n<p>Antal Bal\u00e1zs: F\u00fclke<\/p>\n<p>B\u00edr\u00f3 Anna, Fajgern\u00e9 Dud\u00e1s Andrea \u00e9s Szab\u00f3 Eszter \u00c1gnes: COMMON JAM MAP_Budapesti gy\u00fcm\u00f6lcsf\u00e1k felt\u00e9rk\u00e9pez\u00e9se<\/p>\n<p>Bogy\u00f3 Vir\u00e1g \u00e9s Mad\u00e1csi Fl\u00f3ra: Playstreet \/ J\u00e1tsz\u00f3utca<\/p>\n<p>Borsos Luca \u00e9s Bartha M\u00e1rk: Dance the District \u2013 K\u00f6zt\u00e1nc<\/p>\n<p>DePART T\u00e1rsulat: Ha mindenki meghallan\u00e1<\/p>\n<p>Horv\u00e1th Gideon: Eml\u00e9k, ami lehetett volna<\/p>\n<p>Kelemen Krist\u00f3f \u2013 T\u00f6r\u00f6k T\u00edmea: Performat\u00edv eml\u00e9km\u0171 a Blaha Lujza t\u00e9ri alulj\u00e1r\u00f3ban<\/p>\n<p>Petr\u00e1nyi Luca: Fut\u00e1s \u00c1rp\u00e1d-h\u00e1zi Szent Margittal<\/p>\n<p>Sug\u00e1r J\u00e1nos: eln\u00e9z\u00e9st \/ \u0432\u0438\u0431\u0430\u0447\u0442\u0435<\/p>\n<p>Valyo &#8211; V\u00e1ros \u00e9s Foly\u00f3 Egyes\u00fclet: Fauszod\u00e1k Budapesten egykor \u00e9s a j\u00f6v\u0151ben<br \/>\n[\/vc_column_text][vc_empty_space][vc_separator type=&#8221;normal&#8221; color=&#8221;#848484&#8243; up=&#8221;80&#8243; down=&#8221;20&#8243;][vc_column_text]<\/p>\n<h4>H\u00e1bor\u00fakban meger\u0151szakolt n\u0151k eml\u00e9kezete k\u00f6zt\u00e9ri k\u00e9pz\u0151m\u0171v\u00e9szeti alkot\u00e1s<\/h4>\n<p>[\/vc_column_text][vc_empty_space height=&#8221;10px&#8221;][vc_column_text]<\/p>\n<h6>D\u00f6nt\u00e9s: 2022. janu\u00e1r 12.<\/h6>\n<p>[\/vc_column_text][vc_empty_space][vc_column_text css=&#8221;&#8221;]<strong>M\u00e1sodik fordul\u00f3ba bejutottak:<\/strong><br \/>\n<a href=\"https:\/\/budapestgaleria.hu\/_\/haborukban-megeroszakolt-nok-emlekezete\/\" rel=\"noopener\">H\u00e1bor\u00fakban meger\u0151szakolt n\u0151k eml\u00e9kezete<\/a> \/ Alkot\u00f3k: N\u00e9meth Ilona, k\u00e9pz\u0151m\u0171v\u00e9sz; M\u00e9sz\u00e1ros Gabi, \u00e9p\u00edt\u00e9sz; N. T\u00f3th Anik\u00f3, \u00edr\u00f3, k\u00f6lt\u0151<br \/>\n<a href=\"https:\/\/budapestgaleria.hu\/_\/szonyeg-ala-seperve\/\" rel=\"noopener\">Sz\u0151nyeg al\u00e1 seperve<\/a> \/ Alkot\u00f3: Szil\u00e1gyi Erzs\u00e9bet<br \/>\n<a href=\"https:\/\/budapestgaleria.hu\/_\/palackposta\/\" rel=\"noopener\">Palackposta<\/a> \/ Alkot\u00f3k: Monory Rebeka, Kund Iv\u00e1n Patrik<br \/>\n<a href=\"https:\/\/budapestgaleria.hu\/_\/kariatidak\/\" target=\"_blank\" rel=\"noopener\">Kariatid\u00e1k<\/a> \/ Alkot\u00f3k: Vad\u00e1sz Bence, Vad\u00e1sz Bal\u00e1zs, Kaszap \u00c1kos<br \/>\n<a href=\"https:\/\/budapestgaleria.hu\/_\/elhallgattatva\/\" rel=\"noopener\">Elhallgattatva<\/a> \/ Alkot\u00f3: Bir\u00f3 Eszter<br \/>\n<a href=\"https:\/\/budapestgaleria.hu\/_\/megtort-csend\/\" rel=\"noopener\">Megt\u00f6rt csend<\/a> \/ Koncepci\u00f3: Kardos Vera, Kiss Attila; k\u00f6zrem\u00fck\u00f6dik a Sohar\u00f3za k\u00f3rus<\/p>\n<p><strong>D\u00edjazott p\u00e1lyam\u0171vek:<\/strong><br \/>\nSz\u0151nyeg al\u00e1 seperve \/ Alkot\u00f3: Szil\u00e1gyi Erzs\u00e9bet<br \/>\nPalackposta \/ Alkot\u00f3k: Monory Rebeka, Kund Iv\u00e1n Patrik<\/p>\n<p><strong>Nyertes p\u00e1lyam\u0171:<\/strong><br \/>\nH\u00e1bor\u00fakban meger\u0151szakolt n\u0151k eml\u00e9kezete \/ Alkot\u00f3k: N\u00e9meth Ilona, k\u00e9pz\u0151m\u0171v\u00e9sz; M\u00e9sz\u00e1ros Gabi, \u00e9p\u00edt\u00e9sz; N. T\u00f3th Anik\u00f3, \u00edr\u00f3, k\u00f6lt\u0151<\/p>\n<p>tov\u00e1bbi inform\u00e1ci\u00f3k: <a href=\"https:\/\/www.elhallgatva.hu\/\" target=\"_blank\" rel=\"noopener\">www.elhallgatva.hu<\/a>[\/vc_column_text][\/vc_column][vc_column][vc_separator type=&#8221;normal&#8221; color=&#8221;#848484&#8243; up=&#8221;80&#8243; down=&#8221;20&#8243;][vc_column_text]<\/p>\n<h4>A XIII. ker\u00fcleti Szent Istv\u00e1n parkban fel\u00e1ll\u00edtand\u00f3 Szent Istv\u00e1n kir\u00e1lyt \u00e1br\u00e1zol\u00f3 k\u00f6zt\u00e9ri k\u00e9pz\u0151m\u0171v\u00e9szeti alkot\u00e1s<\/h4>\n<p>[\/vc_column_text][vc_empty_space height=&#8221;10px&#8221;][vc_column_text]<\/p>\n<h6>D\u00f6nt\u00e9s: Budapest, 2019. m\u00e1jus<\/h6>\n<p>[\/vc_column_text][vc_empty_space][vc_column_text]<strong>M\u00e1sodik fordul\u00f3ba bejutottak:<\/strong><br \/>\n<a href=\"http:\/\/budapestgaleria.hu\/_\/harmath-istvan\/\">Harmath Istv\u00e1n<\/a><br \/>\n<a href=\"http:\/\/budapestgaleria.hu\/_\/matyassy-laszlo\/\">M\u00e1ty\u00e1ssy L\u00e1szl\u00f3<\/a><br \/>\n<a href=\"http:\/\/budapestgaleria.hu\/_\/b-laborcz-flora\/\">B. Laborcz Fl\u00f3ra<\/a><\/p>\n<p><strong>Nyertes:<\/strong><br \/>\nHarmath Istv\u00e1n[\/vc_column_text][\/vc_column][\/vc_row][vc_row css_animation=&#8221;&#8221; seperator_indeed_locker=&#8221;&#8221; lk_t=&#8221;ism_template_1&#8243; lk_io=&#8221;default&#8221; lk_dm=&#8221;0&#8243; lk_thm=&#8221;0&#8243; lk_tuo=&#8221;0&#8243; ru_on=&#8221;0&#8243; uhc_on=&#8221;0&#8243; ur_on=&#8221;0&#8243; ref_on=&#8221;0&#8243; row_type=&#8221;row&#8221; use_row_as_full_screen_section=&#8221;no&#8221; type=&#8221;grid&#8221; angled_section=&#8221;no&#8221; text_align=&#8221;left&#8221; background_image_as_pattern=&#8221;without_pattern&#8221;][vc_column][vc_separator type=&#8221;normal&#8221; color=&#8221;#848484&#8243; up=&#8221;80&#8243; down=&#8221;20&#8243;][vc_column_text]<\/p>\n<h4>Sz\u00e9ll K\u00e1lm\u00e1n-szobor \u2013 a Sz\u00e9ll K\u00e1lm\u00e1n Alap\u00edtv\u00e1ny kezdem\u00e9nyez\u00e9s\u00e9re, a Nemzeti Fejleszt\u00e9si Miniszt\u00e9rium megb\u00edz\u00e1s\u00e1b\u00f3l<\/h4>\n<p>[\/vc_column_text][vc_empty_space height=&#8221;10px&#8221;][vc_column_text]<\/p>\n<h6>D\u00f6nt\u00e9s: Budapest, 2018. szeptember 19.<\/h6>\n<p>[\/vc_column_text][vc_empty_space][vc_column_text]<strong>M\u00e1sodik fordul\u00f3ba bejutottak:<\/strong><br \/>\n<a href=\"http:\/\/budapestgaleria.hu\/_\/biro-lajos-szell-kalman-szobor-palyazat\/\">B\u00edr\u00f3 Lajos<\/a><br \/>\n<a href=\"http:\/\/budapestgaleria.hu\/_\/kutas-laszlo-szell-kalman-szobor-palyazat\/\">Kutas L\u00e1szl\u00f3<\/a><br \/>\n<a href=\"http:\/\/budapestgaleria.hu\/_\/szeri-varga-geza-szell-kalman-szobor-palyazat\/\">Sz\u00e9ri-Varga G\u00e9za<\/a><br \/>\n<a href=\"http:\/\/budapestgaleria.hu\/_\/toth-david-szell-kalman-szobor-palyazat\/\">T\u00f3th D\u00e1vid<\/a><\/p>\n<p><strong>Nyertes:<\/strong><br \/>\nT\u00f3th D\u00e1vid[\/vc_column_text][\/vc_column][\/vc_row][vc_row css_animation=&#8221;&#8221; seperator_indeed_locker=&#8221;&#8221; lk_t=&#8221;ism_template_1&#8243; lk_io=&#8221;default&#8221; lk_dm=&#8221;0&#8243; lk_thm=&#8221;0&#8243; lk_tuo=&#8221;0&#8243; ru_on=&#8221;0&#8243; uhc_on=&#8221;0&#8243; ur_on=&#8221;0&#8243; ref_on=&#8221;0&#8243; row_type=&#8221;row&#8221; use_row_as_full_screen_section=&#8221;no&#8221; type=&#8221;grid&#8221; angled_section=&#8221;no&#8221; text_align=&#8221;left&#8221; background_image_as_pattern=&#8221;without_pattern&#8221;][vc_column][vc_separator type=&#8221;normal&#8221; color=&#8221;#848484&#8243; up=&#8221;80&#8243; down=&#8221;20&#8243;][vc_column_text]<\/p>\n<h4>\u00c1rp\u00e1d fejedelem \u2013 f\u0151v\u00e1rosi megb\u00edz\u00e1sb\u00f3l ki\u00edrt<\/h4>\n<p>[\/vc_column_text][vc_empty_space height=&#8221;10px&#8221;][vc_column_text]<\/p>\n<h6>D\u00f6nt\u00e9s: Budapest, 2018. j\u00falius 13.<\/h6>\n<p>[\/vc_column_text][vc_empty_space][vc_column_text]<strong>M\u00e1sodik fordul\u00f3ba bejutottak:<\/strong><br \/>\nDienes Attila<br \/>\nM\u00e9sz\u00e1ros Attila<br \/>\nOl\u00e1h M\u00e1ty\u00e1s L\u00e1szl\u00f3<\/p>\n<p><strong>Nyertes:<\/strong><br \/>\nOl\u00e1h M\u00e1ty\u00e1s L\u00e1szl\u00f3[\/vc_column_text][\/vc_column][\/vc_row][vc_row css_animation=&#8221;&#8221; seperator_indeed_locker=&#8221;&#8221; lk_t=&#8221;ism_template_1&#8243; lk_io=&#8221;default&#8221; lk_dm=&#8221;0&#8243; lk_thm=&#8221;0&#8243; lk_tuo=&#8221;0&#8243; ru_on=&#8221;0&#8243; uhc_on=&#8221;0&#8243; ur_on=&#8221;0&#8243; ref_on=&#8221;0&#8243; row_type=&#8221;row&#8221; use_row_as_full_screen_section=&#8221;no&#8221; type=&#8221;grid&#8221; angled_section=&#8221;no&#8221; text_align=&#8221;left&#8221; background_image_as_pattern=&#8221;without_pattern&#8221;][vc_column][vc_separator type=&#8221;normal&#8221; color=&#8221;#848484&#8243; up=&#8221;80&#8243; down=&#8221;20&#8243;][vc_column_text]<\/p>\n<h4>Szent Margit \u2013 f\u0151v\u00e1rosi megb\u00edz\u00e1sb\u00f3l ki\u00edrt<\/h4>\n<p>[\/vc_column_text][vc_empty_space height=&#8221;10px&#8221;][vc_column_text]<\/p>\n<h6>D\u00f6nt\u00e9s: Budapest, 2018. j\u00falius 13.<\/h6>\n<p>[\/vc_column_text][vc_empty_space][vc_column_text]<strong>M\u00e1sodik fordul\u00f3ba bejutottak:<\/strong><br \/>\nBakos Ildik\u00f3<br \/>\nBorza Ter\u00e9z<br \/>\nB\u00f6jte-Horv\u00e1th Istv\u00e1n<\/p>\n<p><strong>Nyertes<\/strong>:<br \/>\nBakos Ildik\u00f3[\/vc_column_text][vc_empty_space][\/vc_column][\/vc_row][vc_row css_animation=&#8221;&#8221; row_type=&#8221;row&#8221; use_row_as_full_screen_section=&#8221;no&#8221; type=&#8221;grid&#8221; angled_section=&#8221;no&#8221; text_align=&#8221;left&#8221; background_image_as_pattern=&#8221;without_pattern&#8221; template=&#8221;ism_template_1&#8243; ism_overlock=&#8221;default&#8221; sm_d_text=&#8221;<\/p>\n<h2>This content is locked<\/h2>\n<p>Share This Page To Unlock The Content!&#8221;][vc_column][vc_empty_space height=&#8221;45px&#8221;][\/vc_column][\/vc_row]<\/p>\n<\/div>","protected":false},"excerpt":{"rendered":"<p>[vc_row css_animation=&#8221;&#8221; seperator_indeed_locker=&#8221;&#8221; lk_t=&#8221;ism_template_1&#8243; lk_io=&#8221;default&#8221; lk_dm=&#8221;0&#8243; lk_thm=&#8221;0&#8243; lk_tuo=&#8221;0&#8243; ru_on=&#8221;0&#8243; uhc_on=&#8221;0&#8243; ur_on=&#8221;0&#8243; ref_on=&#8221;0&#8243; row_type=&#8221;row&#8221; use_row_as_full_screen_section=&#8221;no&#8221; type=&#8221;grid&#8221;&#8230;<\/p>\n","protected":false},"author":1,"featured_media":0,"parent":20567,"menu_order":20,"comment_status":"closed","ping_status":"closed","template":"full_width.php","meta":{"inline_featured_image":false,"loftloader_pro_show_once":"","loftloader_pro_page_shortcode":"","footnotes":""},"class_list":["post-13989","page","type-page","status-publish","hentry"],"_links":{"self":[{"href":"https:\/\/budapestgaleria.hu\/_\/wp-json\/wp\/v2\/pages\/13989","targetHints":{"allow":["GET"]}}],"collection":[{"href":"https:\/\/budapestgaleria.hu\/_\/wp-json\/wp\/v2\/pages"}],"about":[{"href":"https:\/\/budapestgaleria.hu\/_\/wp-json\/wp\/v2\/types\/page"}],"author":[{"embeddable":true,"href":"https:\/\/budapestgaleria.hu\/_\/wp-json\/wp\/v2\/users\/1"}],"replies":[{"embeddable":true,"href":"https:\/\/budapestgaleria.hu\/_\/wp-json\/wp\/v2\/comments?post=13989"}],"version-history":[{"count":2,"href":"https:\/\/budapestgaleria.hu\/_\/wp-json\/wp\/v2\/pages\/13989\/revisions"}],"predecessor-version":[{"id":24015,"href":"https:\/\/budapestgaleria.hu\/_\/wp-json\/wp\/v2\/pages\/13989\/revisions\/24015"}],"up":[{"embeddable":true,"href":"https:\/\/budapestgaleria.hu\/_\/wp-json\/wp\/v2\/pages\/20567"}],"wp:attachment":[{"href":"https:\/\/budapestgaleria.hu\/_\/wp-json\/wp\/v2\/media?parent=13989"}],"curies":[{"name":"wp","href":"https:\/\/api.w.org\/{rel}","templated":true}]}}