{"id":16943,"date":"2020-10-28T13:25:31","date_gmt":"2020-10-28T13:25:31","guid":{"rendered":"http:\/\/budapestgaleria.hu\/_\/?page_id=16943"},"modified":"2023-12-21T14:30:51","modified_gmt":"2023-12-21T13:30:51","slug":"molnar-judit-lilla-tervezett-veletlen","status":"publish","type":"page","link":"https:\/\/budapestgaleria.hu\/_\/2021-kiallitasok\/molnar-judit-lilla-tervezett-veletlen\/","title":{"rendered":"Moln\u00e1r Judit Lilla | Tervezett v\u00e9letlen"},"content":{"rendered":"<div class=\"wpb-content-wrapper\"><p>[vc_row css_animation=&#8221;&#8221; row_type=&#8221;row&#8221; use_row_as_full_screen_section=&#8221;no&#8221; type=&#8221;grid&#8221; angled_section=&#8221;no&#8221; text_align=&#8221;left&#8221; background_image_as_pattern=&#8221;without_pattern&#8221; template=&#8221;ism_template_1&#8243; ism_overlock=&#8221;default&#8221; sm_d_text=&#8221;<\/p>\n<h2>This content is locked<\/h2>\n<p>Share This Page To Unlock The Content!&#8221;][vc_column][vc_single_image image=&#8221;17249&#8243; img_size=&#8221;full&#8221; qode_css_animation=&#8221;&#8221;][vc_empty_space height=&#8221;10px&#8221;][\/vc_column][\/vc_row][vc_row css_animation=&#8221;&#8221; row_type=&#8221;row&#8221; use_row_as_full_screen_section=&#8221;no&#8221; type=&#8221;grid&#8221; angled_section=&#8221;no&#8221; text_align=&#8221;left&#8221; background_image_as_pattern=&#8221;without_pattern&#8221;][vc_column][vc_empty_space height=&#8221;45px&#8221;][vc_column_text]<\/p>\n<h1 class=\"cim_1\"><em>Tervezett v\u00e9letlen<\/em><\/h1>\n<h1 class=\"alcim\">Moln\u00e1r Judit Lilla ki\u00e1ll\u00edt\u00e1sa<\/h1>\n<p>[\/vc_column_text][vc_empty_space height=&#8221;45px&#8221;][\/vc_column][\/vc_row][vc_row css_animation=&#8221;&#8221; row_type=&#8221;row&#8221; use_row_as_full_screen_section=&#8221;no&#8221; type=&#8221;grid&#8221; angled_section=&#8221;no&#8221; text_align=&#8221;left&#8221; background_image_as_pattern=&#8221;without_pattern&#8221; bgparallax=&#8221;parallax&#8221; contentwidth=&#8221;container&#8221; toppadding=&#8221;40&#8243; bottompadding=&#8221;10&#8243; border=&#8221;on&#8221; css=&#8221;.vc_custom_1420648296958{background-color: #ffffff !important;}&#8221;][vc_column width=&#8221;1\/3&#8243; css=&#8221;.vc_custom_1427029754112{padding-right: 25px !important;}&#8221; el_class=&#8221;full-1&#8243;][vc_column_text]<\/p>\n<p class=\"hely_bpgal\">Budapest Gal\u00e9ria<\/p>\n<p class=\"cim_bpgal\">1036 Budapest, Lajos utca 158. (emelet)<\/p>\n<p class=\"datum_bpgal_2\">2021. j\u00fanius 2 \u2013 j\u00falius 18.<\/p>\n<p>[\/vc_column_text][vc_column_text]<\/p>\n<p class=\"kiemeles_bpgal\">A ki\u00e1ll\u00edt\u00e1s kur\u00e1tora:<\/p>\n<p class=\"verzal_bpgal\">Er\u0151ss Nikolett<\/p>\n<p>[\/vc_column_text][vc_column_text]<\/p>\n<p class=\"kiemeles_bpgal\">Grafika:<\/p>\n<p class=\"verzal_bpgal\">Csuth P\u00e9ter<\/p>\n<p>[\/vc_column_text][vc_column_text]<\/p>\n<p class=\"kiemeles_bpgal\">Megnyit\u00f3:<\/p>\n<p class=\"datum_bpgal_2\">2021. j\u00fanius 1., (kedd) 18:00<\/p>\n<p class=\"datum_bpgal_2\">a gal\u00e9ria udvar\u00e1n<\/p>\n<p class=\"kiemeles_bpgal\">Megnyitja:<\/p>\n<p class=\"verzal_bpgal\">Seregi Tam\u00e1s<\/p>\n<p class=\"titulus\">eszt\u00e9ta<\/p>\n<p>[\/vc_column_text][vc_empty_space][\/vc_column][vc_column width=&#8221;2\/3&#8243; el_class=&#8221;full-2&#8243;][vc_column_text]Moln\u00e1r Judit Lilla ki\u00e1ll\u00edt\u00e1sa a Budapest Gal\u00e9ri\u00e1ban egy feln\u0151tt j\u00e1tsz\u00f3t\u00e9r. A j\u00e1t\u00e9kban l\u00e9v\u0151 feladat \u00e9s felel\u0151ss\u00e9g, k\u00eds\u00e9rletez\u00e9s \u00e9s kock\u00e1zat \u00fagy sziv\u00e1rog \u00e1t a munka vil\u00e1g\u00e1ba, hogy legt\u00f6bbsz\u00f6r \u00e9pp annak k\u00f6nnyeds\u00e9ge \u00e9s nyitotts\u00e1ga akad fenn a szab\u00e1lyok alkotta rost\u00e1n. K\u00e9nyszerek \u00e9s bels\u0151 sz\u00fcks\u00e9gszer\u0171s\u00e9gek, lehet\u0151s\u00e9gek \u00e9s szab\u00e1lyok m\u00e1trixa alkotja azt a h\u00e9tk\u00f6znapi terepasztalt, amelyet feln\u0151ttk\u00e9nt nap mint nap bej\u00e1tszunk, megpr\u00f3b\u00e1lva egyens\u00falyt teremteni munka \u00e9s pihen\u00e9s, egy\u00e9ni \u00e9s k\u00f6z\u00f6ss\u00e9gi szempontok, szab\u00e1lyk\u00f6vet\u00e9s \u00e9s \u00faj kezdem\u00e9nyez\u00e9sek k\u00f6z\u00f6tt. Mik\u00f6zben ezer dologhoz alkalmazkodunk, mindig marad terepe a szabads\u00e1gnak, olykor sz\u0171k sik\u00e1torok, hajsz\u00e1lerek, m\u00e1skor sz\u00e9les, v\u00e9gtelennek t\u0171n\u0151 mez\u0151k.<\/p>\n<p>A j\u00e1tsz\u00f3terek inspir\u00e1lta, de a fesz\u00edtett munka tapasztalat\u00e1n \u00e1tsz\u0171rt install\u00e1ci\u00f3k a helysz\u00edn \u00e9p\u00edt\u00e9szeti meghat\u00e1rozotts\u00e1gaihoz igazodnak, illetve l\u00e9pnek azokkal p\u00e1rbesz\u00e9dbe. A libik\u00f3ka a terem gerend\u00e1zat\u00e1t ism\u00e9tli, a h\u00e9tk\u00f6znapok \u00e9p\u00edt\u0151kock\u00e1ik\u00e9nt sorakoz\u00f3 apr\u00f3 h\u00e1romsz\u00f6gek a padl\u00f3 t\u00e9glamint\u00e1j\u00e1ra felelnek, a cs\u00faszda lend\u00fclet\u00e9t a t\u00e9r fogja vissza. Amint a j\u00e1tsz\u00f3t\u00e9r egy kis, ker\u00edt\u00e9ssel k\u00f6rbevett szabads\u00e1g a s\u0171r\u0171 v\u00e1rosi k\u00f6zegbe \u00e9kel\u0151dve, \u00fagy v\u00e1lik a ki\u00e1ll\u00edt\u00e1s a t\u00e9r adta lehet\u0151s\u00e9gek \u00e9s korl\u00e1tok megform\u00e1l\u00f3j\u00e1v\u00e1 is.<\/p>\n<p>Moln\u00e1r Judit Lilla, a Balkon Kort\u00e1rs M\u0171v\u00e9szeti Foly\u00f3irat, a Budapest Gal\u00e9ria \u00e9s a Fiatal K\u00e9pz\u0151m\u0171v\u00e9szek St\u00fadi\u00f3ja Egyes\u00fclet Inside Express d\u00edj\u00e1nak nyertese.[\/vc_column_text][vc_empty_space][\/vc_column][\/vc_row][vc_row css_animation=&#8221;&#8221; row_type=&#8221;row&#8221; use_row_as_full_screen_section=&#8221;no&#8221; type=&#8221;grid&#8221; angled_section=&#8221;no&#8221; text_align=&#8221;left&#8221; background_image_as_pattern=&#8221;without_pattern&#8221; template=&#8221;ism_template_1&#8243; ism_overlock=&#8221;default&#8221; sm_d_text=&#8221;<\/p>\n<h2>This content is locked<\/h2>\n<p>Share This Page To Unlock The Content!&#8221;][vc_column][vc_empty_space height=&#8221;45px&#8221;][\/vc_column][\/vc_row]<\/p>\n<\/div>","protected":false},"excerpt":{"rendered":"<p>[vc_row css_animation=&#8221;&#8221; row_type=&#8221;row&#8221; use_row_as_full_screen_section=&#8221;no&#8221; type=&#8221;grid&#8221; angled_section=&#8221;no&#8221; text_align=&#8221;left&#8221; background_image_as_pattern=&#8221;without_pattern&#8221; template=&#8221;ism_template_1&#8243; ism_overlock=&#8221;default&#8221; sm_d_text=&#8221; This content is locked&#8230;<\/p>\n","protected":false},"author":11,"featured_media":0,"parent":17263,"menu_order":0,"comment_status":"closed","ping_status":"closed","template":"full_width.php","meta":{"inline_featured_image":false,"loftloader_pro_show_once":"","loftloader_pro_page_shortcode":"","footnotes":""},"class_list":["post-16943","page","type-page","status-publish","hentry"],"_links":{"self":[{"href":"https:\/\/budapestgaleria.hu\/_\/wp-json\/wp\/v2\/pages\/16943","targetHints":{"allow":["GET"]}}],"collection":[{"href":"https:\/\/budapestgaleria.hu\/_\/wp-json\/wp\/v2\/pages"}],"about":[{"href":"https:\/\/budapestgaleria.hu\/_\/wp-json\/wp\/v2\/types\/page"}],"author":[{"embeddable":true,"href":"https:\/\/budapestgaleria.hu\/_\/wp-json\/wp\/v2\/users\/11"}],"replies":[{"embeddable":true,"href":"https:\/\/budapestgaleria.hu\/_\/wp-json\/wp\/v2\/comments?post=16943"}],"version-history":[{"count":0,"href":"https:\/\/budapestgaleria.hu\/_\/wp-json\/wp\/v2\/pages\/16943\/revisions"}],"up":[{"embeddable":true,"href":"https:\/\/budapestgaleria.hu\/_\/wp-json\/wp\/v2\/pages\/17263"}],"wp:attachment":[{"href":"https:\/\/budapestgaleria.hu\/_\/wp-json\/wp\/v2\/media?parent=16943"}],"curies":[{"name":"wp","href":"https:\/\/api.w.org\/{rel}","templated":true}]}}

Molnár Judit Lilla | Tervezett véletlen

<div class="wpb-content-wrapper"><p>[vc_row css_animation=&#8221;&#8221; row_type=&#8221;row&#8221; use_row_as_full_screen_section=&#8221;no&#8221; type=&#8221;grid&#8221; angled_section=&#8221;no&#8221; text_align=&#8221;left&#8221; background_image_as_pattern=&#8221;without_pattern&#8221; template=&#8221;ism_template_1&#8243; ism_overlock=&#8221;default&#8221; sm_d_text=&#8221;</p>
<h2>This content is locked</h2>
<p>Share This Page To Unlock The Content!&#8221;][vc_column][vc_single_image image=&#8221;17249&#8243; img_size=&#8221;full&#8221; qode_css_animation=&#8221;&#8221;][vc_empty_space height=&#8221;10px&#8221;][/vc_column][/vc_row][vc_row css_animation=&#8221;&#8221; row_type=&#8221;row&#8221; use_row_as_full_screen_section=&#8221;no&#8221; type=&#8221;grid&#8221; angled_section=&#8221;no&#8221; text_align=&#8221;left&#8221; background_image_as_pattern=&#8221;without_pattern&#8221;][vc_column][vc_empty_space height=&#8221;45px&#8221;][vc_column_text]</p>
<h1 class="cim_1"><em>Tervezett véletlen</em></h1>
<h1 class="alcim">Molnár Judit Lilla kiállítása</h1>
<p>[/vc_column_text][vc_empty_space height=&#8221;45px&#8221;][/vc_column][/vc_row][vc_row css_animation=&#8221;&#8221; row_type=&#8221;row&#8221; use_row_as_full_screen_section=&#8221;no&#8221; type=&#8221;grid&#8221; angled_section=&#8221;no&#8221; text_align=&#8221;left&#8221; background_image_as_pattern=&#8221;without_pattern&#8221; bgparallax=&#8221;parallax&#8221; contentwidth=&#8221;container&#8221; toppadding=&#8221;40&#8243; bottompadding=&#8221;10&#8243; border=&#8221;on&#8221; css=&#8221;.vc_custom_1420648296958{background-color: #ffffff !important;}&#8221;][vc_column width=&#8221;1/3&#8243; css=&#8221;.vc_custom_1427029754112{padding-right: 25px !important;}&#8221; el_class=&#8221;full-1&#8243;][vc_column_text]</p>
<p class="hely_bpgal">Budapest Galéria</p>
<p class="cim_bpgal">1036 Budapest, Lajos utca 158. (emelet)</p>
<p class="datum_bpgal_2">2021. június 2 – július 18.</p>
<p>[/vc_column_text][vc_column_text]</p>
<p class="kiemeles_bpgal">A kiállítás kurátora:</p>
<p class="verzal_bpgal">Erőss Nikolett</p>
<p>[/vc_column_text][vc_column_text]</p>
<p class="kiemeles_bpgal">Grafika:</p>
<p class="verzal_bpgal">Csuth Péter</p>
<p>[/vc_column_text][vc_column_text]</p>
<p class="kiemeles_bpgal">Megnyitó:</p>
<p class="datum_bpgal_2">2021. június 1., (kedd) 18:00</p>
<p class="datum_bpgal_2">a galéria udvarán</p>
<p class="kiemeles_bpgal">Megnyitja:</p>
<p class="verzal_bpgal">Seregi Tamás</p>
<p class="titulus">esztéta</p>
<p>[/vc_column_text][vc_empty_space][/vc_column][vc_column width=&#8221;2/3&#8243; el_class=&#8221;full-2&#8243;][vc_column_text]Molnár Judit Lilla kiállítása a Budapest Galériában egy felnőtt játszótér. A játékban lévő feladat és felelősség, kísérletezés és kockázat úgy szivárog át a munka világába, hogy legtöbbször épp annak könnyedsége és nyitottsága akad fenn a szabályok alkotta rostán. Kényszerek és belső szükségszerűségek, lehetőségek és szabályok mátrixa alkotja azt a hétköznapi terepasztalt, amelyet felnőttként nap mint nap bejátszunk, megpróbálva egyensúlyt teremteni munka és pihenés, egyéni és közösségi szempontok, szabálykövetés és új kezdeményezések között. Miközben ezer dologhoz alkalmazkodunk, mindig marad terepe a szabadságnak, olykor szűk sikátorok, hajszálerek, máskor széles, végtelennek tűnő mezők.</p>
<p>A játszóterek inspirálta, de a feszített munka tapasztalatán átszűrt installációk a helyszín építészeti meghatározottságaihoz igazodnak, illetve lépnek azokkal párbeszédbe. A libikóka a terem gerendázatát ismétli, a hétköznapok építőkockáiként sorakozó apró háromszögek a padló téglamintájára felelnek, a csúszda lendületét a tér fogja vissza. Amint a játszótér egy kis, kerítéssel körbevett szabadság a sűrű városi közegbe ékelődve, úgy válik a kiállítás a tér adta lehetőségek és korlátok megformálójává is.</p>
<p>Molnár Judit Lilla, a Balkon Kortárs Művészeti Folyóirat, a Budapest Galéria és a Fiatal Képzőművészek Stúdiója Egyesület Inside Express díjának nyertese.[/vc_column_text][vc_empty_space][/vc_column][/vc_row][vc_row css_animation=&#8221;&#8221; row_type=&#8221;row&#8221; use_row_as_full_screen_section=&#8221;no&#8221; type=&#8221;grid&#8221; angled_section=&#8221;no&#8221; text_align=&#8221;left&#8221; background_image_as_pattern=&#8221;without_pattern&#8221; template=&#8221;ism_template_1&#8243; ism_overlock=&#8221;default&#8221; sm_d_text=&#8221;</p>
<h2>This content is locked</h2>
<p>Share This Page To Unlock The Content!&#8221;][vc_column][vc_empty_space height=&#8221;45px&#8221;][/vc_column][/vc_row]</p>
</div>
