{"id":19383,"date":"2023-08-02T15:14:07","date_gmt":"2023-08-02T13:14:07","guid":{"rendered":"https:\/\/budapestgaleria.hu\/_\/?page_id=19383"},"modified":"2024-02-12T12:59:38","modified_gmt":"2024-02-12T11:59:38","slug":"haz-vagy-iras","status":"publish","type":"page","link":"https:\/\/budapestgaleria.hu\/_\/2023-kiallitasok\/haz-vagy-iras\/","title":{"rendered":"H\u00e1z vagy \u00edr\u00e1s?"},"content":{"rendered":"<div class=\"wpb-content-wrapper\"><p>[vc_row css_animation=&#8221;&#8221; row_type=&#8221;row&#8221; use_row_as_full_screen_section=&#8221;no&#8221; type=&#8221;grid&#8221; angled_section=&#8221;no&#8221; text_align=&#8221;left&#8221; background_image_as_pattern=&#8221;without_pattern&#8221; template=&#8221;ism_template_1&#8243; ism_overlock=&#8221;default&#8221; sm_d_text=&#8221;<\/p>\n<h2>This content is locked<\/h2>\n<p>Share This Page To Unlock The Content!&#8221;][vc_column][vc_single_image image=&#8221;19411&#8243; img_size=&#8221;full&#8221; qode_css_animation=&#8221;&#8221;][\/vc_column][\/vc_row][vc_row css_animation=&#8221;&#8221; row_type=&#8221;row&#8221; use_row_as_full_screen_section=&#8221;no&#8221; type=&#8221;grid&#8221; angled_section=&#8221;no&#8221; text_align=&#8221;left&#8221; background_image_as_pattern=&#8221;without_pattern&#8221;][vc_column][vc_empty_space height=&#8221;45px&#8221;][vc_column_text]<\/p>\n<h1 class=\"cim_1\"><em>H\u00e1z vagy \u00edr\u00e1s?<\/em><\/h1>\n<h1 class=\"alcim\">Ut\u00f3pi\u00e1k nyom\u00e1ban a Napv\u00e1rost\u00f3l a F\u0151v\u00e1rosig<\/h1>\n<p>[\/vc_column_text][vc_empty_space height=&#8221;45px&#8221;][\/vc_column][\/vc_row][vc_row css_animation=&#8221;&#8221; row_type=&#8221;row&#8221; use_row_as_full_screen_section=&#8221;no&#8221; type=&#8221;grid&#8221; angled_section=&#8221;no&#8221; text_align=&#8221;left&#8221; background_image_as_pattern=&#8221;without_pattern&#8221; bgparallax=&#8221;parallax&#8221; contentwidth=&#8221;container&#8221; toppadding=&#8221;40&#8243; bottompadding=&#8221;10&#8243; border=&#8221;on&#8221; css=&#8221;.vc_custom_1420648296958{background-color: #ffffff !important;}&#8221;][vc_column width=&#8221;1\/3&#8243; css=&#8221;.vc_custom_1427029754112{padding-right: 25px !important;}&#8221; el_class=&#8221;full-1&#8243;][vc_column_text]<\/p>\n<p class=\"hely_bpgal\">Budapest Gal\u00e9ria<\/p>\n<p class=\"cim_bpgal\">1036 Budapest, Lajos utca 158.<\/p>\n<p class=\"datum_bpgal\">2023. augusztus 18. \u2013 okt\u00f3ber 23.<\/p>\n<p>[\/vc_column_text][vc_column_text]<\/p>\n<p class=\"kiemeles_bpgal\">Alkot\u00f3:<\/p>\n<p class=\"verzal_bpgal\">Sz\u00e1ntay Zs\u00f3fia DLA<\/p>\n<p class=\"titulus\">Nautes Architects<\/p>\n<p>[\/vc_column_text][vc_column_text]<\/p>\n<p class=\"kiemeles_bpgal\">A ki\u00e1ll\u00edt\u00e1s kur\u00e1tora:<\/p>\n<p class=\"verzal_bpgal\">Sulyok Mikl\u00f3s<\/p>\n<p>[\/vc_column_text][vc_column_text]<\/p>\n<p class=\"kiemeles_bpgal\">Megnyit\u00f3:<\/p>\n<p class=\"datum_bpgal_2\">2023. augusztus 17., (cs\u00fct\u00f6rt\u00f6k) 18:00<\/p>\n<p class=\"kiemeles_bpgal\">Megnyitja:<\/p>\n<p class=\"verzal_bpgal\">Zuh Deod\u00e1th<\/p>\n<p class=\"titulus\">filoz\u00f3fus<\/p>\n<p class=\"kiemeles_bpgal\">A megnyit\u00f3n zen\u00e9l:<\/p>\n<p class=\"verzal_bpgal\">M\u00e1trai P\u00e9ter<\/p>\n<p>[\/vc_column_text][vc_column_text]<\/p>\n<p class=\"kiemeles_bpgal\">Tervez\u0151k, \u00e9p\u00edt\u00e9szirod\u00e1k:<\/p>\n<p class=\"verzal_bpgal\">ArchIkon, LAB5, Finta St\u00fadi\u00f3, minusplus, Kinzo, F\u00f6ldes \u00e9s T\u00e1rsai \u00c9p\u00edt\u00e9sziroda, M\u00f3nus J\u00e1nos., \u00d6KO-BAU, M-Teampannon, Kollekt\u00edv M\u0171terem, Geum M\u0171terem, M\u00e1diL\u00e1ncos Studio, Lakatos G\u00e9za, Tillai Ern\u0151<\/p>\n<p>[\/vc_column_text][vc_column_text]<\/p>\n<p class=\"kiemeles_bpgal\">K\u00f6zrem\u0171k\u00f6d\u0151k:<\/p>\n<p class=\"verzal_bpgal\">Burus Botond (grafika), Barta Gy\u00f6ngyi (zene), Tudisco J\u00falia (film), Ha\u00e1sz Ferenc (vil\u00e1g\u00edt\u00e1s), Nagy Zolt\u00e1n (k\u00f6nyvk\u00f6t\u00e9szet), Dr. Francsics L\u00e1szl\u00f3 (diagram-szobrok), Barta Gy\u00f6ngyi, Kiss B\u00e1lint, Kov\u00e1cs Krist\u00f3f \u00e9s Somogyi Krisztina (zene-install\u00e1ci\u00f3 hangok)<\/p>\n<p>[\/vc_column_text][vc_column_text]<\/p>\n<p class=\"kiemeles_bpgal\">\u00c9p\u00edt\u00e9szeti fotogr\u00e1fusok:<\/p>\n<p class=\"verzal_bpgal\">Bat\u00e1r Zsolt, Palk\u00f3 Gy\u00f6rgy, Jaksa B\u00e1lint, Sz\u00e1nt\u00f3 Tam\u00e1s, Adi Bulboaca, Dr. Francsics L\u00e1szl\u00f3, HG Esch<\/p>\n<p>[\/vc_column_text][vc_empty_space][\/vc_column][vc_column width=&#8221;2\/3&#8243; el_class=&#8221;full-2&#8243;][vc_column_text]Mi az ut\u00f3pia \u00e9s mit\u0151l lehet j\u00f3? Mire tan\u00edtanak minket az irodalmi ut\u00f3pi\u00e1k? Milyen ma is aktu\u00e1lis k\u00e9rd\u00e9seket vetnek fel? Hogyan hat az \u00e9p\u00edt\u00e9szetre az ut\u00f3pia \u00e9s tetten \u00e9rhet\u0151-e idehaza a kort\u00e1rs tervez\u0151i k\u00f6zegben? Az ut\u00f3pia h\u00e1z vagy \u00edr\u00e1s?<\/p>\n<p>A H\u00e1z vagy \u00edr\u00e1s? c\u00edm\u0171 ki\u00e1ll\u00edt\u00e1s Sz\u00e1ntay Zs\u00f3fia DLA \/Nautes Architects\/ 10 \u00e9ves kutat\u00f3 munk\u00e1j\u00e1t foglalja \u00f6ssze, amely az ut\u00f3pia \u00e9s \u00e9p\u00edt\u00e9szet kapcsolat\u00e1t vizsg\u00e1lja. A ki\u00e1ll\u00edt\u00e1s c\u00e9lja az ut\u00f3pia mint az irodalom \u00e9s \u00e9p\u00edt\u00e9szet hat\u00e1r\u00e1n \u00e1ll\u00f3, pozit\u00edv jelens\u00e9g megismertet\u00e9se a nagyk\u00f6z\u00f6ns\u00e9ggel. Ebben az olvasatban az ut\u00f3pia a kort\u00e1rs \u00e9p\u00edt\u00e9szeti tervez\u00e9s \u00e9s k\u00eds\u00e9rletez\u00e9s l\u00e1tens mozgat\u00f3ja, valamint a minket k\u00f6r\u00fclvev\u0151 \u00e9p\u00edtett t\u00e9r \u00e9rtelmez\u00e9s\u00e9nek egy lehets\u00e9ges alapja is.<\/p>\n<p>Erre az utaz\u00e1sra h\u00edvja l\u00e1togat\u00f3it a ki\u00e1ll\u00edt\u00e1s, amely a l\u00e9t\u00fcnk gy\u00f6kereit \u00e9rint\u0151 k\u00e9rd\u00e9sek \u00e9s aktu\u00e1lis tervez\u00e9si d\u00f6nt\u00e9sek k\u00f6z\u00f6tt mozog. A t\u00e1rlat nemcsak \u00e9p\u00edt\u00e9szeti \u00e9s irodalmi t\u00e9m\u00e1kat \u00e9rint, de megjelenik benne a k\u00e9pz\u0151m\u0171v\u00e9szet, a fotogr\u00e1fia, a zene \u00e9s az anim\u00e1ci\u00f3 is, ez\u00e1ltal sz\u00f3l\u00edtva meg a sz\u00e9lesebb c\u00e9lk\u00f6z\u00f6ns\u00e9get \u2013 \u00e9p\u00edt\u00e9szeket, lak\u00f3kat, \u00edr\u00f3kat \u00e9s olvas\u00f3kat.<br \/>\n[\/vc_column_text][vc_empty_space height=&#8221;45px&#8221;][vc_separator type=&#8221;normal&#8221; color=&#8221;#c6c6c6&#8243; up=&#8221;10&#8243; down=&#8221;20&#8243;][vc_single_image image=&#8221;19408&#8243; onclick=&#8221;custom_link&#8221; img_link_target=&#8221;_blank&#8221; qode_css_animation=&#8221;&#8221; link=&#8221;https:\/\/nautes.hu\/&#8221;][vc_empty_space height=&#8221;45px&#8221;][vc_single_image image=&#8221;20916&#8243; img_size=&#8221;full&#8221; qode_css_animation=&#8221;&#8221;][vc_empty_space][vc_single_image image=&#8221;20919&#8243; img_size=&#8221;full&#8221; qode_css_animation=&#8221;&#8221;][vc_empty_space][vc_single_image image=&#8221;20922&#8243; img_size=&#8221;full&#8221; qode_css_animation=&#8221;&#8221;][vc_empty_space][vc_single_image image=&#8221;20924&#8243; img_size=&#8221;full&#8221; qode_css_animation=&#8221;&#8221;][vc_empty_space][vc_single_image image=&#8221;20926&#8243; img_size=&#8221;full&#8221; qode_css_animation=&#8221;&#8221;][vc_empty_space][vc_single_image image=&#8221;20929&#8243; img_size=&#8221;full&#8221; qode_css_animation=&#8221;&#8221;][vc_empty_space][vc_single_image image=&#8221;20931&#8243; img_size=&#8221;full&#8221; qode_css_animation=&#8221;&#8221;][vc_empty_space][vc_single_image image=&#8221;20933&#8243; img_size=&#8221;full&#8221; qode_css_animation=&#8221;&#8221;][vc_empty_space][vc_single_image image=&#8221;20935&#8243; img_size=&#8221;full&#8221; qode_css_animation=&#8221;&#8221;][vc_empty_space][vc_single_image image=&#8221;20937&#8243; img_size=&#8221;full&#8221; qode_css_animation=&#8221;&#8221;][vc_empty_space][vc_column_text]<\/p>\n<p class=\"kepalairas_cim_jobb\">Fot\u00f3k: Juh\u00e1sz G. Tam\u00e1s<\/p>\n<p>[\/vc_column_text][\/vc_column][\/vc_row][vc_row css_animation=&#8221;&#8221; row_type=&#8221;row&#8221; use_row_as_full_screen_section=&#8221;no&#8221; type=&#8221;grid&#8221; angled_section=&#8221;no&#8221; text_align=&#8221;left&#8221; background_image_as_pattern=&#8221;without_pattern&#8221; template=&#8221;ism_template_1&#8243; ism_overlock=&#8221;default&#8221; sm_d_text=&#8221;<\/p>\n<h2>This content is locked<\/h2>\n<p>Share This Page To Unlock The Content!&#8221;][vc_column][vc_empty_space height=&#8221;45px&#8221;][\/vc_column][\/vc_row]<\/p>\n<\/div>","protected":false},"excerpt":{"rendered":"<p>[vc_row css_animation=&#8221;&#8221; row_type=&#8221;row&#8221; use_row_as_full_screen_section=&#8221;no&#8221; type=&#8221;grid&#8221; angled_section=&#8221;no&#8221; text_align=&#8221;left&#8221; background_image_as_pattern=&#8221;without_pattern&#8221; template=&#8221;ism_template_1&#8243; ism_overlock=&#8221;default&#8221; sm_d_text=&#8221; This content is locked&#8230;<\/p>\n","protected":false},"author":11,"featured_media":0,"parent":18894,"menu_order":0,"comment_status":"closed","ping_status":"closed","template":"full_width.php","meta":{"inline_featured_image":false,"loftloader_pro_show_once":"","loftloader_pro_page_shortcode":"","footnotes":""},"class_list":["post-19383","page","type-page","status-publish","hentry"],"_links":{"self":[{"href":"https:\/\/budapestgaleria.hu\/_\/wp-json\/wp\/v2\/pages\/19383","targetHints":{"allow":["GET"]}}],"collection":[{"href":"https:\/\/budapestgaleria.hu\/_\/wp-json\/wp\/v2\/pages"}],"about":[{"href":"https:\/\/budapestgaleria.hu\/_\/wp-json\/wp\/v2\/types\/page"}],"author":[{"embeddable":true,"href":"https:\/\/budapestgaleria.hu\/_\/wp-json\/wp\/v2\/users\/11"}],"replies":[{"embeddable":true,"href":"https:\/\/budapestgaleria.hu\/_\/wp-json\/wp\/v2\/comments?post=19383"}],"version-history":[{"count":0,"href":"https:\/\/budapestgaleria.hu\/_\/wp-json\/wp\/v2\/pages\/19383\/revisions"}],"up":[{"embeddable":true,"href":"https:\/\/budapestgaleria.hu\/_\/wp-json\/wp\/v2\/pages\/18894"}],"wp:attachment":[{"href":"https:\/\/budapestgaleria.hu\/_\/wp-json\/wp\/v2\/media?parent=19383"}],"curies":[{"name":"wp","href":"https:\/\/api.w.org\/{rel}","templated":true}]}}