{"id":20014,"date":"2023-11-03T11:23:04","date_gmt":"2023-11-03T10:23:04","guid":{"rendered":"https:\/\/budapestgaleria.hu\/_\/?page_id=20014"},"modified":"2023-12-21T13:10:22","modified_gmt":"2023-12-21T12:10:22","slug":"varga-imre-100","status":"publish","type":"page","link":"https:\/\/budapestgaleria.hu\/_\/varga-imre-100\/","title":{"rendered":"Varga Imre 100"},"content":{"rendered":"<div class=\"wpb-content-wrapper\"><p>[vc_row css_animation=&#8221;&#8221; row_type=&#8221;row&#8221; use_row_as_full_screen_section=&#8221;no&#8221; type=&#8221;grid&#8221; angled_section=&#8221;no&#8221; text_align=&#8221;left&#8221; background_image_as_pattern=&#8221;without_pattern&#8221; template=&#8221;ism_template_1&#8243; ism_overlock=&#8221;default&#8221; sm_d_text=&#8221;<\/p>\n<h2>This content is locked<\/h2>\n<p>Share This Page To Unlock The Content!&#8221;][vc_column][vc_single_image image=&#8221;20015&#8243; img_size=&#8221;full&#8221; qode_css_animation=&#8221;&#8221;][\/vc_column][\/vc_row][vc_row css_animation=&#8221;&#8221; row_type=&#8221;row&#8221; use_row_as_full_screen_section=&#8221;no&#8221; type=&#8221;grid&#8221; angled_section=&#8221;no&#8221; text_align=&#8221;left&#8221; background_image_as_pattern=&#8221;without_pattern&#8221;][vc_column][vc_empty_space height=&#8221;45px&#8221;][vc_column_text]<\/p>\n<h1 class=\"cim_1\"><em>VARGA IMRE 100<\/em><\/h1>\n<h1 class=\"alcim\">Centen\u00e1riumi ki\u00e1ll\u00edt\u00e1s az \u00f3budai Varga Imre Gy\u0171jtem\u00e9nyben<\/h1>\n<p>[\/vc_column_text][vc_empty_space height=&#8221;45px&#8221;][\/vc_column][\/vc_row][vc_row css_animation=&#8221;&#8221; row_type=&#8221;row&#8221; use_row_as_full_screen_section=&#8221;no&#8221; type=&#8221;grid&#8221; angled_section=&#8221;no&#8221; text_align=&#8221;left&#8221; background_image_as_pattern=&#8221;without_pattern&#8221; bgparallax=&#8221;parallax&#8221; contentwidth=&#8221;container&#8221; toppadding=&#8221;40&#8243; bottompadding=&#8221;10&#8243; border=&#8221;on&#8221; css=&#8221;.vc_custom_1420648296958{background-color: #ffffff !important;}&#8221;][vc_column width=&#8221;1\/3&#8243; css=&#8221;.vc_custom_1427029754112{padding-right: 25px !important;}&#8221; el_class=&#8221;full-1&#8243;][vc_column_text]<\/p>\n<p class=\"hely_bpgal\">Varga Imre Gy\u0171jtem\u00e9ny<\/p>\n<p class=\"cim_bpgal\">1033 Budapest, Laktanya u. 7.<\/p>\n<p>[\/vc_column_text][vc_empty_space][\/vc_column][vc_column width=&#8221;2\/3&#8243; el_class=&#8221;full-2&#8243;][vc_column_text]Varga Imre (1923\u20132019) Kossuth-d\u00edjas szobr\u00e1sz id\u00e9n novemberben lenne sz\u00e1z\u00e9ves. A jeles \u00e9vfordul\u00f3 alkalm\u00e1b\u00f3l a Varga Imre Gy\u0171jtem\u00e9ny (BTM Budapest Gal\u00e9ria) jubileumi t\u00e1rlattal eml\u00e9kezik meg. A ki\u00e1ll\u00edt\u00e1s a mester \u00e9letm\u0171v\u00e9nek t\u00f6bb kiv\u00e1lasztott alkot\u00e1s\u00e1t szeretn\u00e9 m\u00e1s megk\u00f6zel\u00edt\u00e9sben bemutatni: hogyan lett a megb\u00edz\u00e1sb\u00f3l, a kezdeti gondolatb\u00f3l \u00e9rcbe \u00f6nt\u00f6tt mesterm\u0171? Eddig ismeretlen, a hagyat\u00e9kb\u00f3l sz\u00e1rmaz\u00f3 el\u0151tanulm\u00e1nyok, l\u00e1tv\u00e1nytervek bemutat\u00e1s\u00e1val olyan k\u00f6zismert alkot\u00e1sok ker\u00fclnek \u00faj megvil\u00e1g\u00edt\u00e1sba, mint p\u00e9ld\u00e1ul a Vatik\u00e1ni magyar k\u00e1polna berendez\u00e9se, a Doh\u00e1ny utcai zsinag\u00f3ga udvar\u00e1n \u00e1ll\u00f3 M\u00e1rt\u00edreml\u00e9km\u0171, az \u00f3budai V\u00e1rakoz\u00f3k (\u201eEserny\u0151s\u00f6k\u201d) szoborcsoport vagy a K\u00e1rolyi Mih\u00e1ly-eml\u00e9km\u0171.<\/p>\n<p>Az \u00e9letm\u0171 rendk\u00edv\u00fcl sokr\u00e9t\u0171, nem csak plasztikai alkot\u00e1sokat tartalmaz: a maketteken t\u00fal p\u00e9ld\u00e1ul rajzokat \u00e9s festm\u00e9nyeket is. Ez ut\u00f3bbiak r\u00e9v\u00e9n bepillant\u00e1st nyerhet\u00fcnk az alkot\u00f3i folyamatba, illetve abba is, hogyan zajlott a m\u0171veinek k\u00f6zt\u00e9ri elhelyez\u00e9se. Mik\u00e9pp viszonyult Varga Imre egy-egy t\u00f6rt\u00e9nelmi szem\u00e9lyis\u00e9ghez vagy esem\u00e9nyhez, melyr\u0151l szobrot rendeltek t\u0151le? Saj\u00e1t szubjekt\u00edv hozz\u00e1\u00e1ll\u00e1sa mennyire t\u00fckr\u00f6z\u0151d\u00f6tt egy-egy m\u0171ben?<\/p>\n<p>Varga Imre a szocializmus korszak\u00e1nak egyik legt\u00f6bbet foglalkoztatott hivatalos m\u0171v\u00e9sze volt Magyarorsz\u00e1gon, t\u00f6bb tucatnyi k\u00f6zt\u00e9ri politikai eml\u00e9km\u0171, t\u00f6rt\u00e9nelmi szem\u00e9lyis\u00e9gek \u00e9s ismert m\u0171v\u00e9szek portr\u00e9i, valamint zs\u00e1nerszobrok szobr\u00e1sza.<\/p>\n<p>A K\u00e9pz\u0151m\u0171v\u00e9szeti F\u0151iskol\u00e1t 1950-56 k\u00f6z\u00f6tt v\u00e9gezte el, mestere Mikus S\u00e1ndor \u00e9s P\u00e1tzay P\u00e1l voltak. Az \u00f6tvenes \u00e9vek v\u00e9g\u00e9n indul\u00f3 m\u0171v\u00e9sz a Varga Imre Gy\u0171jtem\u00e9ny megnyit\u00e1s\u00e1nak idej\u00e9re (1983) m\u00e1r jelent\u0151s \u00e9letm\u0171vel rendelkezett, \u00e9s a modern magyar szobr\u00e1szat fontos szem\u00e9lyis\u00e9g\u00e9v\u00e9 emelkedett. St\u00edlus\u00e1t dekorat\u00edv modern \u00e9s posztmodern st\u00edlusk\u00e9nt hat\u00e1rozhatjuk meg. Jellemz\u0151i az ironikus szeml\u00e9let, a klasszikus monumentalista k\u00f6zt\u00e9ri szobr\u00e1szat eszk\u00f6zt\u00e1r\u00e1nak \u00fajra\u00e9rtelmez\u00e9se. Alakjai a kor\u00e1bbi politikai eml\u00e9km\u0171 szobr\u00e1szat figur\u00e1inak merev p\u00f3z\u00e1b\u00f3l kimozdulva gyakran h\u00e9tk\u00f6znapi testtart\u00e1sban jelennek meg. A szobrok f\u0151alakj\u00e1t legt\u00f6bbsz\u00f6r d\u00edszlet elemek, berendez\u00e9si t\u00e1rgyak k\u00f6z\u00e9 helyezi, mintegy sz\u00ednpadra \u00e1ll\u00edtja. Varga a szobr\u00e1szat sz\u00e1mos m\u0171faj\u00e1ban alkotott, a k\u00f6zt\u00e9rit\u0151l a kisplasztik\u00e1ig \u00e9s az \u00e9remm\u0171v\u00e9szetig, de \u00e9letm\u0171v\u00e9nek gerinc\u00e9t a k\u00f6zt\u00e9ri politikai \u00e9s dekorat\u00edv kompoz\u00edci\u00f3k alkotj\u00e1k.<\/p>\n<p>A rendszerv\u00e1lt\u00e1s el\u0151tt Varga Imre a p\u00e1rtvezet\u00e9s \u00e9s kult\u00farpolitika kiemelt m\u0171v\u00e9szek\u00e9nt sz\u00e1mos nagy k\u00f6zt\u00e9ri szobr\u00e1szati megb\u00edz\u00e1shoz jutott. 1980 \u00e9s 1990 k\u00f6z\u00f6tt orsz\u00e1ggy\u0171l\u00e9si k\u00e9pvisel\u0151, a Hazafias N\u00e9pfront aleln\u00f6ke, a F\u00e9szek M\u0171v\u00e9szklub eln\u00f6ke. Ezek a t\u00e9nyek magyar\u00e1zz\u00e1k, mi\u00e9rt ny\u00edlhatott 1983-ban \u00f6n\u00e1ll\u00f3 bemutat\u00f3 helye m\u00e9g \u00e9let\u00e9ben. A Varga Imre Gy\u0171jtem\u00e9ny a kor\u00e1bban \u00f6n\u00e1ll\u00f3, jelenleg a 2011 \u00f3ta a Budapesti T\u00f6rt\u00e9neti M\u00fazeum tagint\u00e9zm\u00e9nyek\u00e9nt m\u0171k\u00f6d\u0151 Budapest Gal\u00e9ri\u00e1hoz tartozik. A gy\u0171jtem\u00e9ny m\u0171t\u00e1rgy anyaga a Magyar \u00c1llam (Magyar Nemzeti Vagyonkezel\u0151 Zrt.) tulajdona, kezel\u0151je a BTM Budapest Gal\u00e9ria. A gy\u0171jtem\u00e9ny nagy sz\u00e1mban tartalmazza Varga Imre k\u00f6zt\u00e9ri szobrainak 1:1 m\u00e9ret\u0171, bronzb\u00f3l k\u00e9sz\u00fclt m\u00e1solatait (P\u00e9ld\u00e1ul Derkovits, Radn\u00f3ti, M\u00f3ricz, Professzor, A t\u0171n\u0151 id\u0151) \u00e9s kismint\u00e1it, valamint kisplasztika-v\u00e1ltozatait. Ez egyben a ki\u00e1ll\u00edt\u00e1s k\u00fcl\u00f6nlegess\u00e9ge is, ahol a l\u00e1togat\u00f3 k\u00f6zelr\u0151l is megszeml\u00e9lheti a k\u00f6zt\u00e9ri elhelyez\u00e9s\u00fckben nem mindig megk\u00f6zel\u00edthet\u0151 szobrokat.[\/vc_column_text][vc_empty_space][vc_column_text]<\/p>\n<h1 class=\"alcim\">A jubileumi t\u00e1rlathoz kapcsol\u00f3d\u00f3 programok:<\/h1>\n<p>2023. 11.03., p\u00e9ntek, 16.00<br \/>\n<strong>Varga Imre 100 &#8211; T\u00e1rlatvezet\u00e9s a jubileumi ki\u00e1ll\u00edt\u00e1son<\/strong><br \/>\nA r\u00e9szv\u00e9tel ingyenes.<br \/>\n<strong>Helysz\u00edn: <\/strong>Varga Imre Gy\u0171jtem\u00e9ny, 1033, Bp. Laktanya u. 7.<\/p>\n<p>2023. 11. 04., szombat, 10.00 &#8211; 13.00<br \/>\n<strong>Eserny\u0151s\u00f6k &#8211; alkot\u00f3nap a Varga Imre 100 c\u00edm\u0171 ki\u00e1ll\u00edt\u00e1son<\/strong><br \/>\n\u00d3buda f\u0151ter\u00e9nek sark\u00e1n n\u00e9gy eserny\u0151s h\u00f6lgy v\u00e1rakozik. Vajon kik lehetnek \u0151k? Mi j\u00e1rhat a fej\u00fckben? Hov\u00e1 mehetnek, mit csin\u00e1lhatnak \u00e9ppen? Varga Imre V\u00e1rakoz\u00f3k c\u00edm\u0171 szoborcsoportja a Gy\u0171jtem\u00e9ny k\u00f6zvetlen k\u00f6zel\u00e9ben a Szindb\u00e1d t\u00e9ren tal\u00e1lhat\u00f3, kism\u00e9ret\u0171 tervv\u00e1ltozata a ki\u00e1ll\u00edt\u00e1s r\u00e9sze. Az Eserny\u0151s\u00f6kkel egy\u00fctt az \u0151sz bek\u00f6lt\u00f6zik a ki\u00e1ll\u00edt\u00f3t\u00e9rbe, \u00e9s k\u00fcl\u00f6nf\u00e9le sz\u00ednes j\u00e1t\u00e9kok, alkot\u00e1si lehet\u0151s\u00e9gek v\u00e1rj\u00e1k a l\u00e1togat\u00f3kat.<br \/>\nA program korhat\u00e1r n\u00e9lk\u00fcl ingyenes.<br \/>\n<strong>Helysz\u00edn:<\/strong> Varga Imre Gy\u0171jtem\u00e9ny, 1033, Bp. Laktanya u. 7.<\/p>\n<p>2023. 11. 04., szombat, 11.30<br \/>\n<strong>Mindenki hozzon mag\u00e1val egy eserny\u0151t! &#8211; Flashmob a V\u00e1rakoz\u00f3k szoborcsoportj\u00e1n\u00e1l, a Szindb\u00e1d t\u00e9ren<\/strong><br \/>\nVarga Imre V\u00e1rakoz\u00f3k c\u00edm\u0171 szoborcsoportj\u00e1t a legt\u00f6bben Eserny\u0151s\u00f6k c\u00edmen emlegetik. A szombati alkot\u00f3nap r\u00e9szek\u00e9nt az \u00e9rdekl\u0151d\u0151k \u00e9s az arra j\u00e1r\u00f3k mind eserny\u0151s szobrokk\u00e1 v\u00e1lhatnak \u00d3buda F\u0151 ter\u00e9nek sark\u00e1n.<br \/>\nA program korhat\u00e1r n\u00e9lk\u00fcl ingyenes.<br \/>\n<strong>Helysz\u00edn: <\/strong>1033, Bp. Szindb\u00e1d t\u00e9r<\/p>\n<p>2023. 11. 04., szombat, 16.00<br \/>\n<strong>Varga Imre 100 &#8211; T\u00e1rlatvezet\u00e9s a jubileumi ki\u00e1ll\u00edt\u00e1son<\/strong><br \/>\nA r\u00e9szv\u00e9tel ingyenes.<br \/>\n<strong>Helysz\u00edn:<\/strong> Varga Imre Gy\u0171jtem\u00e9ny, 1033, Bp. Laktanya u. 7.[\/vc_column_text][vc_empty_space height=&#8221;45&#8243;][vc_separator type=&#8221;normal&#8221; color=&#8221;#c6c6c6&#8243; up=&#8221;10&#8243; down=&#8221;20&#8243;][vc_single_image image=&#8221;19992&#8243; img_size=&#8221;256&#215;125&#8243; onclick=&#8221;custom_link&#8221; img_link_target=&#8221;_blank&#8221; qode_css_animation=&#8221;&#8221; link=&#8221;http:\/\/www.nka.hu&#8221;][vc_empty_space][\/vc_column][\/vc_row][vc_row css_animation=&#8221;&#8221; row_type=&#8221;row&#8221; use_row_as_full_screen_section=&#8221;no&#8221; type=&#8221;grid&#8221; angled_section=&#8221;no&#8221; text_align=&#8221;left&#8221; background_image_as_pattern=&#8221;without_pattern&#8221; template=&#8221;ism_template_1&#8243; ism_overlock=&#8221;default&#8221; sm_d_text=&#8221;<\/p>\n<h2>This content is locked<\/h2>\n<p>Share This Page To Unlock The Content!&#8221;][vc_column][vc_empty_space height=&#8221;45px&#8221;][\/vc_column][\/vc_row]<\/p>\n<\/div>","protected":false},"excerpt":{"rendered":"<p>[vc_row css_animation=&#8221;&#8221; row_type=&#8221;row&#8221; use_row_as_full_screen_section=&#8221;no&#8221; type=&#8221;grid&#8221; angled_section=&#8221;no&#8221; text_align=&#8221;left&#8221; background_image_as_pattern=&#8221;without_pattern&#8221; template=&#8221;ism_template_1&#8243; ism_overlock=&#8221;default&#8221; sm_d_text=&#8221; This content is locked&#8230;<\/p>\n","protected":false},"author":11,"featured_media":0,"parent":0,"menu_order":0,"comment_status":"closed","ping_status":"closed","template":"full_width.php","meta":{"inline_featured_image":false,"loftloader_pro_show_once":"","loftloader_pro_page_shortcode":"","footnotes":""},"class_list":["post-20014","page","type-page","status-publish","hentry"],"_links":{"self":[{"href":"https:\/\/budapestgaleria.hu\/_\/wp-json\/wp\/v2\/pages\/20014","targetHints":{"allow":["GET"]}}],"collection":[{"href":"https:\/\/budapestgaleria.hu\/_\/wp-json\/wp\/v2\/pages"}],"about":[{"href":"https:\/\/budapestgaleria.hu\/_\/wp-json\/wp\/v2\/types\/page"}],"author":[{"embeddable":true,"href":"https:\/\/budapestgaleria.hu\/_\/wp-json\/wp\/v2\/users\/11"}],"replies":[{"embeddable":true,"href":"https:\/\/budapestgaleria.hu\/_\/wp-json\/wp\/v2\/comments?post=20014"}],"version-history":[{"count":0,"href":"https:\/\/budapestgaleria.hu\/_\/wp-json\/wp\/v2\/pages\/20014\/revisions"}],"wp:attachment":[{"href":"https:\/\/budapestgaleria.hu\/_\/wp-json\/wp\/v2\/media?parent=20014"}],"curies":[{"name":"wp","href":"https:\/\/api.w.org\/{rel}","templated":true}]}}