{"id":20153,"date":"2023-11-30T11:08:19","date_gmt":"2023-11-30T10:08:19","guid":{"rendered":"https:\/\/budapestgaleria.hu\/_\/?page_id=20153"},"modified":"2024-01-22T12:12:32","modified_gmt":"2024-01-22T11:12:32","slug":"mutargyvedelem","status":"publish","type":"page","link":"https:\/\/budapestgaleria.hu\/_\/kozteri-muveszeti-osztaly\/mutargyvedelem\/","title":{"rendered":"\u00datmutat\u00f3 k\u00f6zt\u00e9ri m\u0171t\u00e1rgyv\u00e9delemhez"},"content":{"rendered":"<div class=\"wpb-content-wrapper\"><p>[vc_row css_animation=&#8221;&#8221; row_type=&#8221;row&#8221; use_row_as_full_screen_section=&#8221;no&#8221; type=&#8221;grid&#8221; angled_section=&#8221;no&#8221; text_align=&#8221;left&#8221; background_image_as_pattern=&#8221;without_pattern&#8221; template=&#8221;ism_template_1&#8243; ism_overlock=&#8221;default&#8221; sm_d_text=&#8221;<\/p>\n<h2>This content is locked<\/h2>\n<p>Share This Page To Unlock The Content!&#8221;][vc_column][vc_single_image image=&#8221;20154&#8243; img_size=&#8221;full&#8221; qode_css_animation=&#8221;&#8221;][\/vc_column][\/vc_row][vc_row css_animation=&#8221;&#8221; row_type=&#8221;row&#8221; use_row_as_full_screen_section=&#8221;no&#8221; type=&#8221;grid&#8221; angled_section=&#8221;no&#8221; text_align=&#8221;left&#8221; background_image_as_pattern=&#8221;without_pattern&#8221;][vc_column][vc_empty_space height=&#8221;45px&#8221;][vc_column_text]<\/p>\n<h1 class=\"cim_1\">\u00datmutat\u00f3 k\u00f6zt\u00e9ri m\u0171t\u00e1rgyv\u00e9delemhez \u00e9p\u00edtkez\u00e9sek idej\u00e9n<\/h1>\n<p>[\/vc_column_text][vc_empty_space height=&#8221;45px&#8221;][\/vc_column][\/vc_row][vc_row css_animation=&#8221;&#8221; seperator_indeed_locker=&#8221;&#8221; lk_t=&#8221;ism_template_1&#8243; lk_io=&#8221;default&#8221; lk_dm=&#8221;0&#8243; lk_thm=&#8221;0&#8243; lk_tuo=&#8221;0&#8243; ru_on=&#8221;0&#8243; uhc_on=&#8221;0&#8243; ur_on=&#8221;0&#8243; ref_on=&#8221;0&#8243; row_type=&#8221;row&#8221; use_row_as_full_screen_section=&#8221;no&#8221; type=&#8221;grid&#8221; angled_section=&#8221;no&#8221; text_align=&#8221;left&#8221; background_image_as_pattern=&#8221;without_pattern&#8221;][vc_column][vc_column_text]A BTM \u2013 Budapest Gal\u00e9ria, a f\u0151v\u00e1rosi tulajdon\u00fa k\u00f6zt\u00e9ri m\u0171vek kezel\u0151je az ut\u00f3bbi id\u0151ben azt tapasztalja, hogy <strong>az egyre t\u00f6bb budapesti \u00e9p\u00edtkez\u00e9s miatt sok f\u0151v\u00e1rosi k\u00f6zt\u00e9ri m\u0171 ker\u00fcl vesz\u00e9lybe \/ s\u00e9r\u00fcl a m\u0171t\u00e1rgyv\u00e9delem elmulaszt\u00e1sa miatt<\/strong>. Ennek f\u0151 ok\u00e1t a BTM \u2013 Budapest Gal\u00e9ria az inform\u00e1ci\u00f3hi\u00e1nyban \u00e9s figyelmetlens\u00e9gben l\u00e1tja, \u00e9ppen ez\u00e9rt tartja sz\u00fcks\u00e9gesnek \u00f6sszegy\u0171jteni azokat a szempontokat, amelyek betart\u00e1s\u00e1val a k\u00f6zt\u00e9ri m\u0171vek v\u00e9delme a fav\u00e9delemhez hasonl\u00f3an sikeresen megval\u00f3sulhat az \u00e9p\u00edtkez\u00e9sek ideje alatt.<\/p>\n<p>A k\u00f6zt\u00e9ri m\u0171t\u00e1rgyv\u00e9delem szab\u00e1lyainak lefektet\u00e9sekor neh\u00e9z \u00e1ltal\u00e1nos\u00edtani, hiszen minden eset m\u00e1s, \u00e9s nem minden vesz\u00e9llyel lehet sz\u00e1molni. Teh\u00e1t az al\u00e1bbi \u00f6sszefoglal\u00f3 egy \u00e1ltal\u00e1nosan k\u00f6vetend\u0151 \u00fatmutat\u00f3, amivel a kiviteli terv k\u00e9sz\u00edt\u0151inek sz\u00fcks\u00e9ges kalkul\u00e1lnia.<\/p>\n<p><strong>A K\u00d6ZT\u00c9RI M\u0170T\u00c1RGYAK V\u00c9DELME \u00c9RDEK\u00c9BEN:<\/strong><\/p>\n<p>Amennyiben a tervezett \u00e9p\u00edtkez\u00e9s \u00e9rint\/\u00e9rinthet f\u0151v\u00e1rosi tulajdon\u00fa k\u00f6zt\u00e9ri m\u0171t\u00e1rgyat, azaz az \u00e9p\u00edt\u00e9si ter\u00fcleten, vagy annak k\u00f6zvetlen k\u00f6rnyezet\u00e9ben tal\u00e1lhat\u00f3, \u00fagy az \u00e9p\u00edtkez\u00e9s megkezd\u00e9se el\u0151tt helysz\u00edni szeml\u00e9t kell \u00f6sszeh\u00edvni a k\u00f6zt\u00e9ri m\u0171 kezel\u0151je, a BTM \u2013 Budapest Gal\u00e9ria, az \u00e9p\u00edtkez\u00e9s illet\u00e9kesei, valamint restaur\u00e1tor \u00e1llapotfelm\u00e9r\u00e9si \/ dokument\u00e1ci\u00f3s k\u00f6zrem\u0171k\u00f6d\u00e9s\u00e9vel, ahol szakmai konzult\u00e1ci\u00f3 sor\u00e1n meghat\u00e1rozz\u00e1k a v\u00e9delem ir\u00e1ny\u00e1t, \u00e9s minderr\u0151l jegyz\u0151k\u00f6nyvet k\u00e9sz\u00edtenek.<\/p>\n<p>A helysz\u00edni szeml\u00e9n meghat\u00e1roz\u00e1sra ker\u00fcl a m\u0171t\u00e1rgy v\u00e9delm\u00e9nek kialak\u00edt\u00e1sa, figyelembe v\u00e9ve az \u00e9p\u00edtkez\u00e9s esetleges v\u00e1ltoz\u00f3 k\u00f6r\u00fclm\u00e9nyeit, mindenkori saj\u00e1toss\u00e1g\u00e1t, az id\u0151j\u00e1r\u00e1st \u00e9s az id\u0151intervallumot is (pl. 1 h\u00f3napn\u00e1l hosszabb ideig tart\u00f3 eltakar\u00e1s eset\u00e9n, a m\u0171t\u00e1rgy fot\u00f3j\u00e1t aj\u00e1nlatos molin\u00f3n r\u00f6gz\u00edteni, hogy m\u00e9gis l\u00e1that\u00f3 legyen).<\/p>\n<p><strong>Az \u00e9p\u00edtkez\u00e9ssel \u00e9rintett k\u00f6zt\u00e9ri m\u0171 optim\u00e1lis takar\u00e1s\u00e1ra a helysz\u00edni szemle keret\u00e9ben a BTM \u2013 Budapest Gal\u00e9ria tesz javaslatot. Ennek legt\u00f6bbsz\u00f6r haszn\u00e1lt m\u00f3djai:<\/strong><\/p>\n<p>&#8211; mobil ker\u00edt\u00e9s<br \/>\n&#8211; fel\u00fcl is z\u00e1rt (fa, pozdorja, stb\u2026) \u00e9p\u00edtm\u00e9ny<br \/>\n&#8211; savmentes pap\u00edrral, l\u00e9g\u00e1tereszt\u0151 f\u00f3li\u00e1val (semmi esetre sem csak f\u00f3li\u00e1val becsomagolva) t\u00f6rt\u00e9n\u0151 v\u00e9delem<\/p>\n<p><strong>A k\u00f6zt\u00e9ri m\u0171 v\u00e9delm\u00e9nek kialak\u00edt\u00e1sakor \u00fcgyelni kell a k\u00f6vetkez\u0151kre:<\/strong><\/p>\n<p>&#8211; a m\u0171t\u00e1rgy k\u00f6zel\u00e9ben az \u00e9p\u00edt\u0151anyag \u00e9s munkaeszk\u00f6z\u00f6k megfelel\u0151 t\u00e1vols\u00e1gban t\u00f6rt\u00e9n\u0151 elhelyez\u00e9se,<br \/>\nt\u00e1rol\u00e1sa<br \/>\n&#8211; \u00e9p\u00edt\u00e9si munkag\u00f6dr\u00f6k melletti v\u00e9delem biztos\u00edt\u00e1sa<br \/>\n&#8211; szigetel\u00e9s megold\u00e1sa<br \/>\n&#8211; k\u00f6zm\u0171vek figyelembev\u00e9tel\u00e9vel t\u00f6rt\u00e9n\u0151 kialak\u00edt\u00e1s<br \/>\n&#8211; ne ker\u00fclj\u00f6n hullad\u00e9k az elker\u00edtett r\u00e9szre (kommun\u00e1lis, vesz\u00e9lyes, \u00e9p\u00edt\u00e9si t\u00f6rmel\u00e9k; szabad tet\u0151 eset\u00e9n a mad\u00e1r guano letakar\u00edt\u00e1sa folyamatosan)<br \/>\n&#8211; a v\u00e9delmet addig kell fenntartani, am\u00edg az \u00e9p\u00edtkez\u00e9s folyik.<\/p>\n<p><strong>Az \u00e9p\u00edt\u00e9si munka befejezt\u00e9vel sz\u00fcks\u00e9ges l\u00e9p\u00e9sek:<\/strong><\/p>\n<p>&#8211; a v\u00e9delem megsz\u00fcntet\u00e9se,<br \/>\n&#8211; a m\u0171t\u00e1rgy tiszt\u00edt\u00e1sa (restaur\u00e1tor \u00e1ltal el\u0151\u00edrt m\u00f3don, k\u00fcl\u00f6n\u00f6s tekintettel az anyaghaszn\u00e1latra),<br \/>\n&#8211; \u00f6sszehasonl\u00edt\u00f3 \u00e1llapotfelm\u00e9r\u00e9s<br \/>\n&#8211; esetleges probl\u00e9m\u00e1k jav\u00edt\u00e1sa<br \/>\n&#8211; a k\u00f6zt\u00e9ri m\u0171 \u00e1tad\u00e1sa a BTM \u2013 Budapest Gal\u00e9ria r\u00e9sz\u00e9re \u2013 helysz\u00edni szemle, jegyz\u0151k\u00f6nyvfelv\u00e9tel<\/p>\n<p>A fentiek betart\u00e1s\u00e1val el\u00e9rhet\u0151 a k\u00f6zt\u00e9ri m\u0171vek \u00e9p\u00edtkez\u00e9sek alatti v\u00e9delme, amely a k\u00f6zt\u00e9ri m\u0171t\u00e1rgyak sors\u00e1t \u00e9rz\u00e9kenyen figyel\u0151 t\u00e1rsadalom sz\u00e1m\u00e1ra is megnyugtat\u00e1sul szolg\u00e1lhat.<\/p>\n<p>2023. november 30.[\/vc_column_text][vc_empty_space][vc_single_image image=&#8221;20157&#8243; img_size=&#8221;full&#8221; qode_css_animation=&#8221;&#8221;][vc_empty_space][vc_single_image image=&#8221;20631&#8243; img_size=&#8221;full&#8221; qode_css_animation=&#8221;&#8221;][vc_empty_space][vc_single_image image=&#8221;20161&#8243; img_size=&#8221;full&#8221; qode_css_animation=&#8221;&#8221;][\/vc_column][\/vc_row][vc_row css_animation=&#8221;&#8221; row_type=&#8221;row&#8221; use_row_as_full_screen_section=&#8221;no&#8221; type=&#8221;grid&#8221; angled_section=&#8221;no&#8221; text_align=&#8221;left&#8221; background_image_as_pattern=&#8221;without_pattern&#8221; template=&#8221;ism_template_1&#8243; ism_overlock=&#8221;default&#8221; sm_d_text=&#8221;<\/p>\n<h2>This content is locked<\/h2>\n<p>Share This Page To Unlock The Content!&#8221;][vc_column][vc_empty_space height=&#8221;45px&#8221;][\/vc_column][\/vc_row]<\/p>\n<\/div>","protected":false},"excerpt":{"rendered":"<p>[vc_row css_animation=&#8221;&#8221; row_type=&#8221;row&#8221; use_row_as_full_screen_section=&#8221;no&#8221; type=&#8221;grid&#8221; angled_section=&#8221;no&#8221; text_align=&#8221;left&#8221; background_image_as_pattern=&#8221;without_pattern&#8221; template=&#8221;ism_template_1&#8243; ism_overlock=&#8221;default&#8221; sm_d_text=&#8221; This content is locked&#8230;<\/p>\n","protected":false},"author":11,"featured_media":0,"parent":20567,"menu_order":0,"comment_status":"closed","ping_status":"closed","template":"full_width.php","meta":{"inline_featured_image":false,"loftloader_pro_show_once":"","loftloader_pro_page_shortcode":"","footnotes":""},"class_list":["post-20153","page","type-page","status-publish","hentry"],"_links":{"self":[{"href":"https:\/\/budapestgaleria.hu\/_\/wp-json\/wp\/v2\/pages\/20153","targetHints":{"allow":["GET"]}}],"collection":[{"href":"https:\/\/budapestgaleria.hu\/_\/wp-json\/wp\/v2\/pages"}],"about":[{"href":"https:\/\/budapestgaleria.hu\/_\/wp-json\/wp\/v2\/types\/page"}],"author":[{"embeddable":true,"href":"https:\/\/budapestgaleria.hu\/_\/wp-json\/wp\/v2\/users\/11"}],"replies":[{"embeddable":true,"href":"https:\/\/budapestgaleria.hu\/_\/wp-json\/wp\/v2\/comments?post=20153"}],"version-history":[{"count":0,"href":"https:\/\/budapestgaleria.hu\/_\/wp-json\/wp\/v2\/pages\/20153\/revisions"}],"up":[{"embeddable":true,"href":"https:\/\/budapestgaleria.hu\/_\/wp-json\/wp\/v2\/pages\/20567"}],"wp:attachment":[{"href":"https:\/\/budapestgaleria.hu\/_\/wp-json\/wp\/v2\/media?parent=20153"}],"curies":[{"name":"wp","href":"https:\/\/api.w.org\/{rel}","templated":true}]}}

Útmutató köztéri műtárgyvédelemhez

<div class="wpb-content-wrapper"><p>[vc_row css_animation=&#8221;&#8221; row_type=&#8221;row&#8221; use_row_as_full_screen_section=&#8221;no&#8221; type=&#8221;grid&#8221; angled_section=&#8221;no&#8221; text_align=&#8221;left&#8221; background_image_as_pattern=&#8221;without_pattern&#8221; template=&#8221;ism_template_1&#8243; ism_overlock=&#8221;default&#8221; sm_d_text=&#8221;</p>
<h2>This content is locked</h2>
<p>Share This Page To Unlock The Content!&#8221;][vc_column][vc_single_image image=&#8221;20154&#8243; img_size=&#8221;full&#8221; qode_css_animation=&#8221;&#8221;][/vc_column][/vc_row][vc_row css_animation=&#8221;&#8221; row_type=&#8221;row&#8221; use_row_as_full_screen_section=&#8221;no&#8221; type=&#8221;grid&#8221; angled_section=&#8221;no&#8221; text_align=&#8221;left&#8221; background_image_as_pattern=&#8221;without_pattern&#8221;][vc_column][vc_empty_space height=&#8221;45px&#8221;][vc_column_text]</p>
<h1 class="cim_1">Útmutató köztéri műtárgyvédelemhez építkezések idején</h1>
<p>[/vc_column_text][vc_empty_space height=&#8221;45px&#8221;][/vc_column][/vc_row][vc_row css_animation=&#8221;&#8221; seperator_indeed_locker=&#8221;&#8221; lk_t=&#8221;ism_template_1&#8243; lk_io=&#8221;default&#8221; lk_dm=&#8221;0&#8243; lk_thm=&#8221;0&#8243; lk_tuo=&#8221;0&#8243; ru_on=&#8221;0&#8243; uhc_on=&#8221;0&#8243; ur_on=&#8221;0&#8243; ref_on=&#8221;0&#8243; row_type=&#8221;row&#8221; use_row_as_full_screen_section=&#8221;no&#8221; type=&#8221;grid&#8221; angled_section=&#8221;no&#8221; text_align=&#8221;left&#8221; background_image_as_pattern=&#8221;without_pattern&#8221;][vc_column][vc_column_text]A BTM – Budapest Galéria, a fővárosi tulajdonú köztéri művek kezelője az utóbbi időben azt tapasztalja, hogy <strong>az egyre több budapesti építkezés miatt sok fővárosi köztéri mű kerül veszélybe / sérül a műtárgyvédelem elmulasztása miatt</strong>. Ennek fő okát a BTM – Budapest Galéria az információhiányban és figyelmetlenségben látja, éppen ezért tartja szükségesnek összegyűjteni azokat a szempontokat, amelyek betartásával a köztéri művek védelme a favédelemhez hasonlóan sikeresen megvalósulhat az építkezések ideje alatt.</p>
<p>A köztéri műtárgyvédelem szabályainak lefektetésekor nehéz általánosítani, hiszen minden eset más, és nem minden veszéllyel lehet számolni. Tehát az alábbi összefoglaló egy általánosan követendő útmutató, amivel a kiviteli terv készítőinek szükséges kalkulálnia.</p>
<p><strong>A KÖZTÉRI MŰTÁRGYAK VÉDELME ÉRDEKÉBEN:</strong></p>
<p>Amennyiben a tervezett építkezés érint/érinthet fővárosi tulajdonú köztéri műtárgyat, azaz az építési területen, vagy annak közvetlen környezetében található, úgy az építkezés megkezdése előtt helyszíni szemlét kell összehívni a köztéri mű kezelője, a BTM – Budapest Galéria, az építkezés illetékesei, valamint restaurátor állapotfelmérési / dokumentációs közreműködésével, ahol szakmai konzultáció során meghatározzák a védelem irányát, és minderről jegyzőkönyvet készítenek.</p>
<p>A helyszíni szemlén meghatározásra kerül a műtárgy védelmének kialakítása, figyelembe véve az építkezés esetleges változó körülményeit, mindenkori sajátosságát, az időjárást és az időintervallumot is (pl. 1 hónapnál hosszabb ideig tartó eltakarás esetén, a műtárgy fotóját ajánlatos molinón rögzíteni, hogy mégis látható legyen).</p>
<p><strong>Az építkezéssel érintett köztéri mű optimális takarására a helyszíni szemle keretében a BTM – Budapest Galéria tesz javaslatot. Ennek legtöbbször használt módjai:</strong></p>
<p>&#8211; mobil kerítés<br />
&#8211; felül is zárt (fa, pozdorja, stb…) építmény<br />
&#8211; savmentes papírral, légáteresztő fóliával (semmi esetre sem csak fóliával becsomagolva) történő védelem</p>
<p><strong>A köztéri mű védelmének kialakításakor ügyelni kell a következőkre:</strong></p>
<p>&#8211; a műtárgy közelében az építőanyag és munkaeszközök megfelelő távolságban történő elhelyezése,<br />
tárolása<br />
&#8211; építési munkagödrök melletti védelem biztosítása<br />
&#8211; szigetelés megoldása<br />
&#8211; közművek figyelembevételével történő kialakítás<br />
&#8211; ne kerüljön hulladék az elkerített részre (kommunális, veszélyes, építési törmelék; szabad tető esetén a madár guano letakarítása folyamatosan)<br />
&#8211; a védelmet addig kell fenntartani, amíg az építkezés folyik.</p>
<p><strong>Az építési munka befejeztével szükséges lépések:</strong></p>
<p>&#8211; a védelem megszüntetése,<br />
&#8211; a műtárgy tisztítása (restaurátor által előírt módon, különös tekintettel az anyaghasználatra),<br />
&#8211; összehasonlító állapotfelmérés<br />
&#8211; esetleges problémák javítása<br />
&#8211; a köztéri mű átadása a BTM – Budapest Galéria részére – helyszíni szemle, jegyzőkönyvfelvétel</p>
<p>A fentiek betartásával elérhető a köztéri művek építkezések alatti védelme, amely a köztéri műtárgyak sorsát érzékenyen figyelő társadalom számára is megnyugtatásul szolgálhat.</p>
<p>2023. november 30.[/vc_column_text][vc_empty_space][vc_single_image image=&#8221;20157&#8243; img_size=&#8221;full&#8221; qode_css_animation=&#8221;&#8221;][vc_empty_space][vc_single_image image=&#8221;20631&#8243; img_size=&#8221;full&#8221; qode_css_animation=&#8221;&#8221;][vc_empty_space][vc_single_image image=&#8221;20161&#8243; img_size=&#8221;full&#8221; qode_css_animation=&#8221;&#8221;][/vc_column][/vc_row][vc_row css_animation=&#8221;&#8221; row_type=&#8221;row&#8221; use_row_as_full_screen_section=&#8221;no&#8221; type=&#8221;grid&#8221; angled_section=&#8221;no&#8221; text_align=&#8221;left&#8221; background_image_as_pattern=&#8221;without_pattern&#8221; template=&#8221;ism_template_1&#8243; ism_overlock=&#8221;default&#8221; sm_d_text=&#8221;</p>
<h2>This content is locked</h2>
<p>Share This Page To Unlock The Content!&#8221;][vc_column][vc_empty_space height=&#8221;45px&#8221;][/vc_column][/vc_row]</p>
</div>
