{"id":20271,"date":"2023-12-21T10:58:16","date_gmt":"2023-12-21T09:58:16","guid":{"rendered":"https:\/\/budapestgaleria.hu\/_\/?page_id=20271"},"modified":"2025-10-30T10:34:50","modified_gmt":"2025-10-30T09:34:50","slug":"archivum-projektek-budapest-galeria","status":"publish","type":"page","link":"https:\/\/budapestgaleria.hu\/_\/archivum-projektek-budapest-galeria\/","title":{"rendered":"Arch\u00edvum | Projektek | Budapest Gal\u00e9ria"},"content":{"rendered":"<div class=\"wpb-content-wrapper\"><p>[vc_row css_animation=&#8221;&#8221; seperator_indeed_locker=&#8221;&#8221; row_type=&#8221;row&#8221; use_row_as_full_screen_section=&#8221;no&#8221; type=&#8221;grid&#8221; angled_section=&#8221;no&#8221; text_align=&#8221;left&#8221; background_image_as_pattern=&#8221;without_pattern&#8221; template=&#8221;ism_template_1&#8243; ism_overlock=&#8221;default&#8221; sm_d_text=&#8221;<\/p>\n<h2>This content is locked<\/h2>\n<p>Share This Page To Unlock The Content!&#8221; z_index=&#8221;&#8221;][vc_column][vc_single_image image=&#8221;20275&#8243; img_size=&#8221;full&#8221; qode_css_animation=&#8221;&#8221;][vc_empty_space height=&#8221;10px&#8221;][vc_column_text]<\/p>\n<p class=\"kepalairas_cim_jobb\">Horv\u00e1th Gideon: <em>Eml\u00e9k, ami lehetett volna<\/em>, 2023 | Flaszter Bienn\u00e1le | Fot\u00f3: Krist\u00f3f Bal\u00e1zs<\/p>\n<p>[\/vc_column_text][vc_empty_space][\/vc_column][\/vc_row][vc_row css_animation=&#8221;&#8221; row_type=&#8221;row&#8221; use_row_as_full_screen_section=&#8221;no&#8221; type=&#8221;grid&#8221; angled_section=&#8221;no&#8221; text_align=&#8221;left&#8221; background_image_as_pattern=&#8221;without_pattern&#8221; template=&#8221;ism_template_1&#8243; ism_overlock=&#8221;default&#8221; sm_d_text=&#8221;<\/p>\n<h2>This content is locked<\/h2>\n<p>Share This Page To Unlock The Content!&#8221;][vc_column][vc_empty_space][vc_accordion style=&#8221;accordion&#8221;][vc_accordion_tab title=&#8221;2025&#8243;][vc_column_text css=&#8221;&#8221;]<a href=\"https:\/\/budapestgaleria.hu\/_\/szemaforfesztival\/\">SZEMAFOR Fesztiv\u00e1l &#8211; M\u0171v\u00e9szetpedag\u00f3giai programok \u00e9s ki\u00e1ll\u00edt\u00e1s a Budapest Gal\u00e9ri\u00e1ban<\/a>[\/vc_column_text][\/vc_accordion_tab][vc_accordion_tab title=&#8221;2023&#8243;][vc_column_text]<a href=\"https:\/\/budapestgaleria.hu\/_\/rachel-fallon-jelen-vagyok\/\">Rachel Fallon | <em>Jelen vagyok<\/em><\/a><\/p>\n<p><a href=\"https:\/\/budapestgaleria.hu\/_\/flaszter\/\"><em>Flaszter &#8211; 1. Budapesti K\u00f6zt\u00e9ri Kort\u00e1rs M\u0171v\u00e9szeti Bienn\u00e1le<\/em><\/a>[\/vc_column_text][\/vc_accordion_tab][vc_accordion_tab title=&#8221;2022&#8243;][vc_column_text el_class=&#8221;eves-lista&#8221;]<a href=\"https:\/\/budapestgaleria.hu\/_\/2022-kiallitasok\/variaciok-emlekmure\/\"><em>Vari\u00e1ci\u00f3k eml\u00e9km\u0171re<\/em><\/a>[\/vc_column_text][\/vc_accordion_tab][\/vc_accordion][\/vc_column][\/vc_row][vc_row css_animation=&#8221;&#8221; row_type=&#8221;row&#8221; use_row_as_full_screen_section=&#8221;no&#8221; type=&#8221;full_width&#8221; angled_section=&#8221;no&#8221; text_align=&#8221;left&#8221; background_image_as_pattern=&#8221;without_pattern&#8221;][vc_column][vc_empty_space height=&#8221;45px&#8221;][\/vc_column][\/vc_row]<\/p>\n<\/div>","protected":false},"excerpt":{"rendered":"<p>[vc_row css_animation=&#8221;&#8221; seperator_indeed_locker=&#8221;&#8221; row_type=&#8221;row&#8221; use_row_as_full_screen_section=&#8221;no&#8221; type=&#8221;grid&#8221; angled_section=&#8221;no&#8221; text_align=&#8221;left&#8221; background_image_as_pattern=&#8221;without_pattern&#8221; template=&#8221;ism_template_1&#8243; ism_overlock=&#8221;default&#8221; sm_d_text=&#8221; This content is&#8230;<\/p>\n","protected":false},"author":11,"featured_media":0,"parent":0,"menu_order":0,"comment_status":"closed","ping_status":"closed","template":"full_width.php","meta":{"inline_featured_image":false,"loftloader_pro_show_once":"","loftloader_pro_page_shortcode":"","footnotes":""},"class_list":["post-20271","page","type-page","status-publish","hentry"],"_links":{"self":[{"href":"https:\/\/budapestgaleria.hu\/_\/wp-json\/wp\/v2\/pages\/20271","targetHints":{"allow":["GET"]}}],"collection":[{"href":"https:\/\/budapestgaleria.hu\/_\/wp-json\/wp\/v2\/pages"}],"about":[{"href":"https:\/\/budapestgaleria.hu\/_\/wp-json\/wp\/v2\/types\/page"}],"author":[{"embeddable":true,"href":"https:\/\/budapestgaleria.hu\/_\/wp-json\/wp\/v2\/users\/11"}],"replies":[{"embeddable":true,"href":"https:\/\/budapestgaleria.hu\/_\/wp-json\/wp\/v2\/comments?post=20271"}],"version-history":[{"count":2,"href":"https:\/\/budapestgaleria.hu\/_\/wp-json\/wp\/v2\/pages\/20271\/revisions"}],"predecessor-version":[{"id":24171,"href":"https:\/\/budapestgaleria.hu\/_\/wp-json\/wp\/v2\/pages\/20271\/revisions\/24171"}],"wp:attachment":[{"href":"https:\/\/budapestgaleria.hu\/_\/wp-json\/wp\/v2\/media?parent=20271"}],"curies":[{"name":"wp","href":"https:\/\/api.w.org\/{rel}","templated":true}]}}

Archívum | Projektek | Budapest Galéria

<div class="wpb-content-wrapper"><p>[vc_row css_animation=&#8221;&#8221; seperator_indeed_locker=&#8221;&#8221; row_type=&#8221;row&#8221; use_row_as_full_screen_section=&#8221;no&#8221; type=&#8221;grid&#8221; angled_section=&#8221;no&#8221; text_align=&#8221;left&#8221; background_image_as_pattern=&#8221;without_pattern&#8221; template=&#8221;ism_template_1&#8243; ism_overlock=&#8221;default&#8221; sm_d_text=&#8221;</p>
<h2>This content is locked</h2>
<p>Share This Page To Unlock The Content!&#8221; z_index=&#8221;&#8221;][vc_column][vc_single_image image=&#8221;20275&#8243; img_size=&#8221;full&#8221; qode_css_animation=&#8221;&#8221;][vc_empty_space height=&#8221;10px&#8221;][vc_column_text]</p>
<p class="kepalairas_cim_jobb">Horváth Gideon: <em>Emlék, ami lehetett volna</em>, 2023 | Flaszter Biennále | Fotó: Kristóf Balázs</p>
<p>[/vc_column_text][vc_empty_space][/vc_column][/vc_row][vc_row css_animation=&#8221;&#8221; row_type=&#8221;row&#8221; use_row_as_full_screen_section=&#8221;no&#8221; type=&#8221;grid&#8221; angled_section=&#8221;no&#8221; text_align=&#8221;left&#8221; background_image_as_pattern=&#8221;without_pattern&#8221; template=&#8221;ism_template_1&#8243; ism_overlock=&#8221;default&#8221; sm_d_text=&#8221;</p>
<h2>This content is locked</h2>
<p>Share This Page To Unlock The Content!&#8221;][vc_column][vc_empty_space][vc_accordion style=&#8221;accordion&#8221;][vc_accordion_tab title=&#8221;2025&#8243;][vc_column_text css=&#8221;&#8221;]<a href="https://budapestgaleria.hu/_/szemaforfesztival/">SZEMAFOR Fesztivál &#8211; Művészetpedagógiai programok és kiállítás a Budapest Galériában</a>[/vc_column_text][/vc_accordion_tab][vc_accordion_tab title=&#8221;2023&#8243;][vc_column_text]<a href="https://budapestgaleria.hu/_/rachel-fallon-jelen-vagyok/">Rachel Fallon | <em>Jelen vagyok</em></a></p>
<p><a href="https://budapestgaleria.hu/_/flaszter/"><em>Flaszter &#8211; 1. Budapesti Köztéri Kortárs Művészeti Biennále</em></a>[/vc_column_text][/vc_accordion_tab][vc_accordion_tab title=&#8221;2022&#8243;][vc_column_text el_class=&#8221;eves-lista&#8221;]<a href="https://budapestgaleria.hu/_/2022-kiallitasok/variaciok-emlekmure/"><em>Variációk emlékműre</em></a>[/vc_column_text][/vc_accordion_tab][/vc_accordion][/vc_column][/vc_row][vc_row css_animation=&#8221;&#8221; row_type=&#8221;row&#8221; use_row_as_full_screen_section=&#8221;no&#8221; type=&#8221;full_width&#8221; angled_section=&#8221;no&#8221; text_align=&#8221;left&#8221; background_image_as_pattern=&#8221;without_pattern&#8221;][vc_column][vc_empty_space height=&#8221;45px&#8221;][/vc_column][/vc_row]</p>
</div>
