{"id":20377,"date":"2023-12-22T12:35:59","date_gmt":"2023-12-22T11:35:59","guid":{"rendered":"https:\/\/budapestgaleria.hu\/_\/?page_id=20377"},"modified":"2026-04-16T16:55:03","modified_gmt":"2026-04-16T14:55:03","slug":"muzeumpedagogia","status":"publish","type":"page","link":"https:\/\/budapestgaleria.hu\/_\/varga-imre-gyujtemeny\/muzeumpedagogia\/","title":{"rendered":"M\u00fazeumpedag\u00f3gia | Varga Imre Gy\u0171jtem\u00e9ny"},"content":{"rendered":"<div class=\"wpb-content-wrapper\"><p>[vc_row css_animation=&#8221;&#8221; row_type=&#8221;row&#8221; use_row_as_full_screen_section=&#8221;no&#8221; type=&#8221;grid&#8221; angled_section=&#8221;no&#8221; text_align=&#8221;left&#8221; background_image_as_pattern=&#8221;without_pattern&#8221; template=&#8221;ism_template_1&#8243; ism_overlock=&#8221;default&#8221; sm_d_text=&#8221;<\/p>\n<h2>This content is locked<\/h2>\n<p>Share This Page To Unlock The Content!&#8221;][vc_column][vc_single_image image=&#8221;20592&#8243; img_size=&#8221;full&#8221; qode_css_animation=&#8221;&#8221;][\/vc_column][\/vc_row][vc_row css_animation=&#8221;&#8221; row_type=&#8221;row&#8221; use_row_as_full_screen_section=&#8221;no&#8221; type=&#8221;grid&#8221; angled_section=&#8221;no&#8221; text_align=&#8221;left&#8221; background_image_as_pattern=&#8221;without_pattern&#8221;][vc_column][vc_empty_space height=&#8221;45px&#8221;][vc_column_text]<\/p>\n<h1 class=\"cim_1\">M\u00fazeumpedag\u00f3giai foglalkoz\u00e1sok a Varga Imre Gy\u0171jtem\u00e9nyben<\/h1>\n<p>[\/vc_column_text][vc_empty_space height=&#8221;45px&#8221;][\/vc_column][\/vc_row][vc_row css_animation=&#8221;&#8221; row_type=&#8221;row&#8221; use_row_as_full_screen_section=&#8221;no&#8221; type=&#8221;grid&#8221; angled_section=&#8221;no&#8221; text_align=&#8221;left&#8221; background_image_as_pattern=&#8221;without_pattern&#8221; bgparallax=&#8221;parallax&#8221; contentwidth=&#8221;container&#8221; toppadding=&#8221;40&#8243; bottompadding=&#8221;10&#8243; border=&#8221;on&#8221; css=&#8221;.vc_custom_1420648296958{background-color: #ffffff !important;}&#8221;][vc_column el_class=&#8221;full-2&#8243;][vc_column_text css=&#8221;&#8221;]Az al\u00e1bbi foglalkoz\u00e1sainkra \u00f3vodai \u00e9s \u00e1ltal\u00e1nos iskola als\u00f3 tagozatos (3-10 \u00e9v) csoportokat v\u00e1runk. A programot a k\u00f6z\u00f6sen megbesz\u00e9lt id\u0151pontban tartjuk meg.[\/vc_column_text][vc_empty_space][vc_column_text css=&#8221;&#8221;]<b>Szoborj\u00e1t\u00e9k<\/b><\/p>\n<p><span style=\"font-weight: 400;\">Egy szobor k\u00e9sz\u00fclhet k\u0151b\u0151l, f\u00e9mb\u0151l, gipszb\u0151l, f\u00e1b\u00f3l vagy ak\u00e1r m\u0171anyagb\u00f3l is. Melyik a kakukktoj\u00e1s a Varga Imre Gy\u0171jtem\u00e9nyben? Bevezet\u0151 jelleg\u0171 foglalkoz\u00e1sunk c\u00e9lja az, hogy a gyerekek meg\u00e9rts\u00e9k, hogy mi\u00e9rt is vigy\u00e1zunk annyira a m\u00fazeumokban \u0151rz\u00f6tt t\u00e1rgyakra. Szobr\u00e1szati alapanyagokkal j\u00e1tszunk, \u00e9s mi magunk is szobrokk\u00e1 v\u00e1lunk.<\/span><\/p>\n<p><b>Aj\u00e1nlott koroszt\u00e1ly: 3\u201310 \u00e9vesek<\/b><\/p>\n<p>&nbsp;<\/p>\n<p><b>Eserny\u0151s\u00f6k<\/b><\/p>\n<p><span style=\"font-weight: 400;\">A F\u0151 t\u00e9r szomsz\u00e9ds\u00e1g\u00e1ban, a Szindb\u00e1d t\u00e9ren a <\/span><i><span style=\"font-weight: 400;\">V\u00e1rakoz\u00f3k <\/span><\/i><span style=\"font-weight: 400;\">szoborcsoportj\u00e1n\u00e1l kezd\u0151dik a j\u00e1t\u00e9k, majd megkeress\u00fck az <\/span><i><span style=\"font-weight: 400;\">Eserny\u0151s\u00f6ket<\/span><\/i><span style=\"font-weight: 400;\"> bent a ki\u00e1ll\u00edt\u00f3t\u00e9rben is. <\/span><span style=\"font-weight: 400;\">Mit csin\u00e1lnak, hova mennek \u00e9ppen? Milyen \u00e9vszak lehet? <\/span><span style=\"font-weight: 400;\">Hangokkal, t\u00e1rgyakkal \u00e9s egy \u00f3ri\u00e1si kooper\u00e1ci\u00f3s erny\u0151vel j\u00e1tszunk, sz\u00ednes eserny\u0151ket tervez\u00fcnk.<\/span><\/p>\n<p><b>Aj\u00e1nlott koroszt\u00e1ly: 3\u201310 \u00e9vesek<\/b><\/p>\n<p>&nbsp;<\/p>\n<p><b>Sz\u00e1nt\u00e1s\u00a0<\/b><\/p>\n<p><span style=\"font-weight: 400;\">A<\/span><i><span style=\"font-weight: 400;\"> Sz\u00e1nt\u00e1s <\/span><\/i><span style=\"font-weight: 400;\">c\u00edm\u0171 domborm\u0171 kapcs\u00e1n sz\u00e1rnyra kelhet a fant\u00e1zi\u00e1nk. C\u00edm n\u00e9lk\u00fcl lehet egy szikl\u00e1s hegycs\u00facs, egy meredek hegyoldal, egy vulk\u00e1nkit\u00f6r\u00e9s, de lehet egy h\u00f6mp\u00f6lyg\u0151 foly\u00f3, egy t\u00e1voli tengerpart. Szelet \u00e9s tengert var\u00e1zsolunk, agyagozunk \u00e9s l\u00e9trehozunk egy nagy k\u00f6z\u00f6s alkot\u00e1st.<\/span><\/p>\n<p><b>Aj\u00e1nlott koroszt\u00e1ly: 3\u201310 \u00e9vesek<\/b><\/p>\n<p>&nbsp;<\/p>\n<p dir=\"ltr\"><span id=\"m_-1976812410954794541m_8862294263308035928m_9192743393106535543gmail-docs-internal-guid-589d44e1-7fff-5f60-2e04-6426590e4a6d\"><strong>Helysz\u00edn: Varga Imre Gy\u0171jtem\u00e9ny<\/strong><strong>,\u00a0<\/strong><\/span><a href=\"https:\/\/www.google.com\/maps\/search\/1033+Bp.,+Laktanya+u.+7?entry=gmail&amp;source=g\" target=\"_blank\" rel=\"noopener noreferrer\">1033 Bp., Laktanya u. 7<\/a>.<\/p>\n<p><strong>R\u00e9szv\u00e9teli d\u00edj:\u00a0<\/strong>1200 Ft \/ f\u0151., ill.\u00a03. ker\u00fcletieknek ingyenes<\/p>\n<p><strong>Jelentkez\u00e9s \u00e9s tov\u00e1bbi inform\u00e1ci\u00f3: <\/strong>T\u00f3th Anna, 06 20 350 6566; <a href=\"mailto:toth.anna@btm.hu\">toth.anna@btm.hu<\/a>[\/vc_column_text][\/vc_column][\/vc_row][vc_row css_animation=&#8221;&#8221; row_type=&#8221;row&#8221; use_row_as_full_screen_section=&#8221;no&#8221; type=&#8221;grid&#8221; angled_section=&#8221;no&#8221; text_align=&#8221;left&#8221; background_image_as_pattern=&#8221;without_pattern&#8221; template=&#8221;ism_template_1&#8243; ism_overlock=&#8221;default&#8221; sm_d_text=&#8221;<\/p>\n<h2>This content is locked<\/h2>\n<p>Share This Page To Unlock The Content!&#8221;][vc_column][vc_empty_space height=&#8221;45px&#8221;][\/vc_column][\/vc_row]<\/p>\n<\/div>","protected":false},"excerpt":{"rendered":"<p>[vc_row css_animation=&#8221;&#8221; row_type=&#8221;row&#8221; use_row_as_full_screen_section=&#8221;no&#8221; type=&#8221;grid&#8221; angled_section=&#8221;no&#8221; text_align=&#8221;left&#8221; background_image_as_pattern=&#8221;without_pattern&#8221; template=&#8221;ism_template_1&#8243; ism_overlock=&#8221;default&#8221; sm_d_text=&#8221; This content is locked&#8230;<\/p>\n","protected":false},"author":11,"featured_media":0,"parent":20510,"menu_order":0,"comment_status":"closed","ping_status":"closed","template":"full_width.php","meta":{"inline_featured_image":false,"loftloader_pro_show_once":"","loftloader_pro_page_shortcode":"","footnotes":""},"class_list":["post-20377","page","type-page","status-publish","hentry"],"_links":{"self":[{"href":"https:\/\/budapestgaleria.hu\/_\/wp-json\/wp\/v2\/pages\/20377","targetHints":{"allow":["GET"]}}],"collection":[{"href":"https:\/\/budapestgaleria.hu\/_\/wp-json\/wp\/v2\/pages"}],"about":[{"href":"https:\/\/budapestgaleria.hu\/_\/wp-json\/wp\/v2\/types\/page"}],"author":[{"embeddable":true,"href":"https:\/\/budapestgaleria.hu\/_\/wp-json\/wp\/v2\/users\/11"}],"replies":[{"embeddable":true,"href":"https:\/\/budapestgaleria.hu\/_\/wp-json\/wp\/v2\/comments?post=20377"}],"version-history":[{"count":4,"href":"https:\/\/budapestgaleria.hu\/_\/wp-json\/wp\/v2\/pages\/20377\/revisions"}],"predecessor-version":[{"id":24822,"href":"https:\/\/budapestgaleria.hu\/_\/wp-json\/wp\/v2\/pages\/20377\/revisions\/24822"}],"up":[{"embeddable":true,"href":"https:\/\/budapestgaleria.hu\/_\/wp-json\/wp\/v2\/pages\/20510"}],"wp:attachment":[{"href":"https:\/\/budapestgaleria.hu\/_\/wp-json\/wp\/v2\/media?parent=20377"}],"curies":[{"name":"wp","href":"https:\/\/api.w.org\/{rel}","templated":true}]}}

Múzeumpedagógia | Varga Imre Gyűjtemény

<div class="wpb-content-wrapper"><p>[vc_row css_animation=&#8221;&#8221; row_type=&#8221;row&#8221; use_row_as_full_screen_section=&#8221;no&#8221; type=&#8221;grid&#8221; angled_section=&#8221;no&#8221; text_align=&#8221;left&#8221; background_image_as_pattern=&#8221;without_pattern&#8221; template=&#8221;ism_template_1&#8243; ism_overlock=&#8221;default&#8221; sm_d_text=&#8221;</p>
<h2>This content is locked</h2>
<p>Share This Page To Unlock The Content!&#8221;][vc_column][vc_single_image image=&#8221;20592&#8243; img_size=&#8221;full&#8221; qode_css_animation=&#8221;&#8221;][/vc_column][/vc_row][vc_row css_animation=&#8221;&#8221; row_type=&#8221;row&#8221; use_row_as_full_screen_section=&#8221;no&#8221; type=&#8221;grid&#8221; angled_section=&#8221;no&#8221; text_align=&#8221;left&#8221; background_image_as_pattern=&#8221;without_pattern&#8221;][vc_column][vc_empty_space height=&#8221;45px&#8221;][vc_column_text]</p>
<h1 class="cim_1">Múzeumpedagógiai foglalkozások a Varga Imre Gyűjteményben</h1>
<p>[/vc_column_text][vc_empty_space height=&#8221;45px&#8221;][/vc_column][/vc_row][vc_row css_animation=&#8221;&#8221; row_type=&#8221;row&#8221; use_row_as_full_screen_section=&#8221;no&#8221; type=&#8221;grid&#8221; angled_section=&#8221;no&#8221; text_align=&#8221;left&#8221; background_image_as_pattern=&#8221;without_pattern&#8221; bgparallax=&#8221;parallax&#8221; contentwidth=&#8221;container&#8221; toppadding=&#8221;40&#8243; bottompadding=&#8221;10&#8243; border=&#8221;on&#8221; css=&#8221;.vc_custom_1420648296958{background-color: #ffffff !important;}&#8221;][vc_column el_class=&#8221;full-2&#8243;][vc_column_text css=&#8221;&#8221;]Az alábbi foglalkozásainkra óvodai és általános iskola alsó tagozatos (3-10 év) csoportokat várunk. A programot a közösen megbeszélt időpontban tartjuk meg.[/vc_column_text][vc_empty_space][vc_column_text css=&#8221;&#8221;]<b>Szoborjáték</b></p>
<p><span style="font-weight: 400;">Egy szobor készülhet kőből, fémből, gipszből, fából vagy akár műanyagból is. Melyik a kakukktojás a Varga Imre Gyűjteményben? Bevezető jellegű foglalkozásunk célja az, hogy a gyerekek megértsék, hogy miért is vigyázunk annyira a múzeumokban őrzött tárgyakra. Szobrászati alapanyagokkal játszunk, és mi magunk is szobrokká válunk.</span></p>
<p><b>Ajánlott korosztály: 3–10 évesek</b></p>
<p>&nbsp;</p>
<p><b>Esernyősök</b></p>
<p><span style="font-weight: 400;">A Fő tér szomszédságában, a Szindbád téren a </span><i><span style="font-weight: 400;">Várakozók </span></i><span style="font-weight: 400;">szoborcsoportjánál kezdődik a játék, majd megkeressük az </span><i><span style="font-weight: 400;">Esernyősöket</span></i><span style="font-weight: 400;"> bent a kiállítótérben is. </span><span style="font-weight: 400;">Mit csinálnak, hova mennek éppen? Milyen évszak lehet? </span><span style="font-weight: 400;">Hangokkal, tárgyakkal és egy óriási kooperációs ernyővel játszunk, színes esernyőket tervezünk.</span></p>
<p><b>Ajánlott korosztály: 3–10 évesek</b></p>
<p>&nbsp;</p>
<p><b>Szántás </b></p>
<p><span style="font-weight: 400;">A</span><i><span style="font-weight: 400;"> Szántás </span></i><span style="font-weight: 400;">című dombormű kapcsán szárnyra kelhet a fantáziánk. Cím nélkül lehet egy sziklás hegycsúcs, egy meredek hegyoldal, egy vulkánkitörés, de lehet egy hömpölygő folyó, egy távoli tengerpart. Szelet és tengert varázsolunk, agyagozunk és létrehozunk egy nagy közös alkotást.</span></p>
<p><b>Ajánlott korosztály: 3–10 évesek</b></p>
<p>&nbsp;</p>
<p dir="ltr"><span id="m_-1976812410954794541m_8862294263308035928m_9192743393106535543gmail-docs-internal-guid-589d44e1-7fff-5f60-2e04-6426590e4a6d"><strong>Helyszín: Varga Imre Gyűjtemény</strong><strong>, </strong></span><a href="https://www.google.com/maps/search/1033+Bp.,+Laktanya+u.+7?entry=gmail&amp;source=g" target="_blank" rel="noopener noreferrer">1033 Bp., Laktanya u. 7</a>.</p>
<p><strong>Részvételi díj: </strong>1200 Ft / fő., ill. 3. kerületieknek ingyenes</p>
<p><strong>Jelentkezés és további információ: </strong>Tóth Anna, 06 20 350 6566; <a href="mailto:toth.anna@btm.hu">toth.anna@btm.hu</a>[/vc_column_text][/vc_column][/vc_row][vc_row css_animation=&#8221;&#8221; row_type=&#8221;row&#8221; use_row_as_full_screen_section=&#8221;no&#8221; type=&#8221;grid&#8221; angled_section=&#8221;no&#8221; text_align=&#8221;left&#8221; background_image_as_pattern=&#8221;without_pattern&#8221; template=&#8221;ism_template_1&#8243; ism_overlock=&#8221;default&#8221; sm_d_text=&#8221;</p>
<h2>This content is locked</h2>
<p>Share This Page To Unlock The Content!&#8221;][vc_column][vc_empty_space height=&#8221;45px&#8221;][/vc_column][/vc_row]</p>
</div>
