{"id":20483,"date":"2024-01-05T10:42:56","date_gmt":"2024-01-05T09:42:56","guid":{"rendered":"https:\/\/budapestgaleria.hu\/_\/?page_id=20483"},"modified":"2024-01-05T15:21:22","modified_gmt":"2024-01-05T14:21:22","slug":"eletrajz","status":"publish","type":"page","link":"https:\/\/budapestgaleria.hu\/_\/varga-imre-gyujtemeny\/eletrajz\/","title":{"rendered":"\u00c9letrajz | Varga Imre Gy\u0171jtem\u00e9ny"},"content":{"rendered":"<div class=\"wpb-content-wrapper\"><p>[vc_row css_animation=&#8221;&#8221; row_type=&#8221;row&#8221; use_row_as_full_screen_section=&#8221;no&#8221; type=&#8221;grid&#8221; angled_section=&#8221;no&#8221; text_align=&#8221;left&#8221; background_image_as_pattern=&#8221;without_pattern&#8221; template=&#8221;ism_template_1&#8243; ism_overlock=&#8221;default&#8221; sm_d_text=&#8221;<\/p>\n<h2>This content is locked<\/h2>\n<p>Share This Page To Unlock The Content!&#8221;][vc_column][vc_single_image image=&#8221;20484&#8243; img_size=&#8221;full&#8221; qode_css_animation=&#8221;&#8221;][\/vc_column][\/vc_row][vc_row css_animation=&#8221;&#8221; row_type=&#8221;row&#8221; use_row_as_full_screen_section=&#8221;no&#8221; type=&#8221;grid&#8221; angled_section=&#8221;no&#8221; text_align=&#8221;left&#8221; background_image_as_pattern=&#8221;without_pattern&#8221;][vc_column][vc_empty_space height=&#8221;45px&#8221;][vc_column_text]<\/p>\n<h1 class=\"cim_1\">Varga Imre \u00e9letrajza<\/h1>\n<p>[\/vc_column_text][vc_empty_space height=&#8221;45px&#8221;][\/vc_column][\/vc_row][vc_row css_animation=&#8221;&#8221; seperator_indeed_locker=&#8221;&#8221; lk_t=&#8221;ism_template_1&#8243; lk_io=&#8221;default&#8221; lk_dm=&#8221;0&#8243; lk_thm=&#8221;0&#8243; lk_tuo=&#8221;0&#8243; ru_on=&#8221;0&#8243; uhc_on=&#8221;0&#8243; ur_on=&#8221;0&#8243; ref_on=&#8221;0&#8243; row_type=&#8221;row&#8221; use_row_as_full_screen_section=&#8221;no&#8221; type=&#8221;grid&#8221; angled_section=&#8221;no&#8221; text_align=&#8221;left&#8221; background_image_as_pattern=&#8221;without_pattern&#8221;][vc_column][vc_column_text]Varga Imre a szocializmus korszak\u00e1nak egyik legt\u00f6bbet foglalkoztatott hivatalos m\u0171v\u00e9sze volt Magyarorsz\u00e1gon, t\u00f6bb tucatnyi k\u00f6zt\u00e9ri politikai eml\u00e9km\u0171, t\u00f6rt\u00e9nelmi szem\u00e9lyis\u00e9gek \u00e9s ismert m\u0171v\u00e9szek portr\u00e9i, valamint zs\u00e1nerszobrok szobr\u00e1sza.<\/p>\n<p>A K\u00e9pz\u0151m\u0171v\u00e9szeti F\u0151iskol\u00e1t 1950-56 k\u00f6z\u00f6tt v\u00e9gezte el, mestere Mikus S\u00e1ndor \u00e9s P\u00e1tzay P\u00e1l voltak. Az \u00f6tvenes \u00e9vek v\u00e9g\u00e9n indul\u00f3 m\u0171v\u00e9sz a Varga Imre Gy\u0171jtem\u00e9ny megnyit\u00e1s\u00e1nak idej\u00e9re (1983) m\u00e1r jelent\u0151s \u00e9letm\u0171vel rendelkezett, \u00e9s a modern magyar szobr\u00e1szat fontos szem\u00e9lyis\u00e9g\u00e9v\u00e9 emelkedett.<\/p>\n<p>St\u00edlus\u00e1t dekorat\u00edv modern \u00e9s posztmodern st\u00edlusk\u00e9nt hat\u00e1rozhatjuk meg. Jellemz\u0151i az ironikus szeml\u00e9let, a klasszikus monumentalista k\u00f6zt\u00e9ri szobr\u00e1szat eszk\u00f6zt\u00e1r\u00e1nak \u00fajra\u00e9rtelmez\u00e9se. Alakjai a kor\u00e1bbi politikai eml\u00e9km\u0171 szobr\u00e1szat figur\u00e1inak merev p\u00f3z\u00e1b\u00f3l kimozdulva gyakran h\u00e9tk\u00f6znapi testtart\u00e1sban jelennek meg. A szobrok f\u0151alakj\u00e1t legt\u00f6bbsz\u00f6r d\u00edszlet elemek, berendez\u00e9si t\u00e1rgyak k\u00f6z\u00e9 helyezi, mintegy sz\u00ednpadra \u00e1ll\u00edtja. Varga a szobr\u00e1szat sz\u00e1mos m\u0171faj\u00e1ban alkotott, a k\u00f6zt\u00e9rit\u0151l a kisplasztik\u00e1ig \u00e9s az \u00e9remm\u0171v\u00e9szetig, de \u00e9letm\u0171v\u00e9nek gerinc\u00e9t a k\u00f6zt\u00e9ri politikai \u00e9s dekorat\u00edv kompoz\u00edci\u00f3k alkotj\u00e1k.<\/p>\n<p>A rendszerv\u00e1lt\u00e1s el\u0151tt Varga Imre a p\u00e1rtvezet\u00e9s \u00e9s kult\u00farpolitika kiemelt m\u0171v\u00e9szek\u00e9nt sz\u00e1mos nagy k\u00f6zt\u00e9ri szobr\u00e1szati megb\u00edz\u00e1shoz jutott. 1980 \u00e9s 1990 k\u00f6z\u00f6tt orsz\u00e1ggy\u0171l\u00e9si k\u00e9pvisel\u0151, a Hazafias N\u00e9pfront aleln\u00f6ke, a F\u00e9szek M\u0171v\u00e9szklub eln\u00f6ke. Ezek a t\u00e9nyek magyar\u00e1zz\u00e1k, mi\u00e9rt ny\u00edlhatott 1983-ban \u00f6n\u00e1ll\u00f3 bemutat\u00f3 helye m\u00e9g \u00e9let\u00e9ben. A m\u0171v\u00e9sz a rendszerv\u00e1lt\u00e1s ut\u00e1n meg\u00e9rte, hogy alkot\u00e1sainak egy r\u00e9sz\u00e9t, melyek politikai megrendel\u00e9sek voltak, elt\u00e1vol\u00edtott\u00e1k a k\u00f6zterekr\u0151l. Ezekben az \u00e9vekben jobb\u00e1ra k\u00fclf\u00f6ldi, nyugat-eur\u00f3pai helysz\u00edneken kapott megb\u00edz\u00e1sokat, majd az ezredfordul\u00f3t k\u00f6vet\u0151en \u00fajra Magyarorsz\u00e1gon is. Utols\u00f3 k\u00f6zt\u00e9ri szobrait 2014-ben \u00e1ll\u00edtott\u00e1k fel (91 \u00e9ves kor\u00e1ban), k\u00f6zel h\u00e9t \u00e9vtizedes szobr\u00e1szi p\u00e1ly\u00e1j\u00e1nak z\u00e1r\u00f3akkordjak\u00e9nt.<br \/>\n[\/vc_column_text][\/vc_column][\/vc_row][vc_row css_animation=&#8221;&#8221; row_type=&#8221;row&#8221; use_row_as_full_screen_section=&#8221;no&#8221; type=&#8221;grid&#8221; angled_section=&#8221;no&#8221; text_align=&#8221;left&#8221; background_image_as_pattern=&#8221;without_pattern&#8221; template=&#8221;ism_template_1&#8243; ism_overlock=&#8221;default&#8221; sm_d_text=&#8221;<\/p>\n<h2>This content is locked<\/h2>\n<p>Share This Page To Unlock The Content!&#8221;][vc_column][vc_empty_space height=&#8221;45px&#8221;][\/vc_column][\/vc_row]<\/p>\n<\/div>","protected":false},"excerpt":{"rendered":"<p>[vc_row css_animation=&#8221;&#8221; row_type=&#8221;row&#8221; use_row_as_full_screen_section=&#8221;no&#8221; type=&#8221;grid&#8221; angled_section=&#8221;no&#8221; text_align=&#8221;left&#8221; background_image_as_pattern=&#8221;without_pattern&#8221; template=&#8221;ism_template_1&#8243; ism_overlock=&#8221;default&#8221; sm_d_text=&#8221; This content is locked&#8230;<\/p>\n","protected":false},"author":11,"featured_media":0,"parent":20510,"menu_order":0,"comment_status":"closed","ping_status":"closed","template":"full_width.php","meta":{"inline_featured_image":false,"loftloader_pro_show_once":"","loftloader_pro_page_shortcode":"","footnotes":""},"class_list":["post-20483","page","type-page","status-publish","hentry"],"_links":{"self":[{"href":"https:\/\/budapestgaleria.hu\/_\/wp-json\/wp\/v2\/pages\/20483","targetHints":{"allow":["GET"]}}],"collection":[{"href":"https:\/\/budapestgaleria.hu\/_\/wp-json\/wp\/v2\/pages"}],"about":[{"href":"https:\/\/budapestgaleria.hu\/_\/wp-json\/wp\/v2\/types\/page"}],"author":[{"embeddable":true,"href":"https:\/\/budapestgaleria.hu\/_\/wp-json\/wp\/v2\/users\/11"}],"replies":[{"embeddable":true,"href":"https:\/\/budapestgaleria.hu\/_\/wp-json\/wp\/v2\/comments?post=20483"}],"version-history":[{"count":0,"href":"https:\/\/budapestgaleria.hu\/_\/wp-json\/wp\/v2\/pages\/20483\/revisions"}],"up":[{"embeddable":true,"href":"https:\/\/budapestgaleria.hu\/_\/wp-json\/wp\/v2\/pages\/20510"}],"wp:attachment":[{"href":"https:\/\/budapestgaleria.hu\/_\/wp-json\/wp\/v2\/media?parent=20483"}],"curies":[{"name":"wp","href":"https:\/\/api.w.org\/{rel}","templated":true}]}}

Életrajz | Varga Imre Gyűjtemény

<div class="wpb-content-wrapper"><p>[vc_row css_animation=&#8221;&#8221; row_type=&#8221;row&#8221; use_row_as_full_screen_section=&#8221;no&#8221; type=&#8221;grid&#8221; angled_section=&#8221;no&#8221; text_align=&#8221;left&#8221; background_image_as_pattern=&#8221;without_pattern&#8221; template=&#8221;ism_template_1&#8243; ism_overlock=&#8221;default&#8221; sm_d_text=&#8221;</p>
<h2>This content is locked</h2>
<p>Share This Page To Unlock The Content!&#8221;][vc_column][vc_single_image image=&#8221;20484&#8243; img_size=&#8221;full&#8221; qode_css_animation=&#8221;&#8221;][/vc_column][/vc_row][vc_row css_animation=&#8221;&#8221; row_type=&#8221;row&#8221; use_row_as_full_screen_section=&#8221;no&#8221; type=&#8221;grid&#8221; angled_section=&#8221;no&#8221; text_align=&#8221;left&#8221; background_image_as_pattern=&#8221;without_pattern&#8221;][vc_column][vc_empty_space height=&#8221;45px&#8221;][vc_column_text]</p>
<h1 class="cim_1">Varga Imre életrajza</h1>
<p>[/vc_column_text][vc_empty_space height=&#8221;45px&#8221;][/vc_column][/vc_row][vc_row css_animation=&#8221;&#8221; seperator_indeed_locker=&#8221;&#8221; lk_t=&#8221;ism_template_1&#8243; lk_io=&#8221;default&#8221; lk_dm=&#8221;0&#8243; lk_thm=&#8221;0&#8243; lk_tuo=&#8221;0&#8243; ru_on=&#8221;0&#8243; uhc_on=&#8221;0&#8243; ur_on=&#8221;0&#8243; ref_on=&#8221;0&#8243; row_type=&#8221;row&#8221; use_row_as_full_screen_section=&#8221;no&#8221; type=&#8221;grid&#8221; angled_section=&#8221;no&#8221; text_align=&#8221;left&#8221; background_image_as_pattern=&#8221;without_pattern&#8221;][vc_column][vc_column_text]Varga Imre a szocializmus korszakának egyik legtöbbet foglalkoztatott hivatalos művésze volt Magyarországon, több tucatnyi köztéri politikai emlékmű, történelmi személyiségek és ismert művészek portréi, valamint zsánerszobrok szobrásza.</p>
<p>A Képzőművészeti Főiskolát 1950-56 között végezte el, mestere Mikus Sándor és Pátzay Pál voltak. Az ötvenes évek végén induló művész a Varga Imre Gyűjtemény megnyitásának idejére (1983) már jelentős életművel rendelkezett, és a modern magyar szobrászat fontos személyiségévé emelkedett.</p>
<p>Stílusát dekoratív modern és posztmodern stílusként határozhatjuk meg. Jellemzői az ironikus szemlélet, a klasszikus monumentalista köztéri szobrászat eszköztárának újraértelmezése. Alakjai a korábbi politikai emlékmű szobrászat figuráinak merev pózából kimozdulva gyakran hétköznapi testtartásban jelennek meg. A szobrok főalakját legtöbbször díszlet elemek, berendezési tárgyak közé helyezi, mintegy színpadra állítja. Varga a szobrászat számos műfajában alkotott, a köztéritől a kisplasztikáig és az éremművészetig, de életművének gerincét a köztéri politikai és dekoratív kompozíciók alkotják.</p>
<p>A rendszerváltás előtt Varga Imre a pártvezetés és kultúrpolitika kiemelt művészeként számos nagy köztéri szobrászati megbízáshoz jutott. 1980 és 1990 között országgyűlési képviselő, a Hazafias Népfront alelnöke, a Fészek Művészklub elnöke. Ezek a tények magyarázzák, miért nyílhatott 1983-ban önálló bemutató helye még életében. A művész a rendszerváltás után megérte, hogy alkotásainak egy részét, melyek politikai megrendelések voltak, eltávolították a közterekről. Ezekben az években jobbára külföldi, nyugat-európai helyszíneken kapott megbízásokat, majd az ezredfordulót követően újra Magyarországon is. Utolsó köztéri szobrait 2014-ben állították fel (91 éves korában), közel hét évtizedes szobrászi pályájának záróakkordjaként.<br />
[/vc_column_text][/vc_column][/vc_row][vc_row css_animation=&#8221;&#8221; row_type=&#8221;row&#8221; use_row_as_full_screen_section=&#8221;no&#8221; type=&#8221;grid&#8221; angled_section=&#8221;no&#8221; text_align=&#8221;left&#8221; background_image_as_pattern=&#8221;without_pattern&#8221; template=&#8221;ism_template_1&#8243; ism_overlock=&#8221;default&#8221; sm_d_text=&#8221;</p>
<h2>This content is locked</h2>
<p>Share This Page To Unlock The Content!&#8221;][vc_column][vc_empty_space height=&#8221;45px&#8221;][/vc_column][/vc_row]</p>
</div>
