{"id":20546,"date":"2024-01-05T13:58:44","date_gmt":"2024-01-05T12:58:44","guid":{"rendered":"https:\/\/budapestgaleria.hu\/_\/?page_id=20546"},"modified":"2026-02-03T14:39:12","modified_gmt":"2026-02-03T13:39:12","slug":"kiallitas","status":"publish","type":"page","link":"https:\/\/budapestgaleria.hu\/_\/varga-imre-gyujtemeny\/kiallitas\/","title":{"rendered":"Ki\u00e1ll\u00edt\u00e1s | Varga Imre Gy\u0171jtem\u00e9ny"},"content":{"rendered":"<div class=\"wpb-content-wrapper\"><p>[vc_row css_animation=&#8221;&#8221; row_type=&#8221;row&#8221; use_row_as_full_screen_section=&#8221;no&#8221; type=&#8221;grid&#8221; angled_section=&#8221;no&#8221; text_align=&#8221;left&#8221; background_image_as_pattern=&#8221;without_pattern&#8221; template=&#8221;ism_template_1&#8243; ism_overlock=&#8221;default&#8221; sm_d_text=&#8221;<\/p>\n<h2>This content is locked<\/h2>\n<p>Share This Page To Unlock The Content!&#8221;][vc_column][vc_single_image image=&#8221;20366&#8243; img_size=&#8221;full&#8221; qode_css_animation=&#8221;&#8221;][\/vc_column][\/vc_row][vc_row css_animation=&#8221;&#8221; row_type=&#8221;row&#8221; use_row_as_full_screen_section=&#8221;no&#8221; type=&#8221;grid&#8221; angled_section=&#8221;no&#8221; text_align=&#8221;left&#8221; background_image_as_pattern=&#8221;without_pattern&#8221;][vc_column][vc_empty_space height=&#8221;45px&#8221;][vc_column_text]<\/p>\n<h1 class=\"cim_1\">Varga Imre 100<\/h1>\n<h1 class=\"alcim\">A Varga Imre Gy\u0171jtem\u00e9ny meg\u00fajult \u00e1lland\u00f3 ki\u00e1ll\u00edt\u00e1sa<\/h1>\n<p>[\/vc_column_text][vc_empty_space height=&#8221;45px&#8221;][\/vc_column][\/vc_row][vc_row css_animation=&#8221;&#8221; seperator_indeed_locker=&#8221;&#8221; lk_t=&#8221;ism_template_1&#8243; lk_io=&#8221;default&#8221; lk_dm=&#8221;0&#8243; lk_thm=&#8221;0&#8243; lk_tuo=&#8221;0&#8243; ru_on=&#8221;0&#8243; uhc_on=&#8221;0&#8243; ur_on=&#8221;0&#8243; ref_on=&#8221;0&#8243; row_type=&#8221;row&#8221; use_row_as_full_screen_section=&#8221;no&#8221; type=&#8221;grid&#8221; angled_section=&#8221;no&#8221; text_align=&#8221;left&#8221; background_image_as_pattern=&#8221;without_pattern&#8221;][vc_column][vc_column_text css=&#8221;&#8221;]Varga Imre (1923\u20132019) Kossuth-d\u00edjas szobr\u00e1sz 2023 november\u00e9ben lett volna sz\u00e1z\u00e9ves. A jeles \u00e9vfordul\u00f3 alkalm\u00e1b\u00f3l rendezett t\u00e1rlat a mester \u00e9letm\u0171v\u00e9nek t\u00f6bb kiv\u00e1lasztott alkot\u00e1s\u00e1t szeretn\u00e9 m\u00e1s megk\u00f6zel\u00edt\u00e9sben bemutatni: hogyan lett a megb\u00edz\u00e1sb\u00f3l, a kezdeti gondolatb\u00f3l \u00e9rcbe \u00f6nt\u00f6tt mesterm\u0171? Eddig ismeretlen, a hagyat\u00e9kb\u00f3l sz\u00e1rmaz\u00f3 el\u0151tanulm\u00e1nyok, l\u00e1tv\u00e1nytervek bemutat\u00e1s\u00e1val olyan k\u00f6zismert alkot\u00e1sok ker\u00fclnek \u00faj megvil\u00e1g\u00edt\u00e1sba, mint p\u00e9ld\u00e1ul a Vatik\u00e1ni magyar k\u00e1polna berendez\u00e9se, a Doh\u00e1ny utcai zsinag\u00f3ga udvar\u00e1n \u00e1ll\u00f3 <em>M\u00e1rt\u00edreml\u00e9km\u0171<\/em>, az \u00f3budai <em>V\u00e1rakoz\u00f3k<\/em> (\u201eEserny\u0151s\u00f6k\u201d) szoborcsoport vagy a <em>K\u00e1rolyi Mih\u00e1ly-eml\u00e9km\u0171<\/em>.<\/p>\n<p>Az \u00e9letm\u0171 rendk\u00edv\u00fcl sokr\u00e9t\u0171, nem csak plasztikai alkot\u00e1sokat tartalmaz: a maketteken t\u00fal p\u00e9ld\u00e1ul rajzokat \u00e9s festm\u00e9nyeket is. Ez ut\u00f3bbiak r\u00e9v\u00e9n bepillant\u00e1st nyerhet\u00fcnk az alkot\u00f3i folyamatba, illetve abba is, hogyan zajlott a m\u0171veinek k\u00f6zt\u00e9ri elhelyez\u00e9se. Mik\u00e9pp viszonyult Varga Imre egy-egy t\u00f6rt\u00e9nelmi szem\u00e9lyis\u00e9ghez vagy esem\u00e9nyhez, melyr\u0151l szobrot rendeltek t\u0151le? Saj\u00e1t szubjekt\u00edv hozz\u00e1\u00e1ll\u00e1sa mennyire t\u00fckr\u00f6z\u0151d\u00f6tt egy-egy m\u0171ben?[\/vc_column_text][\/vc_column][\/vc_row][vc_row css_animation=&#8221;&#8221; row_type=&#8221;row&#8221; use_row_as_full_screen_section=&#8221;no&#8221; type=&#8221;grid&#8221; angled_section=&#8221;no&#8221; text_align=&#8221;left&#8221; background_image_as_pattern=&#8221;without_pattern&#8221; template=&#8221;ism_template_1&#8243; ism_overlock=&#8221;default&#8221; sm_d_text=&#8221;<\/p>\n<h2>This content is locked<\/h2>\n<p>Share This Page To Unlock The Content!&#8221;][vc_column][vc_empty_space height=&#8221;45px&#8221;][\/vc_column][\/vc_row]<\/p>\n<\/div>","protected":false},"excerpt":{"rendered":"<p>[vc_row css_animation=&#8221;&#8221; row_type=&#8221;row&#8221; use_row_as_full_screen_section=&#8221;no&#8221; type=&#8221;grid&#8221; angled_section=&#8221;no&#8221; text_align=&#8221;left&#8221; background_image_as_pattern=&#8221;without_pattern&#8221; template=&#8221;ism_template_1&#8243; ism_overlock=&#8221;default&#8221; sm_d_text=&#8221; This content is locked&#8230;<\/p>\n","protected":false},"author":11,"featured_media":0,"parent":20510,"menu_order":0,"comment_status":"closed","ping_status":"closed","template":"full_width.php","meta":{"inline_featured_image":false,"loftloader_pro_show_once":"","loftloader_pro_page_shortcode":"","footnotes":""},"class_list":["post-20546","page","type-page","status-publish","hentry"],"_links":{"self":[{"href":"https:\/\/budapestgaleria.hu\/_\/wp-json\/wp\/v2\/pages\/20546","targetHints":{"allow":["GET"]}}],"collection":[{"href":"https:\/\/budapestgaleria.hu\/_\/wp-json\/wp\/v2\/pages"}],"about":[{"href":"https:\/\/budapestgaleria.hu\/_\/wp-json\/wp\/v2\/types\/page"}],"author":[{"embeddable":true,"href":"https:\/\/budapestgaleria.hu\/_\/wp-json\/wp\/v2\/users\/11"}],"replies":[{"embeddable":true,"href":"https:\/\/budapestgaleria.hu\/_\/wp-json\/wp\/v2\/comments?post=20546"}],"version-history":[{"count":1,"href":"https:\/\/budapestgaleria.hu\/_\/wp-json\/wp\/v2\/pages\/20546\/revisions"}],"predecessor-version":[{"id":24527,"href":"https:\/\/budapestgaleria.hu\/_\/wp-json\/wp\/v2\/pages\/20546\/revisions\/24527"}],"up":[{"embeddable":true,"href":"https:\/\/budapestgaleria.hu\/_\/wp-json\/wp\/v2\/pages\/20510"}],"wp:attachment":[{"href":"https:\/\/budapestgaleria.hu\/_\/wp-json\/wp\/v2\/media?parent=20546"}],"curies":[{"name":"wp","href":"https:\/\/api.w.org\/{rel}","templated":true}]}}

Kiállítás | Varga Imre Gyűjtemény

<div class="wpb-content-wrapper"><p>[vc_row css_animation=&#8221;&#8221; row_type=&#8221;row&#8221; use_row_as_full_screen_section=&#8221;no&#8221; type=&#8221;grid&#8221; angled_section=&#8221;no&#8221; text_align=&#8221;left&#8221; background_image_as_pattern=&#8221;without_pattern&#8221; template=&#8221;ism_template_1&#8243; ism_overlock=&#8221;default&#8221; sm_d_text=&#8221;</p>
<h2>This content is locked</h2>
<p>Share This Page To Unlock The Content!&#8221;][vc_column][vc_single_image image=&#8221;20366&#8243; img_size=&#8221;full&#8221; qode_css_animation=&#8221;&#8221;][/vc_column][/vc_row][vc_row css_animation=&#8221;&#8221; row_type=&#8221;row&#8221; use_row_as_full_screen_section=&#8221;no&#8221; type=&#8221;grid&#8221; angled_section=&#8221;no&#8221; text_align=&#8221;left&#8221; background_image_as_pattern=&#8221;without_pattern&#8221;][vc_column][vc_empty_space height=&#8221;45px&#8221;][vc_column_text]</p>
<h1 class="cim_1">Varga Imre 100</h1>
<h1 class="alcim">A Varga Imre Gyűjtemény megújult állandó kiállítása</h1>
<p>[/vc_column_text][vc_empty_space height=&#8221;45px&#8221;][/vc_column][/vc_row][vc_row css_animation=&#8221;&#8221; seperator_indeed_locker=&#8221;&#8221; lk_t=&#8221;ism_template_1&#8243; lk_io=&#8221;default&#8221; lk_dm=&#8221;0&#8243; lk_thm=&#8221;0&#8243; lk_tuo=&#8221;0&#8243; ru_on=&#8221;0&#8243; uhc_on=&#8221;0&#8243; ur_on=&#8221;0&#8243; ref_on=&#8221;0&#8243; row_type=&#8221;row&#8221; use_row_as_full_screen_section=&#8221;no&#8221; type=&#8221;grid&#8221; angled_section=&#8221;no&#8221; text_align=&#8221;left&#8221; background_image_as_pattern=&#8221;without_pattern&#8221;][vc_column][vc_column_text css=&#8221;&#8221;]Varga Imre (1923–2019) Kossuth-díjas szobrász 2023 novemberében lett volna százéves. A jeles évforduló alkalmából rendezett tárlat a mester életművének több kiválasztott alkotását szeretné más megközelítésben bemutatni: hogyan lett a megbízásból, a kezdeti gondolatból ércbe öntött mestermű? Eddig ismeretlen, a hagyatékból származó előtanulmányok, látványtervek bemutatásával olyan közismert alkotások kerülnek új megvilágításba, mint például a Vatikáni magyar kápolna berendezése, a Dohány utcai zsinagóga udvarán álló <em>Mártíremlékmű</em>, az óbudai <em>Várakozók</em> („Esernyősök”) szoborcsoport vagy a <em>Károlyi Mihály-emlékmű</em>.</p>
<p>Az életmű rendkívül sokrétű, nem csak plasztikai alkotásokat tartalmaz: a maketteken túl például rajzokat és festményeket is. Ez utóbbiak révén bepillantást nyerhetünk az alkotói folyamatba, illetve abba is, hogyan zajlott a műveinek köztéri elhelyezése. Miképp viszonyult Varga Imre egy-egy történelmi személyiséghez vagy eseményhez, melyről szobrot rendeltek tőle? Saját szubjektív hozzáállása mennyire tükröződött egy-egy műben?[/vc_column_text][/vc_column][/vc_row][vc_row css_animation=&#8221;&#8221; row_type=&#8221;row&#8221; use_row_as_full_screen_section=&#8221;no&#8221; type=&#8221;grid&#8221; angled_section=&#8221;no&#8221; text_align=&#8221;left&#8221; background_image_as_pattern=&#8221;without_pattern&#8221; template=&#8221;ism_template_1&#8243; ism_overlock=&#8221;default&#8221; sm_d_text=&#8221;</p>
<h2>This content is locked</h2>
<p>Share This Page To Unlock The Content!&#8221;][vc_column][vc_empty_space height=&#8221;45px&#8221;][/vc_column][/vc_row]</p>
</div>
