{"id":20820,"date":"2024-02-07T14:27:37","date_gmt":"2024-02-07T13:27:37","guid":{"rendered":"https:\/\/budapestgaleria.hu\/_\/?page_id=20820"},"modified":"2025-04-08T15:22:36","modified_gmt":"2025-04-08T13:22:36","slug":"csaladidelelott","status":"publish","type":"page","link":"https:\/\/budapestgaleria.hu\/_\/muzeumpedagogia-budapest-galeria\/csaladidelelott\/","title":{"rendered":"M\u00fazeumpedag\u00f3gia | Workshop pedag\u00f3gusoknak"},"content":{"rendered":"<div class=\"wpb-content-wrapper\"><p>[vc_row css_animation=&#8221;&#8221; seperator_indeed_locker=&#8221;&#8221; lk_t=&#8221;ism_template_1&#8243; lk_io=&#8221;default&#8221; lk_dm=&#8221;0&#8243; lk_thm=&#8221;0&#8243; lk_tuo=&#8221;0&#8243; ru_on=&#8221;0&#8243; uhc_on=&#8221;0&#8243; ur_on=&#8221;0&#8243; ref_on=&#8221;0&#8243; row_type=&#8221;row&#8221; use_row_as_full_screen_section=&#8221;no&#8221; type=&#8221;grid&#8221; angled_section=&#8221;no&#8221; text_align=&#8221;left&#8221; background_image_as_pattern=&#8221;without_pattern&#8221; template=&#8221;ism_template_1&#8243; ism_overlock=&#8221;default&#8221; sm_d_text=&#8221;<\/p>\n<h2>This content is locked<\/h2>\n<p>Share This Page To Unlock The Content!&#8221;][vc_column][vc_single_image image=&#8221;22644&#8243; img_size=&#8221;full&#8221; qode_css_animation=&#8221;&#8221;][\/vc_column][\/vc_row][vc_row css_animation=&#8221;&#8221; seperator_indeed_locker=&#8221;&#8221; lk_t=&#8221;ism_template_1&#8243; lk_io=&#8221;default&#8221; lk_dm=&#8221;0&#8243; lk_thm=&#8221;0&#8243; lk_tuo=&#8221;0&#8243; ru_on=&#8221;0&#8243; uhc_on=&#8221;0&#8243; ur_on=&#8221;0&#8243; ref_on=&#8221;0&#8243; row_type=&#8221;row&#8221; use_row_as_full_screen_section=&#8221;no&#8221; type=&#8221;grid&#8221; angled_section=&#8221;no&#8221; text_align=&#8221;left&#8221; background_image_as_pattern=&#8221;without_pattern&#8221;][vc_column][vc_empty_space height=&#8221;45px&#8221;][vc_column_text]<\/p>\n<h1 class=\"cim_1\">Csal\u00e1di d\u00e9lel\u0151tt a Budapest Gal\u00e9ri\u00e1ban<\/h1>\n<p>[\/vc_column_text][vc_empty_space height=&#8221;45px&#8221;][\/vc_column][\/vc_row][vc_row css_animation=&#8221;&#8221; seperator_indeed_locker=&#8221;&#8221; lk_t=&#8221;ism_template_1&#8243; lk_io=&#8221;default&#8221; lk_dm=&#8221;0&#8243; lk_thm=&#8221;0&#8243; lk_tuo=&#8221;0&#8243; ru_on=&#8221;0&#8243; uhc_on=&#8221;0&#8243; ur_on=&#8221;0&#8243; ref_on=&#8221;0&#8243; row_type=&#8221;row&#8221; use_row_as_full_screen_section=&#8221;no&#8221; type=&#8221;grid&#8221; angled_section=&#8221;no&#8221; text_align=&#8221;left&#8221; background_image_as_pattern=&#8221;without_pattern&#8221;][vc_column][vc_column_text]<strong>Gilling az id\u0151\u00f3ri\u00e1s<\/strong><\/p>\n<div class=\"x11i5rnm xat24cr x1mh8g0r x1vvkbs xtlvy1s\">\n<p><strong>Id\u0151pont: 2025. m\u00e1jus 18., vas\u00e1rnap 11-13-ig<\/strong><br \/>\n<strong>Helysz\u00edn:<\/strong> BTM Budapest Gal\u00e9ria (1036 Budapest Lajos utca 158. )<br \/>\n<strong>Regisztr\u00e1ci\u00f3<\/strong>: szabics.agnes@btm.hu, +36 20 9899 360<br \/>\n<strong>Aj\u00e1nlott koroszt\u00e1ly<\/strong>: 3-9 \u00e9vesek<br \/>\n<strong>R\u00e9szv\u00e9teli d\u00edj:<\/strong> 1200 Ft<br \/>\nA program a III. ker\u00fcletben lak\u00f3 gyerekek sz\u00e1m\u00e1ra ingyenes.<\/p>\n<p>Nyolc \u00e9ve szervez k\u00f6z\u00f6sen m\u0171v\u00e9szetpedag\u00f3giai foglalkoz\u00e1sokat a Semmelweis Egyetem Pet\u0151 Andr\u00e1s Gyakorl\u00f3 \u00d3vod\u00e1ja valamint a BTM Budapest Gal\u00e9ria. 2018 \u00f3ta minden \u00e9vben t\u00f6bb olyan csal\u00e1di programot is rendezt\u00fcnk, amelyeken nemcsak a Pet\u0151 \u00d3vod\u00e1ba j\u00e1r\u00f3 gyerekek \u00e9s csal\u00e1dtagjaik, hanem m\u00e1s \u00e9rdekl\u0151d\u0151k is r\u00e9szt vehettek. Ezeken az inkluz\u00edv szeml\u00e9let\u0171 foglalkoz\u00e1sokon a gal\u00e9ri\u00e1ba \u00e9rkez\u0151 nagysz\u00fcl\u0151k, sz\u00fcl\u0151k \u00e9s gyerekek olyan m\u0171v\u00e9szeti technik\u00e1kat \u00e9s alkot\u00f3 m\u00f3dszereket ismerhetnek meg, amelyek egyszerre fejlesztett\u00e9k a nagy- \u00e9s finom motorikus k\u00e9pess\u00e9get, a mozg\u00e1skoordin\u00e1ci\u00f3t, a kreativit\u00e1st \u00e9s a vizu\u00e1lis gondolkod\u00e1st. 2025. m\u00e1jus 18-\u00e1n a gal\u00e9ri\u00e1ba \u00e9rkez\u0151 gyerekek, mik\u00f6zben meghallgatj\u00e1k Gilling, az id\u0151\u00f3ri\u00e1s t\u00f6rt\u00e9net\u00e9t, festhetnek bog\u00e1rszobrokat, k\u00e9sz\u00edthetnek n\u00f6v\u00e9nynyomatokat, \u00e9s ragaszthatnak sz\u00edness\u00e9 var\u00e1zsolhat\u00f3 celluxk\u00e9peket is.<\/p>\n<p><strong>A programot vezetik<\/strong>:<br \/>\nIsp\u00e1nki \u00c1gnes, konduktor<br \/>\nKrasznahorkai \u00c1gnes, sz\u00edn\u00e9sz, dr\u00e1mapedag\u00f3gus<br \/>\nSzabics \u00c1gnes, k\u00e9pz\u0151m\u0171v\u00e9sz, m\u0171v\u00e9szetpedag\u00f3gus<\/p>\n<p><strong>Szervez\u0151k<\/strong>: Semmelweis Egyetem Pet\u0151 Andr\u00e1s Gyakorl\u00f3 \u00d3vod\u00e1ja \u00e9s a BTM Budapest Gal\u00e9ria<\/p>\n<p>Az esem\u00e9nyen k\u00e9p-, \u00e9s vide\u00f3felv\u00e9tel k\u00e9sz\u00fclhet. R\u00e9szv\u00e9tel\u00e9vel \u00d6n hozz\u00e1j\u00e1rul ahhoz, hogy a Budapest Gal\u00e9ria a felv\u00e9teleket k\u00f6z\u00f6ss\u00e9gi m\u00e9dia fel\u00fcletein \u00e9s honlapj\u00e1n felhaszn\u00e1lja. Hozz\u00e1j\u00e1rul\u00e1s\u00e1t az info@budapestgaleria.hu c\u00edmen b\u00e1rmikor visszavonhatja.<\/p>\n<\/div>\n<p>[\/vc_column_text][vc_empty_space][\/vc_column][\/vc_row][vc_row css_animation=&#8221;&#8221; row_type=&#8221;row&#8221; use_row_as_full_screen_section=&#8221;no&#8221; type=&#8221;grid&#8221; angled_section=&#8221;no&#8221; text_align=&#8221;left&#8221; background_image_as_pattern=&#8221;without_pattern&#8221; template=&#8221;ism_template_1&#8243; ism_overlock=&#8221;default&#8221; sm_d_text=&#8221;<\/p>\n<h2>This content is locked<\/h2>\n<p>Share This Page To Unlock The Content!&#8221;][vc_column][vc_empty_space height=&#8221;45px&#8221;][\/vc_column][\/vc_row]<\/p>\n<\/div>","protected":false},"excerpt":{"rendered":"<p>[vc_row css_animation=&#8221;&#8221; seperator_indeed_locker=&#8221;&#8221; lk_t=&#8221;ism_template_1&#8243; lk_io=&#8221;default&#8221; lk_dm=&#8221;0&#8243; lk_thm=&#8221;0&#8243; lk_tuo=&#8221;0&#8243; ru_on=&#8221;0&#8243; uhc_on=&#8221;0&#8243; ur_on=&#8221;0&#8243; ref_on=&#8221;0&#8243; row_type=&#8221;row&#8221; use_row_as_full_screen_section=&#8221;no&#8221; type=&#8221;grid&#8221;&#8230;<\/p>\n","protected":false},"author":11,"featured_media":0,"parent":20383,"menu_order":0,"comment_status":"closed","ping_status":"closed","template":"full_width.php","meta":{"inline_featured_image":false,"loftloader_pro_show_once":"","loftloader_pro_page_shortcode":"","footnotes":""},"class_list":["post-20820","page","type-page","status-publish","hentry"],"_links":{"self":[{"href":"https:\/\/budapestgaleria.hu\/_\/wp-json\/wp\/v2\/pages\/20820","targetHints":{"allow":["GET"]}}],"collection":[{"href":"https:\/\/budapestgaleria.hu\/_\/wp-json\/wp\/v2\/pages"}],"about":[{"href":"https:\/\/budapestgaleria.hu\/_\/wp-json\/wp\/v2\/types\/page"}],"author":[{"embeddable":true,"href":"https:\/\/budapestgaleria.hu\/_\/wp-json\/wp\/v2\/users\/11"}],"replies":[{"embeddable":true,"href":"https:\/\/budapestgaleria.hu\/_\/wp-json\/wp\/v2\/comments?post=20820"}],"version-history":[{"count":0,"href":"https:\/\/budapestgaleria.hu\/_\/wp-json\/wp\/v2\/pages\/20820\/revisions"}],"up":[{"embeddable":true,"href":"https:\/\/budapestgaleria.hu\/_\/wp-json\/wp\/v2\/pages\/20383"}],"wp:attachment":[{"href":"https:\/\/budapestgaleria.hu\/_\/wp-json\/wp\/v2\/media?parent=20820"}],"curies":[{"name":"wp","href":"https:\/\/api.w.org\/{rel}","templated":true}]}}