{"id":21103,"date":"2024-03-25T15:35:24","date_gmt":"2024-03-25T14:35:24","guid":{"rendered":"https:\/\/budapestgaleria.hu\/_\/?page_id=21103"},"modified":"2024-07-01T13:53:21","modified_gmt":"2024-07-01T11:53:21","slug":"az-ocean-falai","status":"publish","type":"page","link":"https:\/\/budapestgaleria.hu\/_\/2024-kiallitasok\/az-ocean-falai\/","title":{"rendered":"Az \u00f3ce\u00e1n falai"},"content":{"rendered":"<div class=\"wpb-content-wrapper\"><p>[vc_row css_animation=&#8221;&#8221; row_type=&#8221;row&#8221; use_row_as_full_screen_section=&#8221;no&#8221; type=&#8221;grid&#8221; angled_section=&#8221;no&#8221; text_align=&#8221;left&#8221; background_image_as_pattern=&#8221;without_pattern&#8221; template=&#8221;ism_template_1&#8243; ism_overlock=&#8221;default&#8221; sm_d_text=&#8221;<\/p>\n<h2>This content is locked<\/h2>\n<p>Share This Page To Unlock The Content!&#8221;][vc_column][vc_single_image image=&#8221;21164&#8243; img_size=&#8221;full&#8221; qode_css_animation=&#8221;&#8221;][\/vc_column][\/vc_row][vc_row css_animation=&#8221;&#8221; row_type=&#8221;row&#8221; use_row_as_full_screen_section=&#8221;no&#8221; type=&#8221;grid&#8221; angled_section=&#8221;no&#8221; text_align=&#8221;left&#8221; background_image_as_pattern=&#8221;without_pattern&#8221;][vc_column][vc_empty_space height=&#8221;45px&#8221;][vc_column_text]<\/p>\n<h1 class=\"cim_1\"><em>Az \u00f3ce\u00e1n falai<\/em><\/h1>\n<p>[\/vc_column_text][vc_empty_space height=&#8221;45px&#8221;][\/vc_column][\/vc_row][vc_row css_animation=&#8221;&#8221; row_type=&#8221;row&#8221; use_row_as_full_screen_section=&#8221;no&#8221; type=&#8221;grid&#8221; angled_section=&#8221;no&#8221; text_align=&#8221;left&#8221; background_image_as_pattern=&#8221;without_pattern&#8221; bgparallax=&#8221;parallax&#8221; contentwidth=&#8221;container&#8221; toppadding=&#8221;40&#8243; bottompadding=&#8221;10&#8243; border=&#8221;on&#8221; css=&#8221;.vc_custom_1420648296958{background-color: #ffffff !important;}&#8221;][vc_column width=&#8221;1\/3&#8243; css=&#8221;.vc_custom_1427029754112{padding-right: 25px !important;}&#8221; el_class=&#8221;full-1&#8243;][vc_column_text]<\/p>\n<p class=\"hely_bpgal\">Budapest Gal\u00e9ria<\/p>\n<p class=\"cim_bpgal\">1036 Budapest, Lajos utca 158.<\/p>\n<p class=\"datum_bpgal\">2024. \u00e1prilis 19. \u2013 j\u00fanius 9.<\/p>\n<p>[\/vc_column_text][vc_column_text]<\/p>\n<p class=\"kiemeles_bpgal\">Ki\u00e1ll\u00edt\u00f3 m\u0171v\u00e9szek:<\/p>\n<p class=\"verzal_bpgal\">Nina Canell, Tony Cokes, Niklas Goldbach, Neogr\u00e1dy-Kiss Barnab\u00e1s, Agnieszka Polska, Schmied Andi, Adnan &amp; Nina Softi\u0107, Anna M. Szaflarski, Sean Vegezzi, Zorka Wollny<\/p>\n<p>[\/vc_column_text][vc_column_text]<\/p>\n<p class=\"kiemeles_bpgal\">Kur\u00e1tor:<\/p>\n<p class=\"verzal_bpgal\">Hunya Krisztina<\/p>\n<p>[\/vc_column_text][vc_column_text]<\/p>\n<p class=\"kiemeles_bpgal\">Megnyit\u00f3:<\/p>\n<p class=\"datum_bpgal_2\">2024. \u00e1prilis 18., (cs\u00fct\u00f6rt\u00f6k) 18:00<\/p>\n<p>[\/vc_column_text][vc_empty_space height=&#8221;45px&#8221;][vc_column_text]<\/p>\n<p class=\"kiemeles_bpgal\">Kapcsol\u00f3d\u00f3 programok:<\/p>\n<p class=\"datum_bpgal_2\">2024. \u00e1prilis 20., (szombat) 16:00<\/p>\n<p class=\"cim_bpgal\"><a href=\"https:\/\/www.facebook.com\/events\/1088774762174673?acontext=%7B%22event_action_history%22%3A[%7B%22mechanism%22%3A%22your_upcoming_events_unit%22%2C%22surface%22%3A%22bookmark%22%7D]%2C%22ref_notif_type%22%3Anull%7D\">Nontopographies: The politics of exclusion [Nemhelyrajzok: A kirekeszt\u00e9s politik\u00e1ja] kerekasztal besz\u00e9lget\u00e9s<\/a><\/p>\n<p class=\"datum_bpgal_2\">2024. m\u00e1jus 1., (szerda) 10:00<\/p>\n<p class=\"cim_bpgal\"><a href=\"https:\/\/www.facebook.com\/events\/1108035347083370?acontext=%7B%22event_action_history%22%3A[%7B%22mechanism%22%3A%22your_upcoming_events_unit%22%2C%22surface%22%3A%22bookmark%22%7D]%2C%22ref_notif_type%22%3Anull%7D\">Maj\u00e1lis a Budapest Gal\u00e9ri\u00e1ban<\/a><\/p>\n<p class=\"datum_bpgal_2\">2024. m\u00e1jus 7., (kedd) 17:00<\/p>\n<p class=\"cim_bpgal\"><a href=\"https:\/\/www.facebook.com\/events\/972248511194489?ref=newsfeed\">K\u00f6zter\u00fclet \u00e9s mag\u00e1nszf\u00e9ra az \u00d3budai K\u00eds\u00e9rleti Lak\u00f3telepen \u2013 s\u00e9ta Branczik M\u00e1rt\u00e1val, a BTM Kiscelli M\u00fazeum \u00c9p\u00edt\u00e9szeti Gy\u0171jtem\u00e9ny\u00e9nek muzeol\u00f3gus\u00e1val<\/a><\/p>\n<p class=\"datum_bpgal_2\">2024. m\u00e1jus 15., (szerda) 17:00<\/p>\n<p class=\"cim_bpgal\"><a href=\"https:\/\/www.facebook.com\/events\/1142622786981035?acontext=%7B%22event_action_history%22%3A[%7B%22mechanism%22%3A%22calendar_tab_event%22%2C%22surface%22%3A%22bookmark_calendar%22%7D]%2C%22ref_notif_type%22%3Anull%7D\">Kerekasztal-besz\u00e9lget\u00e9s Porhajas G\u00e1borral, Kiss Kata D\u00f3r\u00e1val \u00e9s Cs\u00e1nyi Gergellyel<\/a><\/p>\n<p class=\"datum_bpgal_2\">2024. m\u00e1jus 25., (szombat) 15:00<\/p>\n<p class=\"cim_bpgal\"><a href=\"https:\/\/www.facebook.com\/events\/1229159464730232?acontext=%7B%22event_action_history%22%3A[%7B%22mechanism%22%3A%22calendar_tab_event%22%2C%22surface%22%3A%22bookmark_calendar%22%7D]%2C%22ref_notif_type%22%3Anull%7D\">Gazd\u00e1lkodj ahogy tudsz! Szociopoly Bass L\u00e1szl\u00f3, szociol\u00f3gus, szeg\u00e9nys\u00e9gkutat\u00f3 vezet\u00e9s\u00e9vel<\/a><\/p>\n<p class=\"datum_bpgal_2\">2024. j\u00fanius 1., (szombat) 16:00<\/p>\n<p class=\"cim_bpgal\"><a href=\"https:\/\/www.facebook.com\/events\/1907721403022902?ref=newsfeed\">T\u00e1rlatvezet\u00e9s a kur\u00e1torral<\/a><\/p>\n<p class=\"datum_bpgal_2\">2024. j\u00fanius 8., (szombat) 11:00<\/p>\n<p class=\"cim_bpgal\"><a href=\"https:\/\/www.facebook.com\/events\/1102939104112899?acontext=%7B%22event_action_history%22%3A[%7B%22mechanism%22%3A%22calendar_tab_event%22%2C%22surface%22%3A%22bookmark_calendar%22%7D]%2C%22ref_notif_type%22%3Anull%7D\">Csal\u00e1di d\u00e9lel\u0151tt<\/a><\/p>\n<p class=\"datum_bpgal_2\">2024. j\u00fanius 8., (szombat) 16:00<\/p>\n<p class=\"cim_bpgal\"><a href=\"https:\/\/www.facebook.com\/events\/965841052214100?acontext=%7B%22event_action_history%22%3A[%7B%22mechanism%22%3A%22calendar_tab_event%22%2C%22surface%22%3A%22bookmark_calendar%22%7D]%2C%22ref_notif_type%22%3Anull%7D\">Z\u00e1r\u00f3 t\u00e1rlatvezet\u00e9s<\/a><\/p>\n<p class=\"datum_bpgal_2\">2024. j\u00fanius 8., (szombat) 17:00<\/p>\n<p class=\"cim_bpgal\"><a href=\"https:\/\/www.facebook.com\/events\/470310038833301?acontext=%7B%22event_action_history%22%3A[%7B%22mechanism%22%3A%22calendar_tab_event%22%2C%22surface%22%3A%22bookmark_calendar%22%7D]%2C%22ref_notif_type%22%3Anull%7D\">SZEMAFOR+ &#8211; workshop feln\u0151tteknek<\/a><\/p>\n<p>[\/vc_column_text][\/vc_column][vc_column width=&#8221;2\/3&#8243; el_class=&#8221;full-2&#8243;][vc_column_text]A 21. sz\u00e1zadi urb\u00e1nus \u00e9lett\u00e9r egym\u00e1st\u00f3l szoci\u00e1lis, gazdas\u00e1gi, vagy politikai okb\u00f3l elk\u00fcl\u00f6n\u00fclt \u201esejtek\u201d ill\u00fazi\u00f3j\u00e1t kelti, amelyeket digit\u00e1lisan is el\u00e9rhet\u0151 szolg\u00e1ltat\u00e1sok \u00e9s infrastrukt\u00far\u00e1k egyre s\u0171r\u0171s\u00f6d\u0151 h\u00e1l\u00f3zata fed le. B\u00e1r a bev\u00e1ndorl\u00e1s \u00e9s a v\u00e1rosi \u00e9letet befoly\u00e1sol\u00f3 kultur\u00e1lis hat\u00e1sok sokf\u00e9les\u00e9ge n\u00e9lk\u00fcl ma m\u00e1r elk\u00e9pzelhetetlen a nagyv\u00e1rosok fejl\u0151d\u00e9se, a szegreg\u00e1ci\u00f3 \u00e9s az elidegened\u00e9s k\u00fcl\u00f6nb\u00f6z\u0151 t\u00e1rsadalmi csoportokat \u00e9rint\u0151, h\u00e9tk\u00f6znapi tapasztalat. A ki\u00e1ll\u00edt\u00e1son bemutatott m\u0171vek a v\u00e1rosi egy\u00fctt\u00e9l\u00e9s kort\u00e1rs l\u00e9lektan\u00e1t vizsg\u00e1lj\u00e1k elk\u00e9pzelt, szem\u00e9lyesen meg\u00e9lt vagy t\u00f6bb \u00e9ves kutat\u00e1s sor\u00e1n megfigyelt t\u00f6rt\u00e9netek alapj\u00e1n.<\/p>\n<p>A \u201cv\u00e1ros l\u00e9trehoz\u00e1s\u00e1val az ember \u00fajraalkotta saj\u00e1t mag\u00e1t\u201d, \u00e1llap\u00edtotta meg Robert Park v\u00e1rosszociol\u00f3gus 1967-ben. A t\u00e1rsadalom sz\u00e9tv\u00e1l\u00e1sa \u2013 gazdas\u00e1gi, etnikai vagy egy\u00e9b t\u00f6r\u00e9svonalak ment\u00e9n \u2013 kit\u00f6r\u00f6lhetetlen\u00fcl bev\u00e9s\u0151dik v\u00e1rosaink tereibe, melyek egyre nagyobb ar\u00e1nyban \u00e1llnak er\u0151d\u00edtm\u00e9nyre eml\u00e9keztet\u0151 elemekb\u0151l, k\u00f6rbeker\u00edtett lak\u00f3parkokb\u00f3l \u00e9s privatiz\u00e1lt k\u00f6zterekb\u0151l. Az \u00f3ce\u00e1n falai t\u00e1rlat m\u0171v\u00e9szei po\u00e9tikus, valamint kollekt\u00edv aktivizmusra t\u00f6rekv\u0151 eszk\u00f6z\u00f6kkel mutatnak r\u00e1 e jelens\u00e9g aspektusaira. A kirekeszt\u00e9s \u00e9s az elk\u00fcl\u00f6n\u00fcl\u00e9s egyszerre lesz a hatalom \u00e1ltal el\u0151id\u00e9zett folyamat eredm\u00e9nye \u00e9s egy\u00e9ni motiv\u00e1ci\u00f3n alapul\u00f3 t\u00f6rekv\u00e9s. A c\u00edmben szimbolikusan megid\u00e9zett falak m\u00e1r r\u00e9g nem a v\u00e1ros k\u00fcls\u0151 v\u00e9delm\u00e9t szolg\u00e1lj\u00e1k, hanem a v\u00e1roshoz val\u00f3 jog komplex hierarchi\u00e1j\u00e1t id\u00e9zik fel. Kik f\u00e9rhetnek hozz\u00e1 a k\u00fcl\u00f6nb\u00f6z\u0151 terekhez \u00e9s szolg\u00e1ltat\u00e1sokhoz? Milyen eszk\u00f6z\u00f6k \u00e9s folyamatok \u00f6szt\u00f6nzik egy bubor\u00e9ksz\u00e9r\u0171 k\u00f6rnyezet kialak\u00edt\u00e1s\u00e1t? S\u0151t, elengedhetetlen-e az elidegened\u00e9s a b\u00e9k\u00e9s egy\u00fctt\u00e9l\u00e9s fenntart\u00e1sa \u00e9rdek\u00e9ben?[\/vc_column_text][vc_empty_space height=&#8221;45px&#8221;][vc_separator type=&#8221;normal&#8221; color=&#8221;#c6c6c6&#8243; up=&#8221;10&#8243; down=&#8221;20&#8243;][vc_single_image image=&#8221;19992&#8243; img_size=&#8221;256&#215;125&#8243; onclick=&#8221;custom_link&#8221; img_link_target=&#8221;_blank&#8221; qode_css_animation=&#8221;&#8221; link=&#8221;http:\/\/www.nka.hu&#8221;][vc_empty_space height=&#8221;20px&#8221;][vc_single_image image=&#8221;21104&#8243; img_size=&#8221;310&#215;190&#8243; onclick=&#8221;custom_link&#8221; img_link_target=&#8221;_blank&#8221; qode_css_animation=&#8221;&#8221; link=&#8221;https:\/\/www.ifa.de\/&#8221;][vc_empty_space height=&#8221;45px&#8221;][vc_single_image image=&#8221;21376&#8243; img_size=&#8221;full&#8221; qode_css_animation=&#8221;&#8221;][vc_empty_space][vc_single_image image=&#8221;21379&#8243; img_size=&#8221;full&#8221; qode_css_animation=&#8221;&#8221;][vc_empty_space][vc_single_image image=&#8221;21381&#8243; img_size=&#8221;full&#8221; qode_css_animation=&#8221;&#8221;][vc_empty_space][vc_single_image image=&#8221;21384&#8243; img_size=&#8221;full&#8221; qode_css_animation=&#8221;&#8221;][vc_empty_space][vc_single_image image=&#8221;21386&#8243; img_size=&#8221;full&#8221; qode_css_animation=&#8221;&#8221;][vc_empty_space][vc_single_image image=&#8221;21388&#8243; img_size=&#8221;full&#8221; qode_css_animation=&#8221;&#8221;][vc_empty_space][vc_single_image image=&#8221;21390&#8243; img_size=&#8221;full&#8221; qode_css_animation=&#8221;&#8221;][vc_empty_space][vc_single_image image=&#8221;21392&#8243; img_size=&#8221;full&#8221; qode_css_animation=&#8221;&#8221;][vc_empty_space][vc_single_image image=&#8221;21394&#8243; img_size=&#8221;full&#8221; qode_css_animation=&#8221;&#8221;][vc_empty_space][vc_single_image image=&#8221;21396&#8243; img_size=&#8221;full&#8221; qode_css_animation=&#8221;&#8221;][vc_empty_space][vc_column_text]<\/p>\n<p class=\"kepalairas_cim_jobb\">Fot\u00f3k: Juh\u00e1sz G. Tam\u00e1s<\/p>\n<p>[\/vc_column_text][vc_empty_space][\/vc_column][\/vc_row][vc_row css_animation=&#8221;&#8221; row_type=&#8221;row&#8221; use_row_as_full_screen_section=&#8221;no&#8221; type=&#8221;grid&#8221; angled_section=&#8221;no&#8221; text_align=&#8221;left&#8221; background_image_as_pattern=&#8221;without_pattern&#8221; template=&#8221;ism_template_1&#8243; ism_overlock=&#8221;default&#8221; sm_d_text=&#8221;<\/p>\n<h2>This content is locked<\/h2>\n<p>Share This Page To Unlock The Content!&#8221;][vc_column][vc_empty_space height=&#8221;45px&#8221;][\/vc_column][\/vc_row]<\/p>\n<\/div>","protected":false},"excerpt":{"rendered":"<p>[vc_row css_animation=&#8221;&#8221; row_type=&#8221;row&#8221; use_row_as_full_screen_section=&#8221;no&#8221; type=&#8221;grid&#8221; angled_section=&#8221;no&#8221; text_align=&#8221;left&#8221; background_image_as_pattern=&#8221;without_pattern&#8221; template=&#8221;ism_template_1&#8243; ism_overlock=&#8221;default&#8221; sm_d_text=&#8221; This content is locked&#8230;<\/p>\n","protected":false},"author":11,"featured_media":0,"parent":20748,"menu_order":0,"comment_status":"closed","ping_status":"closed","template":"full_width.php","meta":{"inline_featured_image":false,"loftloader_pro_show_once":"","loftloader_pro_page_shortcode":"","footnotes":""},"class_list":["post-21103","page","type-page","status-publish","hentry"],"_links":{"self":[{"href":"https:\/\/budapestgaleria.hu\/_\/wp-json\/wp\/v2\/pages\/21103","targetHints":{"allow":["GET"]}}],"collection":[{"href":"https:\/\/budapestgaleria.hu\/_\/wp-json\/wp\/v2\/pages"}],"about":[{"href":"https:\/\/budapestgaleria.hu\/_\/wp-json\/wp\/v2\/types\/page"}],"author":[{"embeddable":true,"href":"https:\/\/budapestgaleria.hu\/_\/wp-json\/wp\/v2\/users\/11"}],"replies":[{"embeddable":true,"href":"https:\/\/budapestgaleria.hu\/_\/wp-json\/wp\/v2\/comments?post=21103"}],"version-history":[{"count":0,"href":"https:\/\/budapestgaleria.hu\/_\/wp-json\/wp\/v2\/pages\/21103\/revisions"}],"up":[{"embeddable":true,"href":"https:\/\/budapestgaleria.hu\/_\/wp-json\/wp\/v2\/pages\/20748"}],"wp:attachment":[{"href":"https:\/\/budapestgaleria.hu\/_\/wp-json\/wp\/v2\/media?parent=21103"}],"curies":[{"name":"wp","href":"https:\/\/api.w.org\/{rel}","templated":true}]}}