{"id":21187,"date":"2024-04-16T12:27:14","date_gmt":"2024-04-16T10:27:14","guid":{"rendered":"https:\/\/budapestgaleria.hu\/_\/?page_id=21187"},"modified":"2025-03-13T15:55:41","modified_gmt":"2025-03-13T14:55:41","slug":"nyari-tabor-2025","status":"publish","type":"page","link":"https:\/\/budapestgaleria.hu\/_\/muzeumpedagogia-budapest-galeria\/nyari-tabor-2025\/","title":{"rendered":"Ny\u00e1ri t\u00e1bor 2025"},"content":{"rendered":"<div class=\"wpb-content-wrapper\"><p>[vc_row css_animation=&#8221;&#8221; row_type=&#8221;row&#8221; use_row_as_full_screen_section=&#8221;no&#8221; type=&#8221;grid&#8221; angled_section=&#8221;no&#8221; text_align=&#8221;left&#8221; background_image_as_pattern=&#8221;without_pattern&#8221; template=&#8221;ism_template_1&#8243; ism_overlock=&#8221;default&#8221; sm_d_text=&#8221;<\/p>\n<h2>This content is locked<\/h2>\n<p>Share This Page To Unlock The Content!&#8221;][vc_column][vc_single_image image=&#8221;20385&#8243; img_size=&#8221;full&#8221; qode_css_animation=&#8221;&#8221;][\/vc_column][\/vc_row][vc_row css_animation=&#8221;&#8221; row_type=&#8221;row&#8221; use_row_as_full_screen_section=&#8221;no&#8221; type=&#8221;grid&#8221; angled_section=&#8221;no&#8221; text_align=&#8221;left&#8221; background_image_as_pattern=&#8221;without_pattern&#8221;][vc_column][vc_empty_space height=&#8221;45px&#8221;][vc_column_text]<\/p>\n<h1 class=\"cim_1\">Ny\u00e1ri alkot\u00f3m\u0171helyek a Budapest Gal\u00e9ri\u00e1ban<\/h1>\n<p>[\/vc_column_text][vc_empty_space height=&#8221;45px&#8221;][\/vc_column][\/vc_row][vc_row css_animation=&#8221;&#8221; seperator_indeed_locker=&#8221;&#8221; lk_t=&#8221;ism_template_1&#8243; lk_io=&#8221;default&#8221; lk_dm=&#8221;0&#8243; lk_thm=&#8221;0&#8243; lk_tuo=&#8221;0&#8243; ru_on=&#8221;0&#8243; uhc_on=&#8221;0&#8243; ur_on=&#8221;0&#8243; ref_on=&#8221;0&#8243; row_type=&#8221;row&#8221; use_row_as_full_screen_section=&#8221;no&#8221; type=&#8221;grid&#8221; angled_section=&#8221;no&#8221; text_align=&#8221;left&#8221; background_image_as_pattern=&#8221;without_pattern&#8221;][vc_column][vc_empty_space][vc_column_text]<strong>BETELT! Nem tudunk t\u00f6bb jelentkez\u00e9st fogadni sajnos! Tal\u00e1lkozunk j\u00f6v\u0151re!<\/strong><\/p>\n<p><strong>A Budapest Gal\u00e9ria 2025-ben is v\u00e1rja a 8-11 \u00e9ves gyerekeket ny\u00e1ri alkot\u00f3m\u0171hely\u00e9re!<\/strong><\/p>\n<p>A Budapest Gal\u00e9ria ebben az \u00e9vben j\u00fanius 23-27-ig rendezi meg ny\u00e1ri alkot\u00f3m\u0171hely\u00e9t. A foglalkoz\u00e1sokat reggel 9-t\u0151l d\u00e9lut\u00e1n 16 \u00f3r\u00e1ig tartjuk a ki\u00e1ll\u00edt\u00f3termekben illetve a gal\u00e9ria udvar\u00e1n. Az eb\u00e9det, valamint az alkot\u00e1shoz sz\u00fcks\u00e9ges anyagokat \u00e9s eszk\u00f6z\u00f6ket biztos\u00edtjuk a gyerekek sz\u00e1m\u00e1ra.<\/p>\n<p><strong>Helysz\u00edn:<\/strong> BTM &#8211; Budapest Gal\u00e9ria, 1036 Budapest, Lajos utca 158.<br \/>\n<strong>Koroszt\u00e1ly<\/strong>: 8-11 \u00e9vesek<br \/>\n<strong>R\u00e9sztvev\u0151k sz\u00e1ma<\/strong>: 10-15 f\u0151<br \/>\n<strong>R\u00e9szv\u00e9teli d\u00edj:<\/strong> 48 000 Ft, testv\u00e9reknek: 42 000 Ft<\/p>\n<p><strong>Jelentkez\u00e9s \u00e9s tov\u00e1bbi inform\u00e1ci\u00f3:<\/strong> <a href=\"mailto:szabics.agnes@btm.hu\">szabics.agnes@btm.hu<\/a>, +36 20 989 9360[\/vc_column_text][vc_empty_space height=&#8221;45px&#8221;][vc_separator type=&#8221;normal&#8221; color=&#8221;#aaaaaa&#8221;][vc_empty_space][vc_empty_space][\/vc_column][\/vc_row][vc_row css_animation=&#8221;&#8221; row_type=&#8221;row&#8221; use_row_as_full_screen_section=&#8221;no&#8221; type=&#8221;grid&#8221; angled_section=&#8221;no&#8221; text_align=&#8221;left&#8221; background_image_as_pattern=&#8221;without_pattern&#8221; template=&#8221;ism_template_1&#8243; ism_overlock=&#8221;default&#8221; sm_d_text=&#8221;<\/p>\n<h2>This content is locked<\/h2>\n<p>Share This Page To Unlock The Content!&#8221;][vc_column][vc_empty_space height=&#8221;45px&#8221;][vc_empty_space height=&#8221;45px&#8221;][\/vc_column][\/vc_row][vc_row css_animation=&#8221;&#8221; seperator_indeed_locker=&#8221;&#8221; lk_t=&#8221;ism_template_1&#8243; lk_io=&#8221;default&#8221; lk_dm=&#8221;0&#8243; lk_thm=&#8221;0&#8243; lk_tuo=&#8221;0&#8243; ru_on=&#8221;0&#8243; uhc_on=&#8221;0&#8243; ur_on=&#8221;0&#8243; ref_on=&#8221;0&#8243; row_type=&#8221;row&#8221; use_row_as_full_screen_section=&#8221;no&#8221; type=&#8221;grid&#8221; angled_section=&#8221;no&#8221; text_align=&#8221;left&#8221; background_image_as_pattern=&#8221;without_pattern&#8221;][vc_column][\/vc_column][\/vc_row]<\/p>\n<\/div>","protected":false},"excerpt":{"rendered":"<p>[vc_row css_animation=&#8221;&#8221; row_type=&#8221;row&#8221; use_row_as_full_screen_section=&#8221;no&#8221; type=&#8221;grid&#8221; angled_section=&#8221;no&#8221; text_align=&#8221;left&#8221; background_image_as_pattern=&#8221;without_pattern&#8221; template=&#8221;ism_template_1&#8243; ism_overlock=&#8221;default&#8221; sm_d_text=&#8221; This content is locked&#8230;<\/p>\n","protected":false},"author":11,"featured_media":0,"parent":20383,"menu_order":0,"comment_status":"closed","ping_status":"closed","template":"full_width.php","meta":{"inline_featured_image":false,"loftloader_pro_show_once":"","loftloader_pro_page_shortcode":"","footnotes":""},"class_list":["post-21187","page","type-page","status-publish","hentry"],"_links":{"self":[{"href":"https:\/\/budapestgaleria.hu\/_\/wp-json\/wp\/v2\/pages\/21187","targetHints":{"allow":["GET"]}}],"collection":[{"href":"https:\/\/budapestgaleria.hu\/_\/wp-json\/wp\/v2\/pages"}],"about":[{"href":"https:\/\/budapestgaleria.hu\/_\/wp-json\/wp\/v2\/types\/page"}],"author":[{"embeddable":true,"href":"https:\/\/budapestgaleria.hu\/_\/wp-json\/wp\/v2\/users\/11"}],"replies":[{"embeddable":true,"href":"https:\/\/budapestgaleria.hu\/_\/wp-json\/wp\/v2\/comments?post=21187"}],"version-history":[{"count":0,"href":"https:\/\/budapestgaleria.hu\/_\/wp-json\/wp\/v2\/pages\/21187\/revisions"}],"up":[{"embeddable":true,"href":"https:\/\/budapestgaleria.hu\/_\/wp-json\/wp\/v2\/pages\/20383"}],"wp:attachment":[{"href":"https:\/\/budapestgaleria.hu\/_\/wp-json\/wp\/v2\/media?parent=21187"}],"curies":[{"name":"wp","href":"https:\/\/api.w.org\/{rel}","templated":true}]}}

Nyári tábor 2025

<div class="wpb-content-wrapper"><p>[vc_row css_animation=&#8221;&#8221; row_type=&#8221;row&#8221; use_row_as_full_screen_section=&#8221;no&#8221; type=&#8221;grid&#8221; angled_section=&#8221;no&#8221; text_align=&#8221;left&#8221; background_image_as_pattern=&#8221;without_pattern&#8221; template=&#8221;ism_template_1&#8243; ism_overlock=&#8221;default&#8221; sm_d_text=&#8221;</p>
<h2>This content is locked</h2>
<p>Share This Page To Unlock The Content!&#8221;][vc_column][vc_single_image image=&#8221;20385&#8243; img_size=&#8221;full&#8221; qode_css_animation=&#8221;&#8221;][/vc_column][/vc_row][vc_row css_animation=&#8221;&#8221; row_type=&#8221;row&#8221; use_row_as_full_screen_section=&#8221;no&#8221; type=&#8221;grid&#8221; angled_section=&#8221;no&#8221; text_align=&#8221;left&#8221; background_image_as_pattern=&#8221;without_pattern&#8221;][vc_column][vc_empty_space height=&#8221;45px&#8221;][vc_column_text]</p>
<h1 class="cim_1">Nyári alkotóműhelyek a Budapest Galériában</h1>
<p>[/vc_column_text][vc_empty_space height=&#8221;45px&#8221;][/vc_column][/vc_row][vc_row css_animation=&#8221;&#8221; seperator_indeed_locker=&#8221;&#8221; lk_t=&#8221;ism_template_1&#8243; lk_io=&#8221;default&#8221; lk_dm=&#8221;0&#8243; lk_thm=&#8221;0&#8243; lk_tuo=&#8221;0&#8243; ru_on=&#8221;0&#8243; uhc_on=&#8221;0&#8243; ur_on=&#8221;0&#8243; ref_on=&#8221;0&#8243; row_type=&#8221;row&#8221; use_row_as_full_screen_section=&#8221;no&#8221; type=&#8221;grid&#8221; angled_section=&#8221;no&#8221; text_align=&#8221;left&#8221; background_image_as_pattern=&#8221;without_pattern&#8221;][vc_column][vc_empty_space][vc_column_text]<strong>BETELT! Nem tudunk több jelentkezést fogadni sajnos! Találkozunk jövőre!</strong></p>
<p><strong>A Budapest Galéria 2025-ben is várja a 8-11 éves gyerekeket nyári alkotóműhelyére!</strong></p>
<p>A Budapest Galéria ebben az évben június 23-27-ig rendezi meg nyári alkotóműhelyét. A foglalkozásokat reggel 9-től délután 16 óráig tartjuk a kiállítótermekben illetve a galéria udvarán. Az ebédet, valamint az alkotáshoz szükséges anyagokat és eszközöket biztosítjuk a gyerekek számára.</p>
<p><strong>Helyszín:</strong> BTM &#8211; Budapest Galéria, 1036 Budapest, Lajos utca 158.<br />
<strong>Korosztály</strong>: 8-11 évesek<br />
<strong>Résztvevők száma</strong>: 10-15 fő<br />
<strong>Részvételi díj:</strong> 48 000 Ft, testvéreknek: 42 000 Ft</p>
<p><strong>Jelentkezés és további információ:</strong> <a href="mailto:szabics.agnes@btm.hu">szabics.agnes@btm.hu</a>, +36 20 989 9360[/vc_column_text][vc_empty_space height=&#8221;45px&#8221;][vc_separator type=&#8221;normal&#8221; color=&#8221;#aaaaaa&#8221;][vc_empty_space][vc_empty_space][/vc_column][/vc_row][vc_row css_animation=&#8221;&#8221; row_type=&#8221;row&#8221; use_row_as_full_screen_section=&#8221;no&#8221; type=&#8221;grid&#8221; angled_section=&#8221;no&#8221; text_align=&#8221;left&#8221; background_image_as_pattern=&#8221;without_pattern&#8221; template=&#8221;ism_template_1&#8243; ism_overlock=&#8221;default&#8221; sm_d_text=&#8221;</p>
<h2>This content is locked</h2>
<p>Share This Page To Unlock The Content!&#8221;][vc_column][vc_empty_space height=&#8221;45px&#8221;][vc_empty_space height=&#8221;45px&#8221;][/vc_column][/vc_row][vc_row css_animation=&#8221;&#8221; seperator_indeed_locker=&#8221;&#8221; lk_t=&#8221;ism_template_1&#8243; lk_io=&#8221;default&#8221; lk_dm=&#8221;0&#8243; lk_thm=&#8221;0&#8243; lk_tuo=&#8221;0&#8243; ru_on=&#8221;0&#8243; uhc_on=&#8221;0&#8243; ur_on=&#8221;0&#8243; ref_on=&#8221;0&#8243; row_type=&#8221;row&#8221; use_row_as_full_screen_section=&#8221;no&#8221; type=&#8221;grid&#8221; angled_section=&#8221;no&#8221; text_align=&#8221;left&#8221; background_image_as_pattern=&#8221;without_pattern&#8221;][vc_column][/vc_column][/vc_row]</p>
</div>
