{"id":23149,"date":"2025-06-27T13:50:20","date_gmt":"2025-06-27T11:50:20","guid":{"rendered":"https:\/\/budapestgaleria.hu\/_\/?page_id=23149"},"modified":"2026-01-12T15:25:28","modified_gmt":"2026-01-12T14:25:28","slug":"lajos-utca-158-meszarszektol-a-galeriaig","status":"publish","type":"page","link":"https:\/\/budapestgaleria.hu\/_\/lajos-utca-158-meszarszektol-a-galeriaig\/","title":{"rendered":"Lajos utca 158. \u2013 M\u00e9sz\u00e1rsz\u00e9kt\u0151l a gal\u00e9ri\u00e1ig"},"content":{"rendered":"<div class=\"wpb-content-wrapper\"><p>[vc_row css_animation=&#8221;&#8221; seperator_indeed_locker=&#8221;&#8221; lk_t=&#8221;ism_template_1&#8243; lk_io=&#8221;default&#8221; lk_dm=&#8221;0&#8243; lk_thm=&#8221;0&#8243; lk_tuo=&#8221;0&#8243; ru_on=&#8221;0&#8243; uhc_on=&#8221;0&#8243; ur_on=&#8221;0&#8243; ref_on=&#8221;0&#8243; row_type=&#8221;row&#8221; use_row_as_full_screen_section=&#8221;no&#8221; type=&#8221;grid&#8221; angled_section=&#8221;no&#8221; text_align=&#8221;left&#8221; background_image_as_pattern=&#8221;without_pattern&#8221; z_index=&#8221;&#8221;][vc_column][vc_single_image image=&#8221;23927&#8243; img_size=&#8221;full&#8221; alignment=&#8221;center&#8221; css=&#8221;.vc_custom_1760270837147{margin-top: 0px !important;margin-bottom: 0px !important;padding-top: 0px !important;padding-bottom: 0px !important;}&#8221; qode_css_animation=&#8221;&#8221;][\/vc_column][\/vc_row][vc_row css_animation=&#8221;&#8221; row_type=&#8221;row&#8221; use_row_as_full_screen_section=&#8221;no&#8221; type=&#8221;full_width&#8221; angled_section=&#8221;no&#8221; text_align=&#8221;left&#8221; background_image_as_pattern=&#8221;without_pattern&#8221;][vc_column][vc_empty_space][\/vc_column][\/vc_row][vc_row css_animation=&#8221;&#8221; seperator_indeed_locker=&#8221;&#8221; lk_t=&#8221;ism_template_1&#8243; lk_io=&#8221;default&#8221; lk_dm=&#8221;0&#8243; lk_thm=&#8221;0&#8243; lk_tuo=&#8221;0&#8243; ru_on=&#8221;0&#8243; uhc_on=&#8221;0&#8243; ur_on=&#8221;0&#8243; ref_on=&#8221;0&#8243; row_type=&#8221;row&#8221; use_row_as_full_screen_section=&#8221;no&#8221; type=&#8221;grid&#8221; angled_section=&#8221;no&#8221; text_align=&#8221;left&#8221; background_image_as_pattern=&#8221;without_pattern&#8221; z_index=&#8221;&#8221;][vc_column][vc_column_text css=&#8221;&#8221;]<\/p>\n<h2>\u201eLajos utca 158. \u2013 M\u00e9sz\u00e1rsz\u00e9kt\u0151l a gal\u00e9ri\u00e1ig\u201d<br \/>\n\u00c1lland\u00f3 \u00e9p\u00fclett\u00f6rt\u00e9neti ki\u00e1ll\u00edt\u00e1s a Budapest Gal\u00e9ri\u00e1ban<\/h2>\n<p>[\/vc_column_text][vc_column_text css=&#8221;&#8221; el_class=&#8221;m-4-0&#8243;]<strong>A Budapest Gal\u00e9ria \u00fajra megnyitja a k\u00f6z\u00f6ns\u00e9g sz\u00e1m\u00e1ra hossz\u00fa \u00e9vek \u00f3ta nem l\u00e1togathat\u00f3 f\u00f6ld alatti PINCE ki\u00e1ll\u00edt\u00f3ter\u00e9t is, ami ezent\u00fal az \u00e1lland\u00f3 \u00e9p\u00fclett\u00f6rt\u00e9neti ki\u00e1ll\u00edt\u00e1sunknak \u00e9s a M\u0171v\u00e9szcsere program pop-up t\u00e1rlatainak is otthont ad.<\/strong><\/p>\n<p>\u00d3buda legr\u00e9gebbi, k\u00f6z\u00e9pkori h\u00e1za ma a jelen h\u00edrn\u00f6kek\u00e9nt a kort\u00e1rs m\u0171v\u00e9szet otthon\u00e1ul szolg\u00e1l \u2013 de vajon mit mes\u00e9l a m\u00faltr\u00f3l? A M\u00fazeumok \u00c9jszak\u00e1ja alkalm\u00e1b\u00f3l \u00fajra kiny\u00edltak e k\u00fcl\u00f6nleges h\u00e1z titokzatos pinc\u00e9j\u00e9nek kapui, \u00e9s egy\u00fattal felfedezhet\u0151v\u00e9 v\u00e1lik t\u00f6rt\u00e9nete is. Nem csak a h\u00e1z falai mes\u00e9lnek, de maga \u00d3buda is: a v\u00e1rosr\u00e9sz kelta \u00f6r\u00f6ks\u00e9g\u00e9t\u0151l eg\u00e9szen napjainkig utazunk.<\/p>\n<p>L\u00e1togat\u00f3inkat k\u00e9pzeletben visszarep\u00edtj\u00fck a 14\u201315. sz\u00e1zadba, amikor a h\u00e1z el\u0151tti piact\u00e9r volt a k\u00f6z\u00e9pkori \u00d3buda egyik ny\u00fczsg\u0151 k\u00f6zpontja, ahol f\u00e9rfiak \u00e9s n\u0151k, polg\u00e1rok \u00e9s parasztok, gazdagok \u00e9s szeg\u00e9nyek tal\u00e1lkoztak, a szomsz\u00e9dban pedig a klarissza ap\u00e1c\u00e1k hatalmas \u00e9p\u00fcletkomplexuma \u00e1llt, melyhez az \u00e9p\u00fclet egyik tulajdonos\u00e1nak is k\u00f6ze volt. A kanyarg\u00f3s Lajos utc\u00e1nak a sz\u00e1zadok sor\u00e1n viselt neveire is f\u00e9ny der\u00fcl.<\/p>\n<p>Az \u00e9p\u00fclett\u00f6rt\u00e9neten t\u00fal a h\u00e1z k\u00fcl\u00f6nb\u00f6z\u0151 korokban bet\u00f6lt\u00f6tt funkci\u00f3it is megismerhetj\u00fck: volt itt a k\u00f6z\u00e9pkorban m\u00e9sz\u00e1rsz\u00e9k, majd a t\u00f6r\u00f6k kor ut\u00e1n a Zichy csal\u00e1d uradalmi \u201eSerf\u0151z\u0151h\u00e1za\u201d is. V\u00e9g\u00fcl az \u00e9p\u00fclet 19. \u00e9s 20. sz\u00e1zadi tulajdonosi viszonyai is felt\u00e1rulnak el\u0151tt\u00fcnk \u2013 a boltok \u00e9s lak\u00e1sok meglep\u0151en sz\u00ednes sokas\u00e1ga.[\/vc_column_text][vc_empty_space][vc_single_image image=&#8221;23530&#8243; img_size=&#8221;full&#8221; alignment=&#8221;center&#8221; css=&#8221;&#8221; qode_css_animation=&#8221;&#8221;][vc_empty_space][vc_single_image image=&#8221;23532&#8243; img_size=&#8221;full&#8221; alignment=&#8221;center&#8221; css=&#8221;&#8221; qode_css_animation=&#8221;&#8221;][vc_empty_space][vc_single_image image=&#8221;24468&#8243; img_size=&#8221;full&#8221; alignment=&#8221;center&#8221; css=&#8221;&#8221; qode_css_animation=&#8221;&#8221;][vc_empty_space][vc_column_text css=&#8221;&#8221;]<\/p>\n<p class=\"kepalairas_cim_jobb\">Fot\u00f3k: Juh\u00e1sz G. Tam\u00e1s<\/p>\n<p>[\/vc_column_text][vc_empty_space height=&#8221;45px&#8221;][\/vc_column][\/vc_row]<\/p>\n<\/div>","protected":false},"excerpt":{"rendered":"<p>[vc_row css_animation=&#8221;&#8221; seperator_indeed_locker=&#8221;&#8221; lk_t=&#8221;ism_template_1&#8243; lk_io=&#8221;default&#8221; lk_dm=&#8221;0&#8243; lk_thm=&#8221;0&#8243; lk_tuo=&#8221;0&#8243; ru_on=&#8221;0&#8243; uhc_on=&#8221;0&#8243; ur_on=&#8221;0&#8243; ref_on=&#8221;0&#8243; row_type=&#8221;row&#8221; use_row_as_full_screen_section=&#8221;no&#8221; type=&#8221;grid&#8221;&#8230;<\/p>\n","protected":false},"author":15,"featured_media":0,"parent":0,"menu_order":0,"comment_status":"closed","ping_status":"closed","template":"full_width.php","meta":{"inline_featured_image":false,"loftloader_pro_show_once":"","loftloader_pro_page_shortcode":"","footnotes":""},"class_list":["post-23149","page","type-page","status-publish","hentry"],"_links":{"self":[{"href":"https:\/\/budapestgaleria.hu\/_\/wp-json\/wp\/v2\/pages\/23149","targetHints":{"allow":["GET"]}}],"collection":[{"href":"https:\/\/budapestgaleria.hu\/_\/wp-json\/wp\/v2\/pages"}],"about":[{"href":"https:\/\/budapestgaleria.hu\/_\/wp-json\/wp\/v2\/types\/page"}],"author":[{"embeddable":true,"href":"https:\/\/budapestgaleria.hu\/_\/wp-json\/wp\/v2\/users\/15"}],"replies":[{"embeddable":true,"href":"https:\/\/budapestgaleria.hu\/_\/wp-json\/wp\/v2\/comments?post=23149"}],"version-history":[{"count":10,"href":"https:\/\/budapestgaleria.hu\/_\/wp-json\/wp\/v2\/pages\/23149\/revisions"}],"predecessor-version":[{"id":24471,"href":"https:\/\/budapestgaleria.hu\/_\/wp-json\/wp\/v2\/pages\/23149\/revisions\/24471"}],"wp:attachment":[{"href":"https:\/\/budapestgaleria.hu\/_\/wp-json\/wp\/v2\/media?parent=23149"}],"curies":[{"name":"wp","href":"https:\/\/api.w.org\/{rel}","templated":true}]}}