{"id":23167,"date":"2025-07-03T14:44:38","date_gmt":"2025-07-03T12:44:38","guid":{"rendered":"https:\/\/budapestgaleria.hu\/_\/?page_id=23167"},"modified":"2025-10-24T15:49:25","modified_gmt":"2025-10-24T13:49:25","slug":"a-ferfi-helyet-senki-nem-firtatja-a-forradalomban","status":"publish","type":"page","link":"https:\/\/budapestgaleria.hu\/_\/2025-kiallitasok\/a-ferfi-helyet-senki-nem-firtatja-a-forradalomban\/","title":{"rendered":"\u201eA f\u00e9rfi hely\u00e9t senki nem firtatja a forradalomban\u201d"},"content":{"rendered":"<div class=\"wpb-content-wrapper\"><p>[vc_row css_animation=&#8221;&#8221; seperator_indeed_locker=&#8221;&#8221; lk_t=&#8221;ism_template_1&#8243; lk_io=&#8221;default&#8221; lk_dm=&#8221;0&#8243; lk_thm=&#8221;0&#8243; lk_tuo=&#8221;0&#8243; ru_on=&#8221;0&#8243; uhc_on=&#8221;0&#8243; ur_on=&#8221;0&#8243; ref_on=&#8221;0&#8243; row_type=&#8221;row&#8221; use_row_as_full_screen_section=&#8221;no&#8221; type=&#8221;grid&#8221; angled_section=&#8221;no&#8221; text_align=&#8221;left&#8221; background_image_as_pattern=&#8221;without_pattern&#8221; template=&#8221;ism_template_1&#8243; ism_overlock=&#8221;default&#8221; sm_d_text=&#8221;<\/p>\n<h2>This content is locked<\/h2>\n<p>Share This Page To Unlock The Content!&#8221;][vc_column][vc_single_image image=&#8221;23244&#8243; img_size=&#8221;full&#8221; qode_css_animation=&#8221;&#8221;][\/vc_column][\/vc_row][vc_row css_animation=&#8221;&#8221; row_type=&#8221;row&#8221; use_row_as_full_screen_section=&#8221;no&#8221; type=&#8221;grid&#8221; angled_section=&#8221;no&#8221; text_align=&#8221;left&#8221; background_image_as_pattern=&#8221;without_pattern&#8221;][vc_column][vc_empty_space height=&#8221;45px&#8221;][vc_column_text css=&#8221;&#8221;]<\/p>\n<h1 class=\"cim_1\"><em>\u201eA f\u00e9rfi hely\u00e9t senki nem firtatja a forradalomban\u201d<\/em><\/h1>\n<p>[\/vc_column_text][vc_empty_space height=&#8221;45px&#8221;][\/vc_column][\/vc_row][vc_row css_animation=&#8221;&#8221; row_type=&#8221;row&#8221; use_row_as_full_screen_section=&#8221;no&#8221; type=&#8221;grid&#8221; angled_section=&#8221;no&#8221; text_align=&#8221;left&#8221; background_image_as_pattern=&#8221;without_pattern&#8221; bgparallax=&#8221;parallax&#8221; contentwidth=&#8221;container&#8221; toppadding=&#8221;40&#8243; bottompadding=&#8221;10&#8243; border=&#8221;on&#8221; css=&#8221;.vc_custom_1420648296958{background-color: #ffffff !important;}&#8221;][vc_column width=&#8221;1\/3&#8243; css=&#8221;.vc_custom_1427029754112{padding-right: 25px !important;}&#8221; el_class=&#8221;full-1&#8243;][vc_column_text]<\/p>\n<p class=\"hely_bpgal\">Budapest Gal\u00e9ria<\/p>\n<p class=\"cim_bpgal\">1036 Budapest, Lajos utca 158.<\/p>\n<p class=\"datum_bpgal\">2025. j\u00falius 18. \u2013 okt\u00f3ber 5.<\/p>\n<p>[\/vc_column_text][vc_column_text]<\/p>\n<p class=\"kiemeles_bpgal\">Ki\u00e1ll\u00edt\u00f3 m\u0171v\u00e9szek:<\/p>\n<p class=\"verzal_bpgal\">K\u00f6zel k\u00e9tsz\u00e1z, t\u00f6bbs\u00e9g\u00e9ben n\u0151i ki\u00e1ll\u00edt\u00f3, a 19. sz\u00e1zadt\u00f3l napjainkig<\/p>\n<p>[\/vc_column_text][vc_column_text]<\/p>\n<p class=\"kiemeles_bpgal\">A ki\u00e1ll\u00edt\u00e1s kur\u00e1tora:<\/p>\n<p class=\"verzal_bpgal\">SZ\u00c1SZ Anna Lujza<\/p>\n<p>[\/vc_column_text][vc_column_text]<\/p>\n<p class=\"kiemeles_bpgal\">Konzulens:<\/p>\n<p class=\"verzal_bpgal\">BICSKEI \u00c9va<\/p>\n<p>[\/vc_column_text][vc_column_text]<\/p>\n<p class=\"kiemeles_bpgal\">Kur\u00e1tor asszisztens:<\/p>\n<p class=\"verzal_bpgal\">T\u00d3TH Fanni<\/p>\n<p>[\/vc_column_text][vc_column_text]<\/p>\n<p class=\"kiemeles_bpgal\">Grafika:<\/p>\n<p class=\"verzal_bpgal\">Anuri Design Studio<\/p>\n<p>[\/vc_column_text][vc_column_text]<\/p>\n<p class=\"kiemeles_bpgal\">Ford\u00edt\u00e1s:<\/p>\n<p class=\"verzal_bpgal\">SIPOS D\u00e1niel<\/p>\n<p>[\/vc_column_text][vc_column_text]<\/p>\n<p class=\"kiemeles_bpgal\">Olvas\u00f3szerkeszt\u00e9s:<\/p>\n<p class=\"verzal_bpgal\">SZEKERES D\u00f3ra<\/p>\n<p>[\/vc_column_text][vc_column_text]<\/p>\n<p class=\"kiemeles_bpgal\">K\u00e9pc\u00e9dul\u00e1k gyerekeknek:<\/p>\n<p class=\"verzal_bpgal\">SZABICS \u00c1gnes \u00e9s T\u00d3TH Fanni<\/p>\n<p>[\/vc_column_text][vc_column_text]<\/p>\n<p class=\"kiemeles_bpgal\">Install\u00e1ci\u00f3:<\/p>\n<p class=\"verzal_bpgal\">GYENEI P\u00e9ter, SZAKSZON Imre, PETERN\u00c1K Zsigmond<\/p>\n<p>[\/vc_column_text][vc_column_text]<\/p>\n<p class=\"kiemeles_bpgal\">Sajt\u00f3:<\/p>\n<p class=\"verzal_bpgal\">G\u00c1M\u00c1N Zsuzsa<\/p>\n<p>[\/vc_column_text][vc_column_text]<\/p>\n<p class=\"kiemeles_bpgal\">Megnyit\u00f3:<\/p>\n<p class=\"datum_bpgal_2\">2025. j\u00falius 17., (cs\u00fct\u00f6rt\u00f6k) 18:00<\/p>\n<p class=\"kiemeles_bpgal\">Megnyitja:<\/p>\n<p class=\"verzal_bpgal\">S\u00dcVECZ Emese<\/p>\n<p class=\"titulus\">m\u0171v\u00e9szett\u00f6rt\u00e9n\u00e9sz, a Magyar N\u0151i Alap egyik alap\u00edt\u00f3ja, \u00fcgyvezet\u0151 igazgat\u00f3ja<\/p>\n<p>[\/vc_column_text][vc_empty_space][\/vc_column][vc_column width=&#8221;2\/3&#8243; el_class=&#8221;full-2&#8243;][vc_column_text]A Magyar Tudom\u00e1nyos Akad\u00e9mia, a nemzeti gondolat \u00e9s mozgalom int\u00e9zm\u00e9nyi megtestes\u00edt\u0151je k\u00f6r\u00fcl t\u00f6bb, n\u0151k \u00e1ltal kezdem\u00e9nyezett k\u00f6z\u00f6ss\u00e9gi gy\u0171jt\u00e9s val\u00f3sult meg az id\u0151k sor\u00e1n. Ezek k\u00f6z\u00fcl az egyik els\u0151 a <em>vir\u00e1gos sz\u0151nyeg<\/em> elk\u00e9sz\u00edt\u00e9se volt 1865 \u00e9s 1867 k\u00f6z\u00f6tt.<\/p>\n<p>Az akad\u00e9mia sz\u00e9kh\u00e1z\u00e1t 1865-ben adt\u00e1k \u00e1t, \u00e1m mire az \u00e9p\u00fclet fel\u00e9p\u00fclt, a p\u00e9nz elfogyott, \u00edgy a bels\u0151 terek d\u00edsz\u00edtetlenek maradtak. Mindez nagy val\u00f3sz\u00edn\u0171s\u00e9ggel eljutott az Aradon tart\u00f3zkod\u00f3 Bohus J\u00e1nosn\u00e9 Sz\u0151gy\u00e9n Ant\u00f3nia (1803-1890) f\u00fcl\u00e9be is, aki k\u00f6z\u00f6ss\u00e9gi felh\u00edv\u00e1st adott fel t\u00f6bb lapban egy, a d\u00edszterembe sz\u0151nyeg l\u00e9trehoz\u00e1s\u00e1ra. A sz\u0151nyeg 1867-re k\u00e9sz\u00fclt el, \u00e9s ker\u00fclt az akad\u00e9mia \u00e9p\u00fclet\u00e9be, hogy el\u0151sz\u00f6r haszn\u00e1lati t\u00e1rggy\u00e1, majd rezsimeken \u00e9s korokon \u00e1t\u00edvel\u0151, az int\u00e9zm\u00e9nyi autorit\u00e1st megjelen\u00edt\u0151 d\u00edszt\u00e1rggy\u00e1 v\u00e1ljon. A h\u00edmz\u00e9sben r\u00e9sztvev\u0151 n\u0151i csoportok, ez a t\u00f6bb mint sz\u00e1zhatvan n\u0151 a t\u00e1rsadalom szinte \u00f6sszes r\u00e9teg\u00e9t reprezent\u00e1lta t\u00e1rsadalmi oszt\u00e1ly, felekezeti hovatartoz\u00e1s, \u00e9letkor \u00e9s csal\u00e1di \u00e1llapot tekintet\u00e9ben. A bel\u00e9p\u00e9si k\u00fcsz\u00f6b\u00f6t a varrni tud\u00e1s, illetve egy 75&#215;75 cm-es megmunk\u00e1land\u00f3 egys\u00e9g megv\u00e1s\u00e1rl\u00e1sa jelentette.<\/p>\n<p>A sz\u0151nyeg a k\u00e9s\u0151 biedermeierre jellemz\u0151 st\u00edlusjegyeket t\u00fckr\u00f6zi. Annak gesztusa, hogy a f\u00e9rfiak \u201eal\u00e1,\u201d a d\u00edszterem padozat\u00e1ra k\u00e9sz\u00fclt, csak r\u00e9szben hordozta mag\u00e1ban az akad\u00e9mia otthonoss\u00e1 t\u00e9tel\u00e9nek ig\u00e9ny\u00e9t. Sokkal m\u00e9lyebb jelent\u00e9ssel b\u00edrt: a nemzeti alapokon nyugv\u00f3 int\u00e9zm\u00e9ny reprezentat\u00edv k\u00f6zponti ter\u00e9ben val\u00f3 megjelen\u00e9ssel a n\u0151k a tudom\u00e1nyos \u00e9s t\u00e1rsadalmi nyilv\u00e1noss\u00e1g sz\u00edntereire is bel\u00e9ptek, illetve a nemzeti k\u00f6z\u00f6ss\u00e9ghez val\u00f3 tartoz\u00e1s ig\u00e9ny\u00e9t \u00e9s v\u00e1gy\u00e1t is kifejezt\u00e9k. A n\u0151i \u00f6sszej\u00f6vetelek a varr\u00e1son kereszt\u00fcl k\u00f6z\u00f6ss\u00e9get teremtettek, h\u00e1l\u00f3zatokat hoztak l\u00e9tre \u00e9s er\u0151t hordoztak magukban. Mivel a r\u00e9sztvev\u0151k legt\u00f6bbje az 1848\/49-ben megv\u00edvott szabads\u00e1gharc \u00f6zvegye vagy \u00e1rv\u00e1ja volt, szervez\u0151d\u00e9s\u00fck alapja politikai \u00e9rtelemben az \u00f6nk\u00e9nyuralommal szembeni ellen\u00e1ll\u00e1shoz \u00e9s a f\u00fcggetlens\u00e9gi gondolathoz kanyarodott vissza.<\/p>\n<p>A sz\u0151nyegen t\u00edz sorban tizenhatos\u00e1val rendezve jelenik meg v\u00f6r\u00f6sesbarna keretben, z\u00f6ld alapon, hol koszor\u00faba, hol csokorba k\u00f6tve a vir\u00e1gos mot\u00edvum. Az egys\u00e9geken szerepl\u0151 minta el\u0151nyomott, amit gyapj\u00fafonallal \u00e9s kereszt\u00f6lt\u00e9ssel h\u00edmeztek ki, majd az \u00f6sszesen sz\u00e1zhatvan darab, sokf\u00e9le, de m\u00e9gis hasonl\u00f3 mez\u0151t Bohusn\u00e9 vezet\u00e9s\u00e9vel egy egys\u00e9ges szerkezett\u00e9 \u2013 h\u00e1l\u00f3zatt\u00e1 \u2013 varrt\u00e1k \u00f6ssze. A sz\u0151nyeg \u00edgy hatalmas, 7.5 x 12 m\u00e9teres lett. K\u00e9s\u0151bb, feltehet\u0151en 1917 el\u0151tt, k\u00e9t, egyenk\u00e9nt nyolcvan darabos egys\u00e9gre v\u00e1gt\u00e1k (582 x 710 cm \u00e9s 566 x 728 cm).<\/p>\n<p>A ki\u00e1ll\u00edt\u00e1s t\u00f6rekszik a sz\u0151nyeg t\u00f6rt\u00e9net\u00e9nek megismer\u00e9s\u00e9re \u00e9s megismertet\u00e9s\u00e9re, illetve jelent\u00e9sr\u00e9tegeinek felt\u00e9rk\u00e9pez\u00e9s\u00e9re, \u00f6sszef\u0171zve azokat m\u00e1s XIX. sz\u00e1zadi \u00e9s kort\u00e1rs magyar \u00e9s nemzetk\u00f6zi m\u0171vekkel. K\u00eds\u00e9rletet tesz a sz\u0151nyeg t\u00f6rt\u00e9net\u00e9n \u00e9s az azt k\u00f6r\u00fclvev\u0151 m\u0171alkot\u00e1sokon kereszt\u00fcl alternat\u00edv m\u0171v\u00e9szett\u00f6rt\u00e9netek bemutat\u00e1s\u00e1ra is \u2013 k\u00fcl\u00f6n\u00f6s tekintettel azokra a soha el nem ismert vagy r\u00e9g elfeledett XIX. sz\u00e1zadi k\u00e9zimunk\u00e1kra, amelyeket a magyar d\u00edsz\u00edt\u0151- vagy iparm\u0171v\u00e9szet r\u00e9sz\u00e9nek is tekinthet\u00fcnk. A ki\u00e1ll\u00edt\u00e1s keretein bel\u00fcl vizsg\u00e1lat t\u00e1rgy\u00e1t k\u00e9pezheti az int\u00e9zm\u00e9nyi (\u00f6n)reflexi\u00f3 is, k\u00fcl\u00f6n\u00f6sen annak f\u00e9ny\u00e9ben, hogy napjainkban a kult\u00fara \u00e9s a tudom\u00e1ny tereinek \u00f6n\u00e1ll\u00f3s\u00e1ga mindink\u00e1bb meginog \u2013 r\u00e9szben a privatiz\u00e1ci\u00f3, r\u00e9szben a fenntarthatatlans\u00e1g k\u00f6vetkezt\u00e9ben \u2013, vagy \u00f6sszefon\u00f3dik az aktu\u00e1lis hatalommal. A gal\u00e9ria terei \u00edgy olyan tud\u00e1sok \u00e9s tudom\u00e1nyos munk\u00e1k sz\u00e1m\u00e1ra ny\u00edlnak meg, amelyek eddig rejtve maradtak, j\u00f3llehet jelent\u0151s kult\u00farpolitikai s\u00falyt hordoznak. L\u00e1tnunk kell azonban, hogy a sz\u0151nyeg m\u00e9lt\u00f3 \u00e9s teljess\u00e9g\u00e9ben val\u00f3 bemutat\u00e1sa lehetetlen \u2013 nem csup\u00e1n a sz\u0151nyeg kett\u00e9v\u00e1gotts\u00e1ga miatt \u2013 , hiszen a kult\u00fara terei szimbolikus \u00e9s gyakorlati \u00e9rtelemben is sz\u0171kk\u00e9 v\u00e1lnak.<\/p>\n<p>A c\u00edm a \u201ef\u00e9rfi\u201d jel\u00f6letlen-jel\u00f6l\u0151 st\u00e1tusz\u00e1ra k\u00edv\u00e1n r\u00e1mutatni. Arra az \u00e1ttetsz\u0151 poz\u00edci\u00f3ra, amelyben a f\u00e9rfi normat\u00edv \u00e9s min\u0151s\u00edtetlen marad, f\u00fcggetlen\u00fcl mindazokt\u00f3l a t\u00f6rt\u00e9nelmi gyakorlatokt\u00f3l, amelyek az egy\u00e9ni \u00e9s kollekt\u00edv tapasztalatokat alak\u00edthatj\u00e1k, s amelyekhez k\u00e9pest a n\u0151i poz\u00edci\u00f3 t\u00f6bbnyire m\u00e1sodlagos. Itt ennek a st\u00e1tusznak a leleplez\u00e9s\u00e9vel a n\u0151k \u00e9s az \u00e1ltaluk elbesz\u00e9lt t\u00f6rt\u00e9netek ker\u00fclnek a l\u00e1t\u00f3mez\u0151be.<\/p>\n<p>&nbsp;<\/p>\n<p>K\u00f6sz\u00f6net: ALBRECHT Zs\u00f3fia, B\u00c1LINT M\u00f3nika, CZERN\u00c1K Dorottya, Mia EVE, ILAUSZKY Irma, ILAUSZKY Tam\u00e1s, KISKOV\u00c1CS Eszter, Anton LEDERER, Tev\u017e LOGAR, Margarethe MAKOVEC, MOLN\u00c1R Emese, P\u00c1L Rebeka, R\u00c1CZ Katalin, UGRY B\u00e1lint, V\u00c1G\u00c1NY Judit.<\/p>\n<p>K\u00f6lcs\u00f6nz\u00e9sek: Akad\u00e9miai Lev\u00e9lt\u00e1r, Budapesti M\u0171szaki Egyetem \u00c9p\u00edt\u00e9szett\u00f6rt\u00e9neti \u00e9s M\u0171eml\u00e9ki Tansz\u00e9k, Catholics for Choice, F\u0151v\u00e1rosi Szab\u00f3 Ervin K\u00f6nyvt\u00e1r, Honv\u00e9delmi Miniszt\u00e9rium Hadt\u00f6rt\u00e9neti Int\u00e9zet \u00e9s M\u00fazeum, Katarzyna Pabijanek, Lits Levente, Magyar Nemzeti M\u00fazeum K\u00f6zgy\u0171jtem\u00e9nyi K\u00f6zpont, Magyar Tudom\u00e1nyos Akad\u00e9mia K\u00f6nyvt\u00e1r \u00e9s Inform\u00e1ci\u00f3s K\u00f6zpont, Magyar Tudom\u00e1nyos Akad\u00e9mia M\u0171v\u00e9szeti Gy\u0171jtem\u00e9ny, National AIDS Memorial, Zempl\u00e9ni M\u00fazeum.<\/p>\n<p>A ki\u00e1ll\u00edt\u00e1s az id\u00e9n 200 \u00e9ves Magyar Tudom\u00e1nyos Akad\u00e9mi\u00e1val egy\u00fcttm\u0171k\u00f6d\u00e9sben k\u00e9sz\u00fclt.[\/vc_column_text][vc_empty_space height=&#8221;45px&#8221;][vc_video link=&#8221;https:\/\/youtu.be\/UWt6JzNl-Hc&#8221; align=&#8221;center&#8221; css=&#8221;&#8221;][vc_empty_space height=&#8221;45px&#8221;][vc_single_image image=&#8221;23738&#8243; img_size=&#8221;full&#8221; alignment=&#8221;center&#8221; css=&#8221;&#8221; qode_css_animation=&#8221;&#8221;][vc_empty_space][vc_single_image image=&#8221;23749&#8243; img_size=&#8221;full&#8221; alignment=&#8221;center&#8221; css=&#8221;&#8221; qode_css_animation=&#8221;&#8221;][vc_empty_space][vc_single_image image=&#8221;23752&#8243; img_size=&#8221;full&#8221; alignment=&#8221;center&#8221; css=&#8221;&#8221; qode_css_animation=&#8221;&#8221;][vc_empty_space][vc_single_image image=&#8221;23756&#8243; img_size=&#8221;full&#8221; alignment=&#8221;center&#8221; css=&#8221;&#8221; qode_css_animation=&#8221;&#8221;][vc_empty_space][vc_single_image image=&#8221;23759&#8243; img_size=&#8221;full&#8221; alignment=&#8221;center&#8221; css=&#8221;&#8221; qode_css_animation=&#8221;&#8221;][vc_empty_space][vc_single_image image=&#8221;23766&#8243; img_size=&#8221;full&#8221; alignment=&#8221;center&#8221; css=&#8221;&#8221; qode_css_animation=&#8221;&#8221;][vc_empty_space][vc_single_image image=&#8221;23770&#8243; img_size=&#8221;full&#8221; alignment=&#8221;center&#8221; css=&#8221;&#8221; qode_css_animation=&#8221;&#8221;][vc_empty_space][vc_single_image image=&#8221;23774&#8243; img_size=&#8221;full&#8221; alignment=&#8221;center&#8221; css=&#8221;&#8221; qode_css_animation=&#8221;&#8221;][vc_empty_space][vc_single_image image=&#8221;23777&#8243; img_size=&#8221;full&#8221; alignment=&#8221;center&#8221; css=&#8221;&#8221; qode_css_animation=&#8221;&#8221;][vc_empty_space][vc_single_image image=&#8221;23780&#8243; img_size=&#8221;full&#8221; alignment=&#8221;center&#8221; css=&#8221;&#8221; qode_css_animation=&#8221;&#8221;][vc_empty_space][vc_single_image image=&#8221;23783&#8243; img_size=&#8221;full&#8221; alignment=&#8221;center&#8221; css=&#8221;&#8221; qode_css_animation=&#8221;&#8221;][vc_empty_space][vc_single_image image=&#8221;23786&#8243; img_size=&#8221;full&#8221; alignment=&#8221;center&#8221; css=&#8221;&#8221; qode_css_animation=&#8221;&#8221;][vc_empty_space][vc_single_image image=&#8221;23790&#8243; img_size=&#8221;full&#8221; alignment=&#8221;center&#8221; css=&#8221;&#8221; qode_css_animation=&#8221;&#8221;][vc_empty_space][vc_single_image image=&#8221;23797&#8243; img_size=&#8221;full&#8221; alignment=&#8221;center&#8221; css=&#8221;&#8221; qode_css_animation=&#8221;&#8221;][vc_empty_space][vc_single_image image=&#8221;23801&#8243; img_size=&#8221;full&#8221; alignment=&#8221;center&#8221; css=&#8221;&#8221; qode_css_animation=&#8221;&#8221;][vc_empty_space][vc_single_image image=&#8221;23804&#8243; img_size=&#8221;full&#8221; alignment=&#8221;center&#8221; css=&#8221;&#8221; qode_css_animation=&#8221;&#8221;][vc_empty_space][vc_single_image image=&#8221;23809&#8243; img_size=&#8221;full&#8221; alignment=&#8221;center&#8221; css=&#8221;&#8221; qode_css_animation=&#8221;&#8221;][vc_empty_space][vc_single_image image=&#8221;23811&#8243; img_size=&#8221;full&#8221; alignment=&#8221;center&#8221; css=&#8221;&#8221; qode_css_animation=&#8221;&#8221;][vc_empty_space][vc_single_image image=&#8221;23813&#8243; img_size=&#8221;full&#8221; alignment=&#8221;center&#8221; css=&#8221;&#8221; qode_css_animation=&#8221;&#8221;][vc_empty_space][vc_single_image image=&#8221;23813&#8243; img_size=&#8221;full&#8221; alignment=&#8221;center&#8221; css=&#8221;&#8221; qode_css_animation=&#8221;&#8221;][vc_empty_space][vc_single_image image=&#8221;23815&#8243; img_size=&#8221;full&#8221; alignment=&#8221;center&#8221; css=&#8221;&#8221; qode_css_animation=&#8221;&#8221;][vc_empty_space][vc_single_image image=&#8221;23817&#8243; img_size=&#8221;full&#8221; alignment=&#8221;center&#8221; css=&#8221;&#8221; qode_css_animation=&#8221;&#8221;][vc_empty_space][vc_single_image image=&#8221;23819&#8243; img_size=&#8221;full&#8221; alignment=&#8221;center&#8221; css=&#8221;&#8221; qode_css_animation=&#8221;&#8221;][vc_empty_space][vc_single_image image=&#8221;23821&#8243; img_size=&#8221;full&#8221; alignment=&#8221;center&#8221; css=&#8221;&#8221; qode_css_animation=&#8221;&#8221;][vc_empty_space][vc_single_image image=&#8221;23823&#8243; img_size=&#8221;full&#8221; alignment=&#8221;center&#8221; css=&#8221;&#8221; qode_css_animation=&#8221;&#8221;][vc_empty_space][vc_column_text css=&#8221;&#8221;]<\/p>\n<p class=\"kepalairas_cim_jobb\">Fot\u00f3k: Juh\u00e1sz G. Tam\u00e1s<\/p>\n<p>[\/vc_column_text][vc_empty_space][\/vc_column][\/vc_row]<\/p>\n<\/div>","protected":false},"excerpt":{"rendered":"<p>[vc_row css_animation=&#8221;&#8221; seperator_indeed_locker=&#8221;&#8221; lk_t=&#8221;ism_template_1&#8243; lk_io=&#8221;default&#8221; lk_dm=&#8221;0&#8243; lk_thm=&#8221;0&#8243; lk_tuo=&#8221;0&#8243; ru_on=&#8221;0&#8243; uhc_on=&#8221;0&#8243; ur_on=&#8221;0&#8243; ref_on=&#8221;0&#8243; row_type=&#8221;row&#8221; use_row_as_full_screen_section=&#8221;no&#8221; type=&#8221;grid&#8221;&#8230;<\/p>\n","protected":false},"author":15,"featured_media":0,"parent":22246,"menu_order":0,"comment_status":"closed","ping_status":"closed","template":"full_width.php","meta":{"inline_featured_image":false,"loftloader_pro_show_once":"","loftloader_pro_page_shortcode":"","footnotes":""},"class_list":["post-23167","page","type-page","status-publish","hentry"],"_links":{"self":[{"href":"https:\/\/budapestgaleria.hu\/_\/wp-json\/wp\/v2\/pages\/23167","targetHints":{"allow":["GET"]}}],"collection":[{"href":"https:\/\/budapestgaleria.hu\/_\/wp-json\/wp\/v2\/pages"}],"about":[{"href":"https:\/\/budapestgaleria.hu\/_\/wp-json\/wp\/v2\/types\/page"}],"author":[{"embeddable":true,"href":"https:\/\/budapestgaleria.hu\/_\/wp-json\/wp\/v2\/users\/15"}],"replies":[{"embeddable":true,"href":"https:\/\/budapestgaleria.hu\/_\/wp-json\/wp\/v2\/comments?post=23167"}],"version-history":[{"count":6,"href":"https:\/\/budapestgaleria.hu\/_\/wp-json\/wp\/v2\/pages\/23167\/revisions"}],"predecessor-version":[{"id":24110,"href":"https:\/\/budapestgaleria.hu\/_\/wp-json\/wp\/v2\/pages\/23167\/revisions\/24110"}],"up":[{"embeddable":true,"href":"https:\/\/budapestgaleria.hu\/_\/wp-json\/wp\/v2\/pages\/22246"}],"wp:attachment":[{"href":"https:\/\/budapestgaleria.hu\/_\/wp-json\/wp\/v2\/media?parent=23167"}],"curies":[{"name":"wp","href":"https:\/\/api.w.org\/{rel}","templated":true}]}}