{"id":24434,"date":"2025-12-03T16:38:28","date_gmt":"2025-12-03T15:38:28","guid":{"rendered":"https:\/\/budapestgaleria.hu\/_\/?page_id=24434"},"modified":"2025-12-03T16:47:30","modified_gmt":"2025-12-03T15:47:30","slug":"palyazat2026_centre_europeen_dactions_artistiques_contemporaines_strasbourg","status":"publish","type":"page","link":"https:\/\/budapestgaleria.hu\/_\/palyazat2026_centre_europeen_dactions_artistiques_contemporaines_strasbourg\/","title":{"rendered":"P\u00e1ly\u00e1zat 2026 \/  Centre europ\u00e9en d\u2019actions artistiques contemporaines (CEAAC), Strasbourg"},"content":{"rendered":"<div class=\"wpb-content-wrapper\"><p>[vc_row css_animation=&#8221;&#8221; seperator_indeed_locker=&#8221;&#8221; lk_t=&#8221;ism_template_1&#8243; lk_io=&#8221;default&#8221; lk_dm=&#8221;0&#8243; lk_thm=&#8221;0&#8243; lk_tuo=&#8221;0&#8243; ru_on=&#8221;0&#8243; uhc_on=&#8221;0&#8243; ur_on=&#8221;0&#8243; ref_on=&#8221;0&#8243; row_type=&#8221;row&#8221; use_row_as_full_screen_section=&#8221;no&#8221; type=&#8221;grid&#8221; angled_section=&#8221;no&#8221; text_align=&#8221;left&#8221; background_image_as_pattern=&#8221;without_pattern&#8221; z_index=&#8221;&#8221;][vc_column][vc_single_image image=&#8221;24388&#8243; img_size=&#8221;full&#8221; qode_css_animation=&#8221;&#8221;][vc_empty_space][vc_empty_space][vc_column_text css=&#8221;&#8221;]<\/p>\n<h4>P\u00e1ly\u00e1zat 2026 \/ Centre europ\u00e9en d\u2019actions artistiques contemporaines (CEAAC), Strasbourg<\/h4>\n<p>&nbsp;<\/p>\n<p>Budapest F\u0151v\u00e1ros \u00d6nkorm\u00e1nyzata megb\u00edz\u00e1s\u00e1b\u00f3l a BTM Budapest Gal\u00e9ria \u00e9s <strong>a strasbourgi <a href=\"https:\/\/ceaac.org\/en\/residence\/strasbourg-2\/\">Centre europ\u00e9en d\u2019actions artistiques contemporaines (CEAAC)<\/a><\/strong> k\u00f6z\u00f6s p\u00e1ly\u00e1zatot hirdet <strong>a Budapesten \u00e9l\u0151 \u00e9s alkot\u00f3<\/strong> <strong>m\u0171v\u00e9szek \u00e9s kur\u00e1torok<\/strong> sz\u00e1m\u00e1ra a 2026-os \u00e9vre, alkot\u00e1si, szakmai \u00e9s m\u0171v\u00e9szeti kapcsolat\u00e9p\u00edt\u00e9si lehet\u0151s\u00e9gre.<\/p>\n<p><strong>Az utaz\u00e1s ideje:<\/strong> 2026. \u00e1prilis 1. \u2013 \u00e1prilis 30.<\/p>\n<p><strong>Amit a a CEAAC biztos\u00edt: <\/strong><\/p>\n<p>&#8211; teljesen felszerelt sz\u00e1ll\u00e1st \u00e9s k\u00fcl\u00f6n st\u00fadi\u00f3t Strasbourg sz\u00edv\u00e9ben, a CEAAC k\u00f6zel\u00e9ben<\/p>\n<p>-p\u00e9nzbeli t\u00e1mogat\u00e1st 1000 \u20ac eur\u00f3 form\u00e1j\u00e1ban (az \u00f6szt\u00f6nd\u00edjr\u00f3l sz\u00e1mla ki\u00e1ll\u00edt\u00e1sa sz\u00fcks\u00e9ges)<\/p>\n<p>-folyamatos szakmai t\u00e1mogat\u00e1st \u00e9s bemutatkoz\u00e1si lehet\u0151s\u00e9get a rezidencia v\u00e9g\u00e9n<\/p>\n<p><strong>A jelentkez\u00e9s felt\u00e9telei:<\/strong><\/p>\n<p>Azok jelentkez\u00e9s\u00e9t v\u00e1rjuk, akik eddig legfeljebb egyszer nyertek ezen a p\u00e1ly\u00e1zaton, \u00e9s utaz\u00e1suk 2022 el\u0151tt volt. A CEAAC \u00e9s a BTM Budapest Gal\u00e9ria is elv\u00e1rja, hogy olyan p\u00e1ly\u00e1z\u00f3k jelentkezzenek, akik megfelel\u0151 szinten tudnak besz\u00e9lni a munk\u00e1jukr\u00f3l \u00e9s szakmai k\u00e9rd\u00e9sekr\u0151l angolul \u00e9s\/vagy franci\u00e1ul.<\/p>\n<p>A p\u00e1ly\u00e1zat nyertes\u00e9t\u0151l a k\u00fclf\u00f6ldi \u00fat ut\u00e1n fot\u00f3kkal kieg\u00e9sz\u00edtett, \u00edr\u00e1sos szakmai besz\u00e1mol\u00f3t v\u00e1runk. A r\u00e9sztvev\u0151ket arra k\u00e9rj\u00fck, hogy alkalmank\u00e9nt seg\u00edts\u00e9k a Budapest Gal\u00e9ria m\u0171v\u00e9szcsere programj\u00e1t, hogy a Budapestre \u00e9rkez\u0151 k\u00fclf\u00f6ldi m\u0171v\u00e9szek t\u00e1j\u00e9koz\u00f3dni tudjanak a f\u0151v\u00e1ros m\u0171v\u00e9szeti \u00e9let\u00e9ben, valamint a k\u00e9s\u0151bbi hazai p\u00e1ly\u00e1z\u00f3k teljesebb k\u00e9pet kaphassanak a csereprogramr\u00f3l.<\/p>\n<p><strong>A p\u00e1ly\u00e1zat menete:<\/strong><\/p>\n<p>Jelentkezni csak elektronikus \u00faton lehet a <a href=\"mailto:hermann.julia@btm.hu\">hermann.julia@btm.hu<\/a> e-mail c\u00edmen.<\/p>\n<p><strong>Az \u00fczenet t\u00e1rgya<\/strong> CEAAC2025<\/p>\n<p><strong>Hat\u00e1rid\u0151:<\/strong> 2025. december 10.<\/p>\n<p><strong>A p\u00e1ly\u00e1zatnak tartalmaznia kell: <\/strong><\/p>\n<p>\u2013 a regisztr\u00e1ci\u00f3s adatlapot \u00e9s szem\u00e9lyes adatkezel\u00e9shez hozz\u00e1j\u00e1rul\u00f3 nyilatkozatot, mely let\u00f6lthet\u0151 az oldal alj\u00e1n<\/p>\n<p>\u2013 a szakmai \u00f6n\u00e9letrajzot \u00e9s munk\u00e1ss\u00e1got bemutat\u00f3 dokument\u00e1ci\u00f3t egy PDF-ben \u00f6sszef\u0171zve, max. 20 MB m\u00e9retben<\/p>\n<p>\u2013 valamint maximum 2-2 ezer karakteres, magyar \u00e9s angol nyelv\u0171 motiv\u00e1ci\u00f3s levelet<\/p>\n<p>A p\u00e1ly\u00e1zatokat a Budapest Gal\u00e9ria \u00e1ltal megh\u00edvott szakmai zs\u0171ri b\u00edr\u00e1lja el. A zs\u0171ri <strong>shortlistet <\/strong>hat\u00e1roz meg, amelyb\u0151l a fogad\u00f3 int\u00e9zm\u00e9ny v\u00e1lasztja ki a nyertest.<\/p>\n<p>A 2026-ra meghirdetett m\u0171v\u00e9szcsere p\u00e1ly\u00e1zat szakmai zs\u0171ri tagjai: Don Tam\u00e1s, Gad\u00f3 Fl\u00f3ra, Hermann J\u00falia, Mucsi Emese, Nov\u00e1k Lea.<\/p>\n<p><strong>A p\u00e1ly\u00e1zat v\u00e9gs\u0151 elb\u00edr\u00e1l\u00e1s\u00e1nak<\/strong> v\u00e1rhat\u00f3 hat\u00e1rideje: 2026 janu\u00e1r<\/p>\n<p>Tov\u00e1bbi inform\u00e1ci\u00f3: Budapest Gal\u00e9ria Ki\u00e1ll\u00edt\u00e1si Oszt\u00e1lya, Hermann J\u00falia <a href=\"mailto:hermann.julia@btm.hu\">hermann.julia@btm.hu<\/a><\/p>\n<p>[\/vc_column_text][vc_empty_space][vc_column_text]<a href=\"https:\/\/budapestgaleria.hu\/_\/wp-content\/uploads\/2025\/12\/REGISZTRACIOS-ADATLAP_2025_CEAAC.pdf\">REGISZTR\u00c1CI\u00d3S ADATLAP_2025_CEAAC<\/a>[\/vc_column_text][vc_empty_space][vc_empty_space][\/vc_column][\/vc_row]<\/p>\n<\/div>","protected":false},"excerpt":{"rendered":"<p>[vc_row css_animation=&#8221;&#8221; seperator_indeed_locker=&#8221;&#8221; lk_t=&#8221;ism_template_1&#8243; lk_io=&#8221;default&#8221; lk_dm=&#8221;0&#8243; lk_thm=&#8221;0&#8243; lk_tuo=&#8221;0&#8243; ru_on=&#8221;0&#8243; uhc_on=&#8221;0&#8243; ur_on=&#8221;0&#8243; ref_on=&#8221;0&#8243; row_type=&#8221;row&#8221; use_row_as_full_screen_section=&#8221;no&#8221; type=&#8221;grid&#8221;&#8230;<\/p>\n","protected":false},"author":15,"featured_media":0,"parent":0,"menu_order":0,"comment_status":"closed","ping_status":"closed","template":"","meta":{"inline_featured_image":false,"loftloader_pro_show_once":"","loftloader_pro_page_shortcode":"","footnotes":""},"class_list":["post-24434","page","type-page","status-publish","hentry"],"_links":{"self":[{"href":"https:\/\/budapestgaleria.hu\/_\/wp-json\/wp\/v2\/pages\/24434","targetHints":{"allow":["GET"]}}],"collection":[{"href":"https:\/\/budapestgaleria.hu\/_\/wp-json\/wp\/v2\/pages"}],"about":[{"href":"https:\/\/budapestgaleria.hu\/_\/wp-json\/wp\/v2\/types\/page"}],"author":[{"embeddable":true,"href":"https:\/\/budapestgaleria.hu\/_\/wp-json\/wp\/v2\/users\/15"}],"replies":[{"embeddable":true,"href":"https:\/\/budapestgaleria.hu\/_\/wp-json\/wp\/v2\/comments?post=24434"}],"version-history":[{"count":3,"href":"https:\/\/budapestgaleria.hu\/_\/wp-json\/wp\/v2\/pages\/24434\/revisions"}],"predecessor-version":[{"id":24443,"href":"https:\/\/budapestgaleria.hu\/_\/wp-json\/wp\/v2\/pages\/24434\/revisions\/24443"}],"wp:attachment":[{"href":"https:\/\/budapestgaleria.hu\/_\/wp-json\/wp\/v2\/media?parent=24434"}],"curies":[{"name":"wp","href":"https:\/\/api.w.org\/{rel}","templated":true}]}}