{"id":24582,"date":"2026-02-04T16:06:40","date_gmt":"2026-02-04T15:06:40","guid":{"rendered":"https:\/\/budapestgaleria.hu\/_\/?page_id=24582"},"modified":"2026-02-06T11:32:38","modified_gmt":"2026-02-06T10:32:38","slug":"flottilla-jeloletlen-jelolo-nunkovics-robert-kiallitasa","status":"publish","type":"page","link":"https:\/\/budapestgaleria.hu\/_\/2026-kiallitasok\/flottilla-jeloletlen-jelolo-nunkovics-robert-kiallitasa\/","title":{"rendered":"Flottilla \/ Jel\u00f6letlen jel\u00f6l\u0151 &#8211; Nunkovics R\u00f3bert ki\u00e1ll\u00edt\u00e1sa"},"content":{"rendered":"<div class=\"wpb-content-wrapper\"><p>[vc_row css_animation=&#8221;&#8221; seperator_indeed_locker=&#8221;&#8221; lk_t=&#8221;ism_template_1&#8243; lk_io=&#8221;default&#8221; lk_dm=&#8221;0&#8243; lk_thm=&#8221;0&#8243; lk_tuo=&#8221;0&#8243; ru_on=&#8221;0&#8243; uhc_on=&#8221;0&#8243; ur_on=&#8221;0&#8243; ref_on=&#8221;0&#8243; row_type=&#8221;row&#8221; use_row_as_full_screen_section=&#8221;no&#8221; type=&#8221;grid&#8221; angled_section=&#8221;no&#8221; text_align=&#8221;left&#8221; background_image_as_pattern=&#8221;without_pattern&#8221; template=&#8221;ism_template_1&#8243; ism_overlock=&#8221;default&#8221; sm_d_text=&#8221;<\/p>\n<h2>This content is locked<\/h2>\n<p>Share This Page To Unlock The Content!&#8221;][vc_column][vc_single_image image=&#8221;24627&#8243; img_size=&#8221;full&#8221; css=&#8221;&#8221; qode_css_animation=&#8221;&#8221;][\/vc_column][\/vc_row][vc_row css_animation=&#8221;&#8221; row_type=&#8221;row&#8221; use_row_as_full_screen_section=&#8221;no&#8221; type=&#8221;grid&#8221; angled_section=&#8221;no&#8221; text_align=&#8221;left&#8221; background_image_as_pattern=&#8221;without_pattern&#8221;][vc_column][vc_empty_space height=&#8221;45px&#8221;][vc_column_text css=&#8221;&#8221;]<\/p>\n<h1 class=\"cim_1\">Flottilla &#8211; Jel\u00f6letlen jel\u00f6l\u0151<\/h1>\n<h3 class=\"cim_1\">Nunkovics R\u00f3bert ki\u00e1ll\u00edt\u00e1sa<\/h3>\n<p>[\/vc_column_text][vc_empty_space height=&#8221;45px&#8221;][\/vc_column][\/vc_row][vc_row css_animation=&#8221;&#8221; row_type=&#8221;row&#8221; use_row_as_full_screen_section=&#8221;no&#8221; type=&#8221;grid&#8221; angled_section=&#8221;no&#8221; text_align=&#8221;left&#8221; background_image_as_pattern=&#8221;without_pattern&#8221; bgparallax=&#8221;parallax&#8221; contentwidth=&#8221;container&#8221; toppadding=&#8221;40&#8243; bottompadding=&#8221;10&#8243; border=&#8221;on&#8221; css=&#8221;.vc_custom_1420648296958{background-color: #ffffff !important;}&#8221;][vc_column width=&#8221;1\/3&#8243; css=&#8221;.vc_custom_1427029754112{padding-right: 25px !important;}&#8221; el_class=&#8221;full-1&#8243;][vc_column_text css=&#8221;&#8221;]<\/p>\n<p class=\"hely_bpgal\">Budapest Gal\u00e9ria<\/p>\n<p class=\"cim_bpgal\">1036 Budapest, Lajos utca 158. (f\u00f6ldszint)<\/p>\n<p class=\"datum_bpgal\">2026. 02. 13. \u2013 2026. 05. 03.<\/p>\n<p>[\/vc_column_text][vc_column_text css=&#8221;&#8221;]<\/p>\n<p class=\"kiemeles_bpgal\">Kur\u00e1tor:<\/p>\n<p class=\"verzal_bpgal\">Er\u0151ss Nikolett<\/p>\n<p>[\/vc_column_text][vc_column_text]<\/p>\n<p class=\"kiemeles_bpgal\">Kur\u00e1tor asszisztens:<\/p>\n<p class=\"verzal_bpgal\">T\u00f3th Fanni<\/p>\n<p>[\/vc_column_text][vc_column_text css=&#8221;&#8221;]<\/p>\n<p class=\"kiemeles_bpgal\">Grafika:<\/p>\n<p class=\"verzal_bpgal\">Bodonyi Panni<\/p>\n<p>[\/vc_column_text][vc_column_text css=&#8221;&#8221;]<\/p>\n<p class=\"kiemeles_bpgal\">Megnyit\u00f3:<\/p>\n<p class=\"datum_bpgal_2\">2026. 02. 12. (cs\u00fct\u00f6rt\u00f6k) 18:00<\/p>\n<p class=\"verzal_bpgal\"><strong>18:00<\/strong> Iszlai J\u00f3zsef zenei performansza<\/p>\n<p class=\"verzal_bpgal\"><strong>18:30<\/strong> HINTS kollekt\u00edva performansza Bolcs\u00f3 B\u00e1lint zen\u00e9sz k\u00f6zrem\u0171k\u00f6d\u00e9s\u00e9vel<\/p>\n<p>[\/vc_column_text][vc_empty_space][\/vc_column][vc_column width=&#8221;2\/3&#8243; el_class=&#8221;full-2&#8243;][vc_column_text css=&#8221;&#8221;]Az \u00fajpesti Pet\u0151fi laktanya elhagyott, romos \u00e9p\u00fclet\u00e9nek hossz\u00fa ideig kev\u00e9s l\u00e1togat\u00f3ja akadt. A v\u00e1rosk\u00f6zpontt\u00f3l t\u00e1voli, f\u00e1kkal ben\u0151tt gondozatlan ter\u00fclet megrekedt dics\u0151 m\u00faltja \u00e9s f\u00e9nyes j\u00f6v\u0151je k\u00f6z\u00f6tt, \u00e9s e k\u00f6ztes \u00e1llapot hozz\u00e1f\u00e9r\u00e9st engedett e ter\u00fclethez, amely sem kor\u00e1bban, sem k\u00e9s\u0151bb nem enged majd bebocs\u00e1jt\u00e1st. Laktanyak\u00e9nt a honv\u00e9ds\u00e9g \u00e1ltal kezelt z\u00e1rt ter\u00fclet volt, hamarosan pedig lak\u00f3park \u00e9p\u00fcl ott, hasonl\u00f3an falak \u00e9s ker\u00edt\u00e9sek m\u00f6g\u00e9 h\u00faz\u00f3dva.<\/p>\n<p>De volt p\u00e1r \u00e9v, am\u00edg a szigor\u00fa szab\u00e1lyokon lyukat r\u00e1gott a rozsda, \u00e9s ezen a lyukon \u00e1tf\u00e9rtek olyanok, akik \u00e9pp a marginaliz\u00e1l\u00f3dott v\u00e1rosi terek szabads\u00e1g\u00e1t kerest\u00e9k.<br \/>\nAz egykori laktanya falain a legk\u00fcl\u00f6nb\u00f6z\u0151bb feliratok, tag-ek, graffitik folytatt\u00e1k a nyomhagy\u00e1s hossz\u00fa hagyom\u00e1ny\u00e1t, alkot\u00f3ik megjel\u00f6lt\u00e9k a teret \u00e9s jelezt\u00e9k saj\u00e1t jelenl\u00e9t\u00fcket, hasonl\u00f3an ahhoz, ahogy az itt \u00e9l\u0151 katon\u00e1k is tett\u00e9k egykor.<\/p>\n<p>A Pet\u0151fi laktanya volt egykor a Honv\u00e9d Folyami Flottilla b\u00e1zisa, amely legend\u00e1s katonai alakulat volt, felboml\u00e1s\u00e1ig feladata a Duna \u00e9s a Balaton haj\u00f3zhat\u00f3s\u00e1g\u00e1nak biztos\u00edt\u00e1sa, a h\u00e1bor\u00fa ut\u00e1ni (m\u00e1ig tart\u00f3) aknamentes\u00edt\u00e9s, valamint \u2013 els\u0151sorban \u00e1rvizek eset\u00e9n\u2013 a katasztr\u00f3fav\u00e9delem volt. 1945 \u00f3ta sz\u00e1mos n\u00e9ven \u00e9s m\u0171k\u00f6d\u00e9si form\u00e1ban l\u00e9tezett, 2001-es \u00e1tszervez\u00e9s\u00e9t k\u00f6vet\u0151en sz\u0171nt meg, szerep\u00e9t a MH 1. Honv\u00e9d T\u0171zszer\u00e9sz \u00e9s Hadihaj\u00f3s Ezred vette \u00e1t, ezzel azonban lez\u00e1rult az a korszak, amelyben a Flottilla a honv\u00e9ds\u00e9gen bel\u00fcl saj\u00e1tosan elk\u00fcl\u00f6n\u00fcl\u0151, v\u00e1gyott \u00e9s irigyelt elit-alakulat lehetett, akik a haj\u00f3z\u00e1son kereszt\u00fcl k\u00fcl\u00f6n\u00f6s szabads\u00e1got \u00e9ltek meg a katonas\u00e1g z\u00e1rt vil\u00e1g\u00e1ban is. Elk\u00f6telezett, egys\u00e9g\u00fckre rendk\u00edv\u00fcl b\u00fcszke katon\u00e1k tartoztak a k\u00f6tel\u00e9k\u00e9be, legt\u00f6bbj\u00fcknek eg\u00e9sz \u00e9let\u00e9t meghat\u00e1rozta a Flottill\u00e1hoz f\u0171z\u0151d\u0151, m\u00e1ra n\u00e9mik\u00e9pp romantikuss\u00e1 v\u00e1lt kapcsolat.<\/p>\n<p>Minderr\u0151l azonban keveset mondtak a laktanya elhagyott \u00e9p\u00fcletei. Az eredeti falrajzok, t\u00e1j\u00e9koztat\u00f3 \u00e1br\u00e1k, feliratmaradv\u00e1nyok kontextusukat vesz\u00edtett\u00e9k, \u00fczenet\u00fck olvasatlan maradt. Az ilyen elhagyott, megrekedt jelent\u00e9sekkel teli fel\u00fcletek m\u00e9gis felh\u00edvj\u00e1k magukra a figyelmet, \u00edgy a graffitisek\u00e9t is. Legt\u00f6bbsz\u00f6r jelek jelekre ker\u00fclnek, j\u00f6nnek \u00faj alkot\u00f3k, fel\u00fcl\u00edrnak vagy megjel\u00f6lnek, nem c\u00e9ljuk az eredeti jelent\u00e9s archiv\u00e1l\u00e1sa, megmutat\u00e1sa, ink\u00e1bb a terek elt\u00e9r\u00edt\u00e9se, visszav\u00e9tele, a szab\u00e1lyok megker\u00fcl\u00e9se vagy az azokkal val\u00f3 konfront\u00e1ci\u00f3. Illeg\u00e1lis ter\u00fcleten vagy sz\u00fcrke z\u00f3n\u00e1ban j\u00e1rnak, kil\u00e9t\u00fck csak egym\u00e1s sz\u00e1m\u00e1ra ismert.<\/p>\n<p>Nunkovics R\u00f3bert graffitisk\u00e9nt ment a Pet\u0151fi Laktany\u00e1ba, de a laktanya egyik klubszob\u00e1j\u00e1ban Jakab L\u00e1szl\u00f3 tiszthelyettes pirogr\u00e1fi\u00e1ival tal\u00e1lkozva, firk\u00e1sz identit\u00e1sa \u00fajabb r\u00e9tegekkel b\u0151v\u00fclt. A pusztul\u00e1sra \u00edt\u00e9lt \u00e9p\u00fcletb\u0151l kimentett pirogr\u00e1fi\u00e1k a Flottilla haj\u00f3it \u00e9s v\u00edzi jeleneteket \u00e1br\u00e1zolnak allegorikus alakokkal. K\u00e9sz\u00edt\u0151j\u00fck nem szign\u00e1lta az alkot\u00e1sokat, nev\u00e9t katonat\u00e1rsait\u00f3l tudjuk. Azzal, hogy elhozta \u0151ket a laktany\u00e1b\u00f3l, Nunkovics a fennmarad\u00e1sukat biztos\u00edtotta \u00e9s egyben a Flottilla t\u00f6rt\u00e9net\u00e9nek tov\u00e1bbvitel\u00e9t egy olyan k\u00f6zeg sz\u00e1m\u00e1ra, akik v\u00e9lhet\u0151en m\u00e9g nem hallottak r\u00f3la, vagy ha igen, a benne szerepl\u0151 katon\u00e1kkal, a hadtest t\u00f6rt\u00e9net\u00e9be \u00e1gyaz\u00f3d\u00f3 szem\u00e9lyes epiz\u00f3dokkal akkor sem tal\u00e1lkoztak. A k\u00e9pek lefesz\u00edt\u00e9se a falr\u00f3l nem a graffitis mozdulata, hanem az archiv\u00e1tor\u00e9, a fel\u00fcl\u00edr\u00e1s, kieg\u00e9sz\u00edt\u00e9s vagy komment\u00e1l\u00e1s gyakorlata helyett a felt\u00e1r\u00e1s tere ny\u00edlt meg vele.<br \/>\nNunkovics felvette a kapcsolatot a Magyar Honv\u00e9ds\u00e9g Budapesti Nyug\u00e1llom\u00e1ny\u00faak Klubja Hadihaj\u00f3s Tagozat\u00e1val, megkeresett t\u00f6bbet az egykor a Flottill\u00e1n\u00e1l szolg\u00e1l\u00f3 katon\u00e1k k\u00f6z\u00fcl, t\u00f6rt\u00e9neteket gy\u0171jt\u00f6tt a m\u00e1sk\u00e9nt hallgatag pirogr\u00e1fi\u00e1k k\u00f6r\u00e9. A katon\u00e1kkal k\u00e9sz\u00edtett interj\u00fakban sz\u00f3 esett a foly\u00f3 \u00e9s a folyami \u00e9let jelentette szabads\u00e1gr\u00f3l \u00e9s a flottill\u00e1s feladatok vesz\u00e9lyeir\u0151l, a szem\u00e9lyes eml\u00e9kekr\u0151l, \u00e9s az alakulathoz k\u00f6t\u0151d\u00e9s a jelen\u00fcket is meghat\u00e1roz\u00f3 volt\u00e1r\u00f3l. A visszaeml\u00e9kez\u00e9sek t\u00f6red\u00e9keit a ki\u00e1ll\u00edt\u00e1son a megid\u00e9zett klubszob\u00e1ban halljuk, mintha r\u00e9szei lenn\u00e9nk az ott zajl\u00f3 besz\u00e9lget\u00e9seknek. Az eml\u00e9kez\u00e9s egy m\u00e1s szintje jelenik meg a k\u00f6vetkez\u0151 t\u00e9rben l\u00e9v\u0151 vide\u00f3n, ahol a m\u0171v\u00e9sz arra k\u00e9rte a katon\u00e1kat, mutassanak be egy olyan mozdulatot, amely sz\u00e1mukra legm\u00e9lyebben elrakt\u00e1roz\u00f3dott azokb\u00f3l az id\u0151kb\u0151l, amit nem elbesz\u00e9l\u00e9ssel, hanem a test eml\u00e9kezete \u00e1ltal id\u00e9znek fel.<\/p>\n<p>A m\u0171v\u00e9sz, aki rejt\u0151zk\u00f6dve l\u00e9pett be e t\u00f6rt\u00e9net ter\u00e9be, v\u00e9g\u00fcl maga is csatlakozik az elbesz\u00e9l\u00e9shez, be\u00e1ll a megsz\u00f3lal\u00f3k k\u00f6z\u00e9 saj\u00e1t t\u00f6rt\u00e9net\u00e9vel, amely \u0151t a Flottill\u00e1hoz k\u00f6ti. Az alkot\u00f3 kil\u00e9t\u00e9t elfed\u0151 (vagy csak egy z\u00e1rt nyilv\u00e1noss\u00e1g sz\u00e1m\u00e1ra l\u00e1tni enged\u0151) graffitis identit\u00e1sa \u00e9s a l\u00e1that\u00f3s\u00e1got eszk\u00f6zk\u00e9nt haszn\u00e1l\u00f3 k\u00e9pz\u0151m\u0171v\u00e9szeti tev\u00e9kenys\u00e9ge v\u00e9g\u00fcl az \u00e1ltala v\u00e1lasztott mozdulat megmutat\u00e1s\u00e1ban egyeznek ki egym\u00e1ssal, visszak\u00f6tve a ki\u00e1ll\u00edt\u00e1s t\u00f6rt\u00e9net\u00e9t a kezdeteihez.<\/p>\n<p>&nbsp;<\/p>\n<p>K\u00fcl\u00f6n k\u00f6sz\u00f6net: B\u00faza B\u00e9la, D\u00f6m\u00f6t\u00f6r S\u00e1mson L\u00e1szl\u00f3, Er\u0151s Istv\u00e1n, F\u00fczesi J\u00f3zsef, Gerencs\u00e9r M\u00e1rton, Gwizdala D\u00e1riusz, Hajd\u00fa G\u00e1bor, Hocza Istv\u00e1n, ifj. N\u00f3t\u00e1s Ferenc, Iszlai J\u00f3zsef, Kalcsits P\u00e9ter, Kov\u00e1cs Budha Tam\u00e1s, Lengyel L\u00e1szl\u00f3, Nagyist\u00f3k Istv\u00e1n, Szente Imre, T\u00f3th J\u00f3zsef<\/p>\n<p>&nbsp;<\/p>\n<p>[\/vc_column_text][vc_empty_space][vc_separator type=&#8221;normal&#8221; color=&#8221;#c6c6c6&#8243; up=&#8221;10&#8243; down=&#8221;20&#8243;][vc_empty_space][vc_column_text css=&#8221;&#8221;]A ki\u00e1ll\u00edt\u00e1s a Budapest Gal\u00e9ria 2025-\u00f6s ny\u00edlt p\u00e1ly\u00e1zat\u00e1nak keret\u00e9ben val\u00f3sult meg.[\/vc_column_text][vc_empty_space height=&#8221;45px&#8221;][\/vc_column][\/vc_row][vc_row css_animation=&#8221;&#8221; row_type=&#8221;row&#8221; use_row_as_full_screen_section=&#8221;no&#8221; type=&#8221;grid&#8221; angled_section=&#8221;no&#8221; text_align=&#8221;left&#8221; background_image_as_pattern=&#8221;without_pattern&#8221; template=&#8221;ism_template_1&#8243; ism_overlock=&#8221;default&#8221; sm_d_text=&#8221;<\/p>\n<h2>This content is locked<\/h2>\n<p>Share This Page To Unlock The Content!&#8221;][vc_column][vc_empty_space][vc_empty_space height=&#8221;45px&#8221;][\/vc_column][\/vc_row]<\/p>\n<\/div>","protected":false},"excerpt":{"rendered":"<p>[vc_row css_animation=&#8221;&#8221; seperator_indeed_locker=&#8221;&#8221; lk_t=&#8221;ism_template_1&#8243; lk_io=&#8221;default&#8221; lk_dm=&#8221;0&#8243; lk_thm=&#8221;0&#8243; lk_tuo=&#8221;0&#8243; ru_on=&#8221;0&#8243; uhc_on=&#8221;0&#8243; ur_on=&#8221;0&#8243; ref_on=&#8221;0&#8243; row_type=&#8221;row&#8221; use_row_as_full_screen_section=&#8221;no&#8221; type=&#8221;grid&#8221;&#8230;<\/p>\n","protected":false},"author":15,"featured_media":0,"parent":24603,"menu_order":0,"comment_status":"closed","ping_status":"closed","template":"full_width.php","meta":{"inline_featured_image":false,"loftloader_pro_show_once":"","loftloader_pro_page_shortcode":"","footnotes":""},"class_list":["post-24582","page","type-page","status-publish","hentry"],"_links":{"self":[{"href":"https:\/\/budapestgaleria.hu\/_\/wp-json\/wp\/v2\/pages\/24582","targetHints":{"allow":["GET"]}}],"collection":[{"href":"https:\/\/budapestgaleria.hu\/_\/wp-json\/wp\/v2\/pages"}],"about":[{"href":"https:\/\/budapestgaleria.hu\/_\/wp-json\/wp\/v2\/types\/page"}],"author":[{"embeddable":true,"href":"https:\/\/budapestgaleria.hu\/_\/wp-json\/wp\/v2\/users\/15"}],"replies":[{"embeddable":true,"href":"https:\/\/budapestgaleria.hu\/_\/wp-json\/wp\/v2\/comments?post=24582"}],"version-history":[{"count":8,"href":"https:\/\/budapestgaleria.hu\/_\/wp-json\/wp\/v2\/pages\/24582\/revisions"}],"predecessor-version":[{"id":24645,"href":"https:\/\/budapestgaleria.hu\/_\/wp-json\/wp\/v2\/pages\/24582\/revisions\/24645"}],"up":[{"embeddable":true,"href":"https:\/\/budapestgaleria.hu\/_\/wp-json\/wp\/v2\/pages\/24603"}],"wp:attachment":[{"href":"https:\/\/budapestgaleria.hu\/_\/wp-json\/wp\/v2\/media?parent=24582"}],"curies":[{"name":"wp","href":"https:\/\/api.w.org\/{rel}","templated":true}]}}