{"id":24731,"date":"2026-03-09T15:37:20","date_gmt":"2026-03-09T14:37:20","guid":{"rendered":"https:\/\/budapestgaleria.hu\/_\/?page_id=24731"},"modified":"2026-03-09T16:23:52","modified_gmt":"2026-03-09T15:23:52","slug":"kozter_palyazatok","status":"publish","type":"page","link":"https:\/\/budapestgaleria.hu\/_\/kozter_palyazatok\/","title":{"rendered":"P\u00e1ly\u00e1zatok"},"content":{"rendered":"<div class=\"wpb-content-wrapper\"><p>[vc_row css_animation=&#8221;&#8221; row_type=&#8221;row&#8221; use_row_as_full_screen_section=&#8221;no&#8221; type=&#8221;full_width&#8221; angled_section=&#8221;no&#8221; text_align=&#8221;left&#8221; background_image_as_pattern=&#8221;without_pattern&#8221;][vc_column][vc_single_image image=&#8221;24708&#8243; img_size=&#8221;full&#8221; alignment=&#8221;center&#8221; qode_css_animation=&#8221;&#8221;][vc_column_text css=&#8221;&#8221; el_class=&#8221;m-6-0&#8243;]<\/p>\n<h4>P\u00e1ly\u00e1zatok<\/h4>\n<p>[\/vc_column_text][vc_column_text css=&#8221;&#8221; el_class=&#8221;m-4-0&#8243;]<a href=\"https:\/\/budapestgaleria.hu\/_\/wp-content\/uploads\/2026\/03\/Palyazat-Haborukban-megeroszakolt-nok-emlekmuve-2021.pdf\" target=\"_blank\" rel=\"noopener\">P\u00e1ly\u00e1zat \u2013 H\u00e1bor\u00fakban meger\u0151szakolt n\u0151k eml\u00e9km\u0171ve (2021)<\/a><\/p>\n<p><a href=\"https:\/\/budapestgaleria.hu\/_\/wp-content\/uploads\/2026\/03\/Palyazat-Szent-Istvan-szobor-2019.pdf\" target=\"_blank\" rel=\"noopener\">P\u00e1ly\u00e1zat \u2013 Szent Istv\u00e1n-szobor (2019)<\/a><\/p>\n<p><a href=\"https:\/\/budapestgaleria.hu\/_\/wp-content\/uploads\/2026\/03\/palyazat-kocsi-sandor-2019-3.pdf\" target=\"_blank\" rel=\"noopener\">P\u00e1ly\u00e1zat \u2013 Kocsis S\u00e1ndor labdar\u00fag\u00f3 eg\u00e9sz alakos szobra (2019)<\/a><\/p>\n<p><a href=\"https:\/\/budapestgaleria.hu\/_\/wp-content\/uploads\/2026\/03\/Palyazat-Arpad-hazi-Szent-Margit-szobor-2018.pdf\" target=\"_blank\" rel=\"noopener\">P\u00e1ly\u00e1zat \u2013 \u00c1rp\u00e1d-h\u00e1zi Szent Margit-szobor (2018)<\/a><\/p>\n<p><a href=\"https:\/\/budapestgaleria.hu\/_\/wp-content\/uploads\/2026\/03\/Palyazat-Arpad-fejedelem-szobor-2018.pdf\" target=\"_blank\" rel=\"noopener\">P\u00e1ly\u00e1zat \u2013 \u00c1rp\u00e1d-fejedelem-szobor (2018)<\/a><\/p>\n<p><a href=\"https:\/\/budapestgaleria.hu\/_\/wp-content\/uploads\/2026\/03\/Palyazat-Duna-installacio-2017.pdf\" target=\"_blank\" rel=\"noopener\">P\u00e1ly\u00e1zat \u2013 Duna-install\u00e1ci\u00f3 (2017)<\/a>[\/vc_column_text][vc_empty_space height=&#8221;60px&#8221;][\/vc_column][\/vc_row]<\/p>\n<\/div>","protected":false},"excerpt":{"rendered":"<p>[vc_row css_animation=&#8221;&#8221; row_type=&#8221;row&#8221; use_row_as_full_screen_section=&#8221;no&#8221; type=&#8221;full_width&#8221; angled_section=&#8221;no&#8221; text_align=&#8221;left&#8221; background_image_as_pattern=&#8221;without_pattern&#8221;][vc_column][vc_single_image image=&#8221;24708&#8243; img_size=&#8221;full&#8221; alignment=&#8221;center&#8221; qode_css_animation=&#8221;&#8221;][vc_column_text css=&#8221;&#8221; el_class=&#8221;m-6-0&#8243;] P\u00e1ly\u00e1zatok&#8230;<\/p>\n","protected":false},"author":15,"featured_media":0,"parent":0,"menu_order":0,"comment_status":"closed","ping_status":"closed","template":"","meta":{"inline_featured_image":false,"loftloader_pro_show_once":"","loftloader_pro_page_shortcode":"","footnotes":""},"class_list":["post-24731","page","type-page","status-publish","hentry"],"_links":{"self":[{"href":"https:\/\/budapestgaleria.hu\/_\/wp-json\/wp\/v2\/pages\/24731","targetHints":{"allow":["GET"]}}],"collection":[{"href":"https:\/\/budapestgaleria.hu\/_\/wp-json\/wp\/v2\/pages"}],"about":[{"href":"https:\/\/budapestgaleria.hu\/_\/wp-json\/wp\/v2\/types\/page"}],"author":[{"embeddable":true,"href":"https:\/\/budapestgaleria.hu\/_\/wp-json\/wp\/v2\/users\/15"}],"replies":[{"embeddable":true,"href":"https:\/\/budapestgaleria.hu\/_\/wp-json\/wp\/v2\/comments?post=24731"}],"version-history":[{"count":8,"href":"https:\/\/budapestgaleria.hu\/_\/wp-json\/wp\/v2\/pages\/24731\/revisions"}],"predecessor-version":[{"id":24769,"href":"https:\/\/budapestgaleria.hu\/_\/wp-json\/wp\/v2\/pages\/24731\/revisions\/24769"}],"wp:attachment":[{"href":"https:\/\/budapestgaleria.hu\/_\/wp-json\/wp\/v2\/media?parent=24731"}],"curies":[{"name":"wp","href":"https:\/\/api.w.org\/{rel}","templated":true}]}}

Pályázatok

<div class="wpb-content-wrapper"><p>[vc_row css_animation=&#8221;&#8221; row_type=&#8221;row&#8221; use_row_as_full_screen_section=&#8221;no&#8221; type=&#8221;full_width&#8221; angled_section=&#8221;no&#8221; text_align=&#8221;left&#8221; background_image_as_pattern=&#8221;without_pattern&#8221;][vc_column][vc_single_image image=&#8221;24708&#8243; img_size=&#8221;full&#8221; alignment=&#8221;center&#8221; qode_css_animation=&#8221;&#8221;][vc_column_text css=&#8221;&#8221; el_class=&#8221;m-6-0&#8243;]</p>
<h4>Pályázatok</h4>
<p>[/vc_column_text][vc_column_text css=&#8221;&#8221; el_class=&#8221;m-4-0&#8243;]<a href="https://budapestgaleria.hu/_/wp-content/uploads/2026/03/Palyazat-Haborukban-megeroszakolt-nok-emlekmuve-2021.pdf" target="_blank" rel="noopener">Pályázat – Háborúkban megerőszakolt nők emlékműve (2021)</a></p>
<p><a href="https://budapestgaleria.hu/_/wp-content/uploads/2026/03/Palyazat-Szent-Istvan-szobor-2019.pdf" target="_blank" rel="noopener">Pályázat – Szent István-szobor (2019)</a></p>
<p><a href="https://budapestgaleria.hu/_/wp-content/uploads/2026/03/palyazat-kocsi-sandor-2019-3.pdf" target="_blank" rel="noopener">Pályázat – Kocsis Sándor labdarúgó egész alakos szobra (2019)</a></p>
<p><a href="https://budapestgaleria.hu/_/wp-content/uploads/2026/03/Palyazat-Arpad-hazi-Szent-Margit-szobor-2018.pdf" target="_blank" rel="noopener">Pályázat – Árpád-házi Szent Margit-szobor (2018)</a></p>
<p><a href="https://budapestgaleria.hu/_/wp-content/uploads/2026/03/Palyazat-Arpad-fejedelem-szobor-2018.pdf" target="_blank" rel="noopener">Pályázat – Árpád-fejedelem-szobor (2018)</a></p>
<p><a href="https://budapestgaleria.hu/_/wp-content/uploads/2026/03/Palyazat-Duna-installacio-2017.pdf" target="_blank" rel="noopener">Pályázat – Duna-installáció (2017)</a>[/vc_column_text][vc_empty_space height=&#8221;60px&#8221;][/vc_column][/vc_row]</p>
</div>

<p>[vc_row css_animation=&#8221;&#8221; row_type=&#8221;row&#8221; use_row_as_full_screen_section=&#8221;no&#8221; type=&#8221;full_width&#8221; angled_section=&#8221;no&#8221; text_align=&#8221;left&#8221; background_image_as_pattern=&#8221;without_pattern&#8221;][vc_column][vc_single_image image=&#8221;24708&#8243; img_size=&#8221;full&#8221; alignment=&#8221;center&#8221; qode_css_animation=&#8221;&#8221;][vc_column_text css=&#8221;&#8221; el_class=&#8221;m-6-0&#8243;] Pályázatok&#8230;</p>
