{"id":24860,"date":"2026-04-28T14:08:09","date_gmt":"2026-04-28T12:08:09","guid":{"rendered":"https:\/\/budapestgaleria.hu\/_\/?page_id=24860"},"modified":"2026-04-28T14:08:09","modified_gmt":"2026-04-28T12:08:09","slug":"bejelentkezve-maradok","status":"publish","type":"page","link":"https:\/\/budapestgaleria.hu\/_\/2026-kiallitasok\/bejelentkezve-maradok\/","title":{"rendered":"Bejelentkezve maradok?"},"content":{"rendered":"<div class=\"wpb-content-wrapper\"><p>[vc_row css_animation=&#8221;&#8221; seperator_indeed_locker=&#8221;&#8221; lk_t=&#8221;ism_template_1&#8243; lk_io=&#8221;default&#8221; lk_dm=&#8221;0&#8243; lk_thm=&#8221;0&#8243; lk_tuo=&#8221;0&#8243; ru_on=&#8221;0&#8243; uhc_on=&#8221;0&#8243; ur_on=&#8221;0&#8243; ref_on=&#8221;0&#8243; row_type=&#8221;row&#8221; use_row_as_full_screen_section=&#8221;no&#8221; type=&#8221;grid&#8221; angled_section=&#8221;no&#8221; text_align=&#8221;left&#8221; background_image_as_pattern=&#8221;without_pattern&#8221; template=&#8221;ism_template_1&#8243; ism_overlock=&#8221;default&#8221; sm_d_text=&#8221;<\/p>\n<h2>This content is locked<\/h2>\n<p>Share This Page To Unlock The Content!&#8221;][vc_column][vc_single_image image=&#8221;24861&#8243; img_size=&#8221;full&#8221; css=&#8221;&#8221; qode_css_animation=&#8221;&#8221;][\/vc_column][\/vc_row][vc_row css_animation=&#8221;&#8221; row_type=&#8221;row&#8221; use_row_as_full_screen_section=&#8221;no&#8221; type=&#8221;grid&#8221; angled_section=&#8221;no&#8221; text_align=&#8221;left&#8221; background_image_as_pattern=&#8221;without_pattern&#8221;][vc_column][vc_empty_space height=&#8221;45px&#8221;][vc_column_text css=&#8221;&#8221;]<\/p>\n<h1 class=\"cim_1\"><em>Bejelentkezve maradok?<\/em><\/h1>\n<p>[\/vc_column_text][vc_empty_space height=&#8221;45px&#8221;][\/vc_column][\/vc_row][vc_row css_animation=&#8221;&#8221; row_type=&#8221;row&#8221; use_row_as_full_screen_section=&#8221;no&#8221; type=&#8221;grid&#8221; angled_section=&#8221;no&#8221; text_align=&#8221;left&#8221; background_image_as_pattern=&#8221;without_pattern&#8221; bgparallax=&#8221;parallax&#8221; contentwidth=&#8221;container&#8221; toppadding=&#8221;40&#8243; bottompadding=&#8221;10&#8243; border=&#8221;on&#8221; css=&#8221;.vc_custom_1420648296958{background-color: #ffffff !important;}&#8221;][vc_column width=&#8221;1\/3&#8243; css=&#8221;.vc_custom_1427029754112{padding-right: 25px !important;}&#8221; el_class=&#8221;full-1&#8243;][vc_column_text css=&#8221;&#8221;]<\/p>\n<p class=\"hely_bpgal\">Budapest Gal\u00e9ria<\/p>\n<p class=\"cim_bpgal\">1036 Budapest, Lajos utca 158.<\/p>\n<p class=\"datum_bpgal\">2026. m\u00e1jus 15. \u2013 augusztus 9.<\/p>\n<p>[\/vc_column_text][vc_column_text css=&#8221;&#8221;]<\/p>\n<p class=\"kiemeles_bpgal\">Ki\u00e1ll\u00edt\u00f3 m\u0171v\u00e9szek:<\/p>\n<p class=\"verzal_bpgal\">Kate Crawford &amp; Vladan Joler, Cs\u00e9falvay Andr\u00e1s, Jakabos J\u00falia, Maksym Khodak, Kov\u00e1cs M\u00e1t\u00e9, Eva &amp; Franco Mattes, M\u00e9zes T\u00fcnde, Joana Moll, Papp S\u00e1ndor D\u00e1vid, Sandra Singh, Szab\u00f3 N\u00f3ra<\/p>\n<p>[\/vc_column_text][vc_column_text css=&#8221;&#8221;]<\/p>\n<p class=\"kiemeles_bpgal\">Kur\u00e1tor:<\/p>\n<p class=\"verzal_bpgal\">Koll\u00e1r Dalma Eszter<\/p>\n<p>[\/vc_column_text][vc_column_text css=&#8221;&#8221;]<\/p>\n<p class=\"kiemeles_bpgal\">Kur\u00e1tor asszisztens:<\/p>\n<p class=\"verzal_bpgal\">T\u00f3th Fanni<\/p>\n<p>[\/vc_column_text][vc_column_text css=&#8221;&#8221;]<\/p>\n<p class=\"kiemeles_bpgal\">Megnyit\u00f3:<\/p>\n<p class=\"datum_bpgal_2\">2026. m\u00e1jus 14., (cs\u00fct\u00f6rt\u00f6k) 18:00<\/p>\n<p>[\/vc_column_text][vc_column_text css=&#8221;&#8221;]<\/p>\n<p class=\"kiemeles_bpgal\">Grafika:<\/p>\n<p class=\"verzal_bpgal\">SUSA Studio<\/p>\n<p>[\/vc_column_text][vc_empty_space][\/vc_column][vc_column width=&#8221;2\/3&#8243; el_class=&#8221;full-2&#8243;][vc_column_text css=&#8221;&#8221;]Az elm\u00falt \u00e9vek technol\u00f3giai innov\u00e1ci\u00f3inak, az informatika \u00e9s a mesters\u00e9ges intelligencia (AI) elk\u00e9peszt\u0151 sebess\u00e9g\u0171 fejl\u0151d\u00e9s\u00e9nek k\u00e9ts\u00e9gk\u00edv\u00fcl sz\u00e1mottev\u0151 pozit\u00edv hozad\u00e9ka van. Ezek a technol\u00f3gi\u00e1k hozz\u00e1j\u00e1rulnak sz\u00e1mos tudom\u00e1ny\u00e1g halad\u00e1s\u00e1hoz, de a h\u00e9tk\u00f6znapi felhaszn\u00e1l\u00f3k \u00e9let\u00e9t is k\u00e9nyelmesebb\u00e9, munk\u00e1jukat pedig hat\u00e9konyabb\u00e1 teszik.<br \/>\nKev\u00e9sb\u00e9 megfoghat\u00f3k azonban a technol\u00f3giai fejl\u0151d\u00e9s, f\u0151k\u00e9nt a mindennapos haszn\u00e1latra tervezett eszk\u00f6z\u00f6k \u00e9s szoftverek \u00e1rnyoldalai. A nagy mennyis\u00e9g\u0171 k\u00e9perny\u0151haszn\u00e1lat k\u00f6zismertebb k\u00e1ros fiziol\u00f3giai hat\u00e1sain t\u00fal \u2013 amilyen a l\u00e1t\u00e1scs\u00f6kken\u00e9s, az alv\u00e1szavarok, a gerinc \u00e9s a kezek deformit\u00e1sa \u00e9s az ezek k\u00f6vetkezt\u00e9ben jelentkez\u0151 f\u00e1jdalom \u2013 fontos besz\u00e9lni az inform\u00e1ci\u00f3technol\u00f3gia \u00e9s az internet t\u00e1rsadalmi \u00e9s pszich\u00e9s \u00e1rtalmair\u00f3l, valamint az informatikai fejleszt\u00e9sek k\u00f6rnyezeti l\u00e1bnyom\u00e1r\u00f3l is.<br \/>\nA kort\u00e1rs k\u00e9pz\u0151m\u0171v\u00e9szek gyorsan \u00e9s \u00e9rz\u00e9kenyen reag\u00e1lnak a t\u00e1rsadalom sz\u00f6vet\u00e9ben bek\u00f6vetkez\u0151 v\u00e1ltoz\u00e1sokra, \u00edgy a leg\u00fajabb technol\u00f3giai v\u00edvm\u00e1nyok mind eszk\u00f6zk\u00e9nt, mind t\u00e9mak\u00e9nt hamar megjelentek m\u0171alkot\u00e1saikban. A Budapest Gal\u00e9ria Bejelentkezve maradok? c\u00edm\u0171 nemzetk\u00f6zi csoportos ki\u00e1ll\u00edt\u00e1sa olyan m\u0171veket mutat be, amelyek k\u00fcl\u00f6nb\u00f6z\u0151 aspektusokb\u00f3l vizsg\u00e1lj\u00e1k az informatikai \u00faj\u00edt\u00e1sok, az online jelenl\u00e9t \u00e9s az AI hat\u00e1sait.<br \/>\nA ki\u00e1ll\u00edt\u00e1s k\u00e9t, egym\u00e1st\u00f3l kor\u00e1ntsem f\u00fcggetlen r\u00e9szre oszlik. Az els\u0151 szekci\u00f3ban bemutatott munk\u00e1k analitikusak, jobb\u00e1ra sz\u00e1raz t\u00e9nyekre t\u00e1maszkodva szembes\u00edtenek a mindentud\u00f3nak t\u0171n\u0151 mesters\u00e9ges intelligencia korl\u00e1taival, az okos eszk\u00f6z\u00f6k felhaszn\u00e1l\u00f3ik\u00e9nt r\u00e1nk nehezed\u0151 egy\u00e9ni \u00e9s kollekt\u00edv felel\u0151ss\u00e9ggel, \u00e9s az online jelenl\u00e9t\u00fcnk hossz\u00fa ideje szinte korl\u00e1tlan megfigyelhet\u0151s\u00e9g\u00e9vel \u00e9s ir\u00e1ny\u00edthat\u00f3s\u00e1g\u00e1val. A ki\u00e1ll\u00edtott m\u0171vek azt is szeml\u00e9ltetik, hogy egyes, nap mint nap haszn\u00e1lt eszk\u00f6zeink gy\u00e1rt\u00e1sa \u00e9s felhaszn\u00e1l\u00e1sa milyen k\u00f6rnyezetk\u00e1ros\u00edt\u00f3 folyamatokat \u00e9s glob\u00e1lis szint\u0171 kizs\u00e1km\u00e1nyol\u00e1st eredm\u00e9nyez.<br \/>\nA t\u00e1rlat m\u00e1sodik r\u00e9sze ink\u00e1bb a ment\u00e1lis folyamatokra, az online t\u00e9r hat\u00e1s\u00e1ra v\u00e1ltoz\u00f3 \u00e9rt\u00e9krend\u00fcnkre, ezekkel \u00f6sszef\u00fcgg\u00e9sben pedig az emberi test \u00e9s a technol\u00f3gia kapcsolat\u00e1ra f\u00f3kusz\u00e1l. \u00d3ri\u00e1si tech c\u00e9gek moder\u00e1lj\u00e1k f\u0151bb k\u00f6z\u00f6ss\u00e9gi platformjainkat, \u00edgy az etik\u00e1tlan, s\u00e9rt\u0151, vagy ak\u00e1r er\u0151szakos tartalmak nagyr\u00e9szt elker\u00fclik a j\u00f3hiszem\u0171 felhaszn\u00e1l\u00f3kat. Ellenben sz\u00e1mos olyan online teret tal\u00e1lhatunk (nem is csak az \u00fan. deep weben), amelyeknek nincsenek k\u00f6zponti korl\u00e1toz\u00e1sai, ezek eset\u00e9ben pedig az emberi test, a pszich\u00e9 \u00e9s a technol\u00f3gia \u00f6sszefon\u00f3d\u00e1sai ellen\u0151rizetlens\u00e9g\u00fck miatt v\u00e1lnak vesz\u00e9lyforr\u00e1ss\u00e1. Az egykor demokratikus, glob\u00e1lis tud\u00e1st \u00edg\u00e9r\u0151 internet ma m\u00e1r ink\u00e1bb kisebb, azonos \u00e9rdekl\u0151d\u00e9si k\u00f6r\u0171 online k\u00f6z\u00f6ss\u00e9gek \u00f6sszess\u00e9ge, amely k\u00f6z\u00f6ss\u00e9gek magukban hordozz\u00e1k a radikaliz\u00e1l\u00f3d\u00e1s lehet\u0151s\u00e9g\u00e9t is.<br \/>\nAlapvet\u0151en \u00fagy gondoljuk, hogy mi kontroll\u00e1ljuk, milyen eszk\u00f6z\u00f6ket \u00e9s milyen m\u00e9rt\u00e9kben tesz\u00fcnk az \u00e9let\u00fcnk r\u00e9sz\u00e9v\u00e9, \u00e9s b\u00e1r a ki\u00e1ll\u00edt\u00e1s is felveti az egy\u00e9n \u00e1genci\u00e1j\u00e1nak lehet\u0151s\u00e9g\u00e9t a technol\u00f3gi\u00e1val szemben, val\u00f3j\u00e1ban egyed\u00fcl nincs r\u00e1l\u00e1t\u00e1sunk, milyen rendszerek \u00e9s vesz\u00e9lyek h\u00faz\u00f3dnak meg az \u00e1ltalunk haszn\u00e1lt eszk\u00f6z\u00f6k \u00e9s az \u00e1ltalunk fogyasztott tartalmak m\u00f6g\u00f6tt. Pedig ahhoz, hogy a (nyugati) t\u00e1rsadalom akt\u00edv, cselekv\u0151 tagjai legy\u00fcnk, k\u00e9nytelenek vagyunk felhaszn\u00e1l\u00f3kk\u00e1 is v\u00e1lni, ez\u00e9rt \u00fagy t\u0171nik, most m\u00e1r v\u00e9gleg bejelentkezve maradunk.[\/vc_column_text][vc_empty_space height=&#8221;45&#8243;][vc_separator type=&#8221;normal&#8221; color=&#8221;#c6c6c6&#8243; up=&#8221;10&#8243; down=&#8221;20&#8243;][vc_single_image image=&#8221;19992&#8243; img_size=&#8221;205&#215;100&#8243; onclick=&#8221;custom_link&#8221; img_link_target=&#8221;_blank&#8221; css=&#8221;&#8221; qode_css_animation=&#8221;&#8221; link=&#8221;http:\/\/www.nka.hu&#8221;][vc_empty_space][\/vc_column][\/vc_row]<\/p>\n<\/div>","protected":false},"excerpt":{"rendered":"<p>[vc_row css_animation=&#8221;&#8221; seperator_indeed_locker=&#8221;&#8221; lk_t=&#8221;ism_template_1&#8243; lk_io=&#8221;default&#8221; lk_dm=&#8221;0&#8243; lk_thm=&#8221;0&#8243; lk_tuo=&#8221;0&#8243; ru_on=&#8221;0&#8243; uhc_on=&#8221;0&#8243; ur_on=&#8221;0&#8243; ref_on=&#8221;0&#8243; row_type=&#8221;row&#8221; use_row_as_full_screen_section=&#8221;no&#8221; type=&#8221;grid&#8221;&#8230;<\/p>\n","protected":false},"author":11,"featured_media":0,"parent":24603,"menu_order":0,"comment_status":"closed","ping_status":"closed","template":"full_width.php","meta":{"inline_featured_image":false,"loftloader_pro_show_once":"","loftloader_pro_page_shortcode":"","footnotes":""},"class_list":["post-24860","page","type-page","status-publish","hentry"],"_links":{"self":[{"href":"https:\/\/budapestgaleria.hu\/_\/wp-json\/wp\/v2\/pages\/24860","targetHints":{"allow":["GET"]}}],"collection":[{"href":"https:\/\/budapestgaleria.hu\/_\/wp-json\/wp\/v2\/pages"}],"about":[{"href":"https:\/\/budapestgaleria.hu\/_\/wp-json\/wp\/v2\/types\/page"}],"author":[{"embeddable":true,"href":"https:\/\/budapestgaleria.hu\/_\/wp-json\/wp\/v2\/users\/11"}],"replies":[{"embeddable":true,"href":"https:\/\/budapestgaleria.hu\/_\/wp-json\/wp\/v2\/comments?post=24860"}],"version-history":[{"count":3,"href":"https:\/\/budapestgaleria.hu\/_\/wp-json\/wp\/v2\/pages\/24860\/revisions"}],"predecessor-version":[{"id":24865,"href":"https:\/\/budapestgaleria.hu\/_\/wp-json\/wp\/v2\/pages\/24860\/revisions\/24865"}],"up":[{"embeddable":true,"href":"https:\/\/budapestgaleria.hu\/_\/wp-json\/wp\/v2\/pages\/24603"}],"wp:attachment":[{"href":"https:\/\/budapestgaleria.hu\/_\/wp-json\/wp\/v2\/media?parent=24860"}],"curies":[{"name":"wp","href":"https:\/\/api.w.org\/{rel}","templated":true}]}}

<div class="wpb-content-wrapper"><p>[vc_row css_animation=&#8221;&#8221; seperator_indeed_locker=&#8221;&#8221; lk_t=&#8221;ism_template_1&#8243; lk_io=&#8221;default&#8221; lk_dm=&#8221;0&#8243; lk_thm=&#8221;0&#8243; lk_tuo=&#8221;0&#8243; ru_on=&#8221;0&#8243; uhc_on=&#8221;0&#8243; ur_on=&#8221;0&#8243; ref_on=&#8221;0&#8243; row_type=&#8221;row&#8221; use_row_as_full_screen_section=&#8221;no&#8221; type=&#8221;grid&#8221; angled_section=&#8221;no&#8221; text_align=&#8221;left&#8221; background_image_as_pattern=&#8221;without_pattern&#8221; template=&#8221;ism_template_1&#8243; ism_overlock=&#8221;default&#8221; sm_d_text=&#8221;</p>
<h2>This content is locked</h2>
<p>Share This Page To Unlock The Content!&#8221;][vc_column][vc_single_image image=&#8221;24861&#8243; img_size=&#8221;full&#8221; css=&#8221;&#8221; qode_css_animation=&#8221;&#8221;][/vc_column][/vc_row][vc_row css_animation=&#8221;&#8221; row_type=&#8221;row&#8221; use_row_as_full_screen_section=&#8221;no&#8221; type=&#8221;grid&#8221; angled_section=&#8221;no&#8221; text_align=&#8221;left&#8221; background_image_as_pattern=&#8221;without_pattern&#8221;][vc_column][vc_empty_space height=&#8221;45px&#8221;][vc_column_text css=&#8221;&#8221;]</p>
<h1 class="cim_1"><em>Bejelentkezve maradok?</em></h1>
<p>[/vc_column_text][vc_empty_space height=&#8221;45px&#8221;][/vc_column][/vc_row][vc_row css_animation=&#8221;&#8221; row_type=&#8221;row&#8221; use_row_as_full_screen_section=&#8221;no&#8221; type=&#8221;grid&#8221; angled_section=&#8221;no&#8221; text_align=&#8221;left&#8221; background_image_as_pattern=&#8221;without_pattern&#8221; bgparallax=&#8221;parallax&#8221; contentwidth=&#8221;container&#8221; toppadding=&#8221;40&#8243; bottompadding=&#8221;10&#8243; border=&#8221;on&#8221; css=&#8221;.vc_custom_1420648296958{background-color: #ffffff !important;}&#8221;][vc_column width=&#8221;1/3&#8243; css=&#8221;.vc_custom_1427029754112{padding-right: 25px !important;}&#8221; el_class=&#8221;full-1&#8243;][vc_column_text css=&#8221;&#8221;]</p>
<p class="hely_bpgal">Budapest Galéria</p>
<p class="cim_bpgal">1036 Budapest, Lajos utca 158.</p>
<p class="datum_bpgal">2026. május 15. – augusztus 9.</p>
<p>[/vc_column_text][vc_column_text css=&#8221;&#8221;]</p>
<p class="kiemeles_bpgal">Kiállító művészek:</p>
<p class="verzal_bpgal">Kate Crawford &amp; Vladan Joler, Cséfalvay András, Jakabos Júlia, Maksym Khodak, Kovács Máté, Eva &amp; Franco Mattes, Mézes Tünde, Joana Moll, Papp Sándor Dávid, Sandra Singh, Szabó Nóra</p>
<p>[/vc_column_text][vc_column_text css=&#8221;&#8221;]</p>
<p class="kiemeles_bpgal">Kurátor:</p>
<p class="verzal_bpgal">Kollár Dalma Eszter</p>
<p>[/vc_column_text][vc_column_text css=&#8221;&#8221;]</p>
<p class="kiemeles_bpgal">Kurátor asszisztens:</p>
<p class="verzal_bpgal">Tóth Fanni</p>
<p>[/vc_column_text][vc_column_text css=&#8221;&#8221;]</p>
<p class="kiemeles_bpgal">Megnyitó:</p>
<p class="datum_bpgal_2">2026. május 14., (csütörtök) 18:00</p>
<p>[/vc_column_text][vc_column_text css=&#8221;&#8221;]</p>
<p class="kiemeles_bpgal">Grafika:</p>
<p class="verzal_bpgal">SUSA Studio</p>
<p>[/vc_column_text][vc_empty_space][/vc_column][vc_column width=&#8221;2/3&#8243; el_class=&#8221;full-2&#8243;][vc_column_text css=&#8221;&#8221;]Az elmúlt évek technológiai innovációinak, az informatika és a mesterséges intelligencia (AI) elképesztő sebességű fejlődésének kétségkívül számottevő pozitív hozadéka van. Ezek a technológiák hozzájárulnak számos tudományág haladásához, de a hétköznapi felhasználók életét is kényelmesebbé, munkájukat pedig hatékonyabbá teszik.<br />
Kevésbé megfoghatók azonban a technológiai fejlődés, főként a mindennapos használatra tervezett eszközök és szoftverek árnyoldalai. A nagy mennyiségű képernyőhasználat közismertebb káros fiziológiai hatásain túl – amilyen a látáscsökkenés, az alvászavarok, a gerinc és a kezek deformitása és az ezek következtében jelentkező fájdalom – fontos beszélni az információtechnológia és az internet társadalmi és pszichés ártalmairól, valamint az informatikai fejlesztések környezeti lábnyomáról is.<br />
A kortárs képzőművészek gyorsan és érzékenyen reagálnak a társadalom szövetében bekövetkező változásokra, így a legújabb technológiai vívmányok mind eszközként, mind témaként hamar megjelentek műalkotásaikban. A Budapest Galéria Bejelentkezve maradok? című nemzetközi csoportos kiállítása olyan műveket mutat be, amelyek különböző aspektusokból vizsgálják az informatikai újítások, az online jelenlét és az AI hatásait.<br />
A kiállítás két, egymástól korántsem független részre oszlik. Az első szekcióban bemutatott munkák analitikusak, jobbára száraz tényekre támaszkodva szembesítenek a mindentudónak tűnő mesterséges intelligencia korlátaival, az okos eszközök felhasználóiként ránk nehezedő egyéni és kollektív felelősséggel, és az online jelenlétünk hosszú ideje szinte korlátlan megfigyelhetőségével és irányíthatóságával. A kiállított művek azt is szemléltetik, hogy egyes, nap mint nap használt eszközeink gyártása és felhasználása milyen környezetkárosító folyamatokat és globális szintű kizsákmányolást eredményez.<br />
A tárlat második része inkább a mentális folyamatokra, az online tér hatására változó értékrendünkre, ezekkel összefüggésben pedig az emberi test és a technológia kapcsolatára fókuszál. Óriási tech cégek moderálják főbb közösségi platformjainkat, így az etikátlan, sértő, vagy akár erőszakos tartalmak nagyrészt elkerülik a jóhiszemű felhasználókat. Ellenben számos olyan online teret találhatunk (nem is csak az ún. deep weben), amelyeknek nincsenek központi korlátozásai, ezek esetében pedig az emberi test, a psziché és a technológia összefonódásai ellenőrizetlenségük miatt válnak veszélyforrássá. Az egykor demokratikus, globális tudást ígérő internet ma már inkább kisebb, azonos érdeklődési körű online közösségek összessége, amely közösségek magukban hordozzák a radikalizálódás lehetőségét is.<br />
Alapvetően úgy gondoljuk, hogy mi kontrolláljuk, milyen eszközöket és milyen mértékben teszünk az életünk részévé, és bár a kiállítás is felveti az egyén ágenciájának lehetőségét a technológiával szemben, valójában egyedül nincs rálátásunk, milyen rendszerek és veszélyek húzódnak meg az általunk használt eszközök és az általunk fogyasztott tartalmak mögött. Pedig ahhoz, hogy a (nyugati) társadalom aktív, cselekvő tagjai legyünk, kénytelenek vagyunk felhasználókká is válni, ezért úgy tűnik, most már végleg bejelentkezve maradunk.[/vc_column_text][vc_empty_space height=&#8221;45&#8243;][vc_separator type=&#8221;normal&#8221; color=&#8221;#c6c6c6&#8243; up=&#8221;10&#8243; down=&#8221;20&#8243;][vc_single_image image=&#8221;19992&#8243; img_size=&#8221;205&#215;100&#8243; onclick=&#8221;custom_link&#8221; img_link_target=&#8221;_blank&#8221; css=&#8221;&#8221; qode_css_animation=&#8221;&#8221; link=&#8221;http://www.nka.hu&#8221;][vc_empty_space][/vc_column][/vc_row]</p>
</div>
