{"id":9010,"date":"2015-01-24T15:35:38","date_gmt":"2015-01-24T15:35:38","guid":{"rendered":"http:\/\/budapestgaleria.hu\/_\/?page_id=9010"},"modified":"2015-01-24T15:38:06","modified_gmt":"2015-01-24T15:38:06","slug":"stefanovits-peter-clorox-muvek","status":"publish","type":"page","link":"https:\/\/budapestgaleria.hu\/_\/kiallitasok-2012-budapest-galeria\/stefanovits-peter-clorox-muvek\/","title":{"rendered":"Stefanovits P\u00e9ter | Clorox-m\u0171vek"},"content":{"rendered":"<div class=\"wpb-content-wrapper\"><p>[vc_row row_type=&#8221;row&#8221; use_row_as_full_screen_section=&#8221;no&#8221; type=&#8221;grid&#8221; text_align=&#8221;left&#8221; background_image_as_pattern=&#8221;without_pattern&#8221;][vc_column width=&#8221;1\/1&#8243;][vc_empty_space height=&#8221;40px&#8221;][vc_column_text]<\/p>\n<h2 class=\"cim_1\">STEFANOVITS P\u00c9TER | Clorox-m\u0171vek<\/h2>\n<p>[\/vc_column_text][vc_empty_space height=&#8221;32px&#8221;][\/vc_column][\/vc_row][vc_row bgparallax=&#8221;parallax&#8221; contentwidth=&#8221;container&#8221; toppadding=&#8221;40&#8243; bottompadding=&#8221;10&#8243; border=&#8221;on&#8221; css=&#8221;.vc_custom_1420648296958{background-color: #ffffff !important;}&#8221; row_type=&#8221;row&#8221; use_row_as_full_screen_section=&#8221;no&#8221; type=&#8221;grid&#8221; text_align=&#8221;left&#8221; background_image_as_pattern=&#8221;without_pattern&#8221;][vc_column width=&#8221;1\/3&#8243; css=&#8221;.vc_custom_1420649554591{padding-right: 25px !important;}&#8221;][vc_column_text]<\/p>\n<p class=\"hely_bpgal\">BTM \u2013 Budapest Ki\u00e1ll\u00edt\u00f3terem<\/p>\n<p class=\"cim_bpgal\">1056 Szabad sajt\u00f3 \u00fat 5.<\/p>\n<p class=\"datum_bpgal\">2012. augusztus 2 \u2013 szeptember 23.<\/p>\n<p>[\/vc_column_text][vc_column_text]<\/p>\n<p class=\"kiemeles_bpgal\">Finissage:<\/p>\n<p class=\"kurrens_bpgal\">2012. szeptember 20. (cs\u00fct\u00f6rt\u00f6k), 17:00<\/p>\n<p class=\"kurrens_bpgal\">SP\u00c1NYI ANTAL, sz\u00e9kesfeh\u00e9rv\u00e1ri megy\u00e9sp\u00fcsp\u00f6k \u00e9s<br \/>\nSTURCZ J\u00c1NOS, m\u0171v\u00e9szett\u00f6rt\u00e9n\u00e9sz r\u00e9szv\u00e9tel\u00e9vel<\/p>\n<p>[\/vc_column_text][vc_empty_space height=&#8221;32px&#8221;][\/vc_column][vc_column width=&#8221;2\/3&#8243;][vc_column_text]<\/p>\n<p class=\"idezet\">Stefanovits cloroxszal, feh\u00e9r\u00edt\u0151 hat\u00e1s\u00fa oxid\u00e1l\u00f3 anyaggal maratja ki az anyag fedetlen fel\u00fcleteit. A bizonytalans\u00e1gnak, a s\u00f6t\u00e9ts\u00e9g \u00e9s vil\u00e1goss\u00e1g elk\u00fcl\u00f6n\u00edthet\u0151s\u00e9g\u00e9nek felel meg az alkalmazott technika.<br \/>\nA h\u00e1ztart\u00e1sokban gyakran haszn\u00e1lt vegyszer \u00f6nk\u00e9ntelen\u00fcl is a r\u00e9gi, roncsolt, szemcs\u00e9sen el\u0151h\u00edvott fot\u00f3k aur\u00e1j\u00e1t k\u00f6zvet\u00edti. Az az \u00e9rz\u00e9s\u00fcnk, hogy ezzel a &#8222;negat\u00edv el\u0151h\u00edv\u00e1ssal&#8221; a m\u0171v\u00e9sz legszem\u00e9lyesebb gondolatait fogalmazza meg, mag\u00e1nbrevi\u00e1rium\u00e1nak lapjait teszi l\u00e1that\u00f3v\u00e1. Itt perlekedik, mondja el k\u00e9ts\u00e9geit, vallja meg hit\u00e9t. A bizonytalan, a t\u00fcn\u00e9keny, a rejt\u0151zk\u00f6d\u0151, a titokzatos lesz f\u0151szerepl\u0151v\u00e9 az ezzel a technik\u00e1val k\u00e9sz\u00fclt munk\u00e1in.<\/p>\n<p class=\"forras\">(Pataki G\u00e1bor: Stefanovits P\u00e9ter, Hungart k\u00f6nyvek, kismonogr\u00e1fia, 2011)<\/p>\n<p>Kur\u00e1tor: Sulyok Mikl\u00f3s[\/vc_column_text][vc_empty_space height=&#8221;20px&#8221;][\/vc_column][\/vc_row][vc_row row_type=&#8221;row&#8221; use_row_as_full_screen_section=&#8221;no&#8221; type=&#8221;grid&#8221; text_align=&#8221;left&#8221; background_image_as_pattern=&#8221;without_pattern&#8221;][vc_column width=&#8221;1\/1&#8243;][vc_empty_space height=&#8221;32px&#8221;][vc_empty_space height=&#8221;45px&#8221;][\/vc_column][\/vc_row]<\/p>\n<\/div>","protected":false},"excerpt":{"rendered":"<p>[vc_row row_type=&#8221;row&#8221; use_row_as_full_screen_section=&#8221;no&#8221; type=&#8221;grid&#8221; text_align=&#8221;left&#8221; background_image_as_pattern=&#8221;without_pattern&#8221;][vc_column width=&#8221;1\/1&#8243;][vc_empty_space height=&#8221;40px&#8221;][vc_column_text] STEFANOVITS P\u00c9TER | Clorox-m\u0171vek [\/vc_column_text][vc_empty_space height=&#8221;32px&#8221;][\/vc_column][\/vc_row][vc_row bgparallax=&#8221;parallax&#8221;&#8230;<\/p>\n","protected":false},"author":1,"featured_media":0,"parent":8973,"menu_order":8,"comment_status":"open","ping_status":"open","template":"full_width.php","meta":{"inline_featured_image":false,"loftloader_pro_show_once":"","loftloader_pro_page_shortcode":"","footnotes":""},"class_list":["post-9010","page","type-page","status-publish","hentry"],"_links":{"self":[{"href":"https:\/\/budapestgaleria.hu\/_\/wp-json\/wp\/v2\/pages\/9010","targetHints":{"allow":["GET"]}}],"collection":[{"href":"https:\/\/budapestgaleria.hu\/_\/wp-json\/wp\/v2\/pages"}],"about":[{"href":"https:\/\/budapestgaleria.hu\/_\/wp-json\/wp\/v2\/types\/page"}],"author":[{"embeddable":true,"href":"https:\/\/budapestgaleria.hu\/_\/wp-json\/wp\/v2\/users\/1"}],"replies":[{"embeddable":true,"href":"https:\/\/budapestgaleria.hu\/_\/wp-json\/wp\/v2\/comments?post=9010"}],"version-history":[{"count":0,"href":"https:\/\/budapestgaleria.hu\/_\/wp-json\/wp\/v2\/pages\/9010\/revisions"}],"up":[{"embeddable":true,"href":"https:\/\/budapestgaleria.hu\/_\/wp-json\/wp\/v2\/pages\/8973"}],"wp:attachment":[{"href":"https:\/\/budapestgaleria.hu\/_\/wp-json\/wp\/v2\/media?parent=9010"}],"curies":[{"name":"wp","href":"https:\/\/api.w.org\/{rel}","templated":true}]}}