{"id":9069,"date":"2015-01-25T23:09:34","date_gmt":"2015-01-25T23:09:34","guid":{"rendered":"http:\/\/budapestgaleria.hu\/_\/?page_id=9069"},"modified":"2015-04-09T11:28:23","modified_gmt":"2015-04-09T11:28:23","slug":"asztal","status":"publish","type":"page","link":"https:\/\/budapestgaleria.hu\/_\/kiallitasok-2011-budapest-galeria\/asztal\/","title":{"rendered":"asztal."},"content":{"rendered":"<div class=\"wpb-content-wrapper\"><p>[vc_row row_type=&#8221;row&#8221; use_row_as_full_screen_section=&#8221;no&#8221; type=&#8221;grid&#8221; text_align=&#8221;left&#8221; background_image_as_pattern=&#8221;without_pattern&#8221;][vc_column width=&#8221;1\/1&#8243;][vc_empty_space height=&#8221;40px&#8221;][vc_column_text]<\/p>\n<h2 class=\"cim_1\">asztal.<\/h2>\n<p>[\/vc_column_text][vc_empty_space height=&#8221;32px&#8221;][\/vc_column][\/vc_row][vc_row bgparallax=&#8221;parallax&#8221; contentwidth=&#8221;container&#8221; toppadding=&#8221;40&#8243; bottompadding=&#8221;10&#8243; border=&#8221;on&#8221; css=&#8221;.vc_custom_1420648296958{background-color: #ffffff !important;}&#8221; row_type=&#8221;row&#8221; use_row_as_full_screen_section=&#8221;no&#8221; type=&#8221;grid&#8221; text_align=&#8221;left&#8221; background_image_as_pattern=&#8221;without_pattern&#8221;][vc_column width=&#8221;1\/3&#8243; css=&#8221;.vc_custom_1420649554591{padding-right: 25px !important;}&#8221;][vc_column_text]<\/p>\n<p class=\"hely_bpgal\">Budapest Gal\u00e9ria<\/p>\n<p class=\"cim_bpgal\">1036 Budapest, Lajos utca 158.<\/p>\n<p class=\"datum_bpgal\">2011. okt\u00f3ber 29 \u2013 november 27.<\/p>\n<p>[\/vc_column_text][vc_column_text]<\/p>\n<p class=\"kiemeles_bpgal\">A ki\u00e1ll\u00edt\u00e1s kur\u00e1torai:<\/p>\n<p class=\"verzal_bpgal\">Csont\u00f3 Lajos, Csat\u00f3 M\u00e1t\u00e9<\/p>\n<p class=\"kiemeles_bpgal\">Ki\u00e1ll\u00edt\u00f3 m\u0171v\u00e9szek:<\/p>\n<p class=\"verzal_bpgal\">BAGLYAS ERIKA | CSAT\u00d3 M\u00c1T\u00c9 | CSONT\u00d3 LAJOS | FELUGOSSY L\u00c1SZL\u00d3 | J\u00daLIUS GYULA | PACSIKA RUDOLF | SZAB\u00d3 ATTILA | T\u00d3TH ESZTER | VINCZE OTT\u00d3 | VINKLER ZSUZSI<\/p>\n<p>[\/vc_column_text][vc_column_text]<\/p>\n<p class=\"kiemeles_bpgal\">Megnyit\u00f3:<\/p>\n<p class=\"kurrens_bpgal\">2011. okt\u00f3ber 29., (cs\u00fct\u00f6rt\u00f6k), 15:00<\/p>\n<p class=\"kiemeles_bpgal\">Megnyitotta:<\/p>\n<p class=\"kurrens_bpgal\">k. kabai l\u00f3r\u00e1nt<\/p>\n<p>[\/vc_column_text][vc_empty_space height=&#8221;32px&#8221;][\/vc_column][vc_column width=&#8221;2\/3&#8243;][vc_column_text]A ki\u00e1ll\u00edt\u00e1s az asztal t\u00e9mak\u00f6r\u00e9ben szervez\u0151dik. A megh\u00edvott 10 m\u0171v\u00e9sz a k\u00f6zelm\u00faltban k\u00e9sz\u00fclt &#8222;asztalos&#8221; munk\u00e1ival, ezek \u00e1tdolgoz\u00e1saival, illetve \u00faj, erre a ki\u00e1ll\u00edt\u00e1sra k\u00e9sz\u00fcl\u0151 m\u0171vekkel jelentkezik a Ki\u00e1ll\u00edt\u00f3h\u00e1z \u00f6sszes term\u00e9ben. Az alkot\u00f3k install\u00e1ci\u00f3kat, videoinstall\u00e1ci\u00f3kat, objekteket hoznak l\u00e9tre a rendelkez\u00e9s\u00fckre \u00e1ll\u00f3 terekben. Ennek a h\u00e9tk\u00f6znapi t\u00e1rgynak, illetve t\u00f6bbr\u00e9teg\u0171 jelent\u00e9seinek a felhaszn\u00e1l\u00e1s\u00e1val fogalmaznak meg, sz\u00e9les spektrum\u00fa tartalmakat.<\/p>\n<p><strong>BAGLYAS ERIKA, k\u00e9pz\u0151m\u0171v\u00e9sz<\/strong><br \/>\n2001-ben v\u00e9gzett vizu\u00e1lis nevel\u0151tan\u00e1rk\u00e9nt a P\u00e9csi Tudom\u00e1nyegyetem M\u0171v\u00e9szeti Kar\u00e1n. 2008-2011 k\u00f6z\u00f6tt a Magyar K\u00e9pz\u0151m\u0171v\u00e9szeti Egyetem Doktori Iskol\u00e1j\u00e1nak hallgat\u00f3ja. 2004-ben Derkovits Gyula k\u00e9pz\u0151m\u0171v\u00e9szeti \u00f6szt\u00f6nd\u00edjat, 2008-ban K\u00e1llai Ern\u0151 m\u0171kritikusi \u00f6szt\u00f6nd\u00edjat kapott, ugyanebben az \u00e9vben a R\u00f3mai Magyar Akad\u00e9mia \u00d6szt\u00f6nd\u00edjasa. Budapest F\u0151v\u00e1ros \u00d6nkorm\u00e1nyzat\u00e1nak \u00f6szt\u00f6nd\u00edjasa Lisszabonban. Munk\u00e1it meghat\u00e1rozza a k\u00f6z- \u00e9s a mag\u00e1nszf\u00e9ra \u00f6sszek\u00f6t\u00e9se, a szem\u00e9lyess\u00e9g hangs\u00falyoz\u00e1sa. \u201eA saj\u00e1t val\u00f3s\u00e1g az egyetlen val\u00f3s\u00e1g, mert a szubjektivit\u00e1s az egyetlen igazs\u00e1g\u201d \u2013 \u00edrta kor\u00e1bban egy ki\u00e1ll\u00edt\u00e1st k\u00eds\u00e9r\u0151 sz\u00f6veg\u00e9ben. Alkot\u00e1sainak l\u00e9nyeges, fontos eleme a sz\u00f6veg, az \u00edr\u00e1s, melyet sokszor haszn\u00e1l m\u0171veiben. 2001 \u00f3ta konceptu\u00e1lis m\u0171veket, els\u0151sorban fot\u00f3-, vide\u00f3- \u00e9s t\u00e1rgyinstall\u00e1ci\u00f3kat, valamint performanszokat hoz l\u00e9tre, amelyek ki\u00e1ll\u00edt\u00f3terekben, k\u00f6ztereken vagy alternat\u00edv helysz\u00edneken val\u00f3sultak meg. Munk\u00e1iban gyakran foglalkozik szociol\u00f3giai, pszichol\u00f3giai vagy filoz\u00f3fiai jelent\u00e9sr\u00e9tegekkel b\u00edr\u00f3 t\u00e9m\u00e1kkal. K\u00e9pz\u0151m\u0171v\u00e9szeti tev\u00e9kenys\u00e9ge mellett rendszeresen publik\u00e1l m\u0171elemz\u00e9seket, kritik\u00e1kat m\u0171v\u00e9szeti szaklapokban. M\u0171vei szerepelnek k\u00f6z- \u00e9s mag\u00e1ngy\u0171jtem\u00e9nyekben.<\/p>\n<p><strong>CSAT\u00d3 M\u00c1T\u00c9, k\u00e9pz\u0151m\u0171v\u00e9sz<\/strong><br \/>\nMOME-n v\u00e9gzett media design szakon, Szentendr\u00e9n \u00e9l. A Vajda Lajos St\u00fadi\u00f3 fiatal gener\u00e1c\u00f3j\u00e1hoz tartozik, sz\u00e1mos a VLS-hez k\u00f6t\u00f6d\u0151 ki\u00e1ll\u00edt\u00e1s, program, esem\u00e9ny szervez\u0151je, az OMKAMRA csoport egyik alap\u00edt\u00f3 tagja. Vide\u00f3munk\u00e1ira jellemz\u0151 mind a narrativ, mind a performansz jelleg\u0171, dokumentat\u00edv mozg\u00f3k\u00e9p haszn\u00e1lata, sz\u00e1mos hazai \u00e9s k\u00fclf\u00f6ldi ki\u00e1ll\u00edt\u00e1son szerepelt, grafik\u00e1ival, festm\u00e9nyeivel, fot\u00f3munk\u00e1ival \u00e9s performanszaival. A 2008 \u00f3ta m\u0171k\u00f6d\u0151 szentendrei ny\u00e1ri m\u0171v\u00e9sztelep f\u0151 szervez\u0151je, \u00e9p\u00edtve ezzel a VLS hazai \u00e9s nemzetk\u00f6zi kapcsolatait.<\/p>\n<p><strong>CSONT\u00d3 LAJOS, k\u00e9pz\u0151m\u0171v\u00e9sz<\/strong><br \/>\n1990-ben diplom\u00e1zott a K\u00e9pz\u0151m\u0171v\u00e9szeti F\u0151iskola k\u00e9pgrafika szak\u00e1n. 1992-ben Derkovits, 2007-ben Munk\u00e1csy d\u00edjat kap. A R\u00f3mai Magyar Akad\u00e9mia (2005) \u00e9s a p\u00e1rizsi Internationale des Arts \u00f6szt\u00f6nd\u00edjasa (2007), ugyanekkor kapja meg az NKA kiemelt \u00e9ves t\u00e1mogat\u00e1s\u00e1t. A hagyom\u00e1nyos grafikai \u00e9s fest\u00e9szeti technik\u00e1k mellett a 90-es \u00e9vek k\u00f6zep\u00e9t\u00f4l a fot\u00f3 \u00e9s vide\u00f3 haszn\u00e1lata, illetve ezek installat\u00edv bemutat\u00e1sa jellemz\u00f4 munk\u00e1ira.<br \/>\nA szem\u00e9lyes l\u00e9t banalit\u00e1sa, az emberi k\u00f6z\u00f6s, az archetipikus tartalmak felmutat\u00e1sa \u00e9rdekli \u00e9s ezeknek a tartalmaknak a pszichol\u00f3giai, filoz\u00f3fiai jelent\u00e9seivel foglalkoz\u00f3 munk\u00e1kat hoz l\u00e9tre. Megold\u00e1saiban sz\u00edvesen haszn\u00e1llja a sz\u00f6veg-k\u00e9p p\u00e1ros adta lehet\u0151s\u00e9geket, a lebegtetett, m\u00f6g\u00f6ttes tartalmak bemutat\u00e1s\u00e1ra. Az Eszterh\u00e1zy K\u00e1roly F\u0151iskola docense, a Moholy-Nagy M\u0171v\u00e9szeti Egyetem adjunktusa.<\/p>\n<p><strong>FELUGOSSY L\u00c1SZL\u00d3, k\u00e9pz\u0151m\u0171v\u00e9sz, performer<\/strong><br \/>\nKezdetben f\u00e9nyk\u00e9p\u00e9szetet tanult. A k\u00e9pz\u0151m\u0171v\u00e9szet mellett filmmel, irodalommal \u00e9s zen\u00e9vel is foglalkozik. Alap\u00edt\u00f3ja a szentendrei \u00bb Vajda Lajos St\u00fadi\u00f3nak, 1980-1986-ig az A.E. Bizotts\u00e1g zenekar tagja. L\u00e9trehozza az Inkasz\u00e1mtan alkalmi t\u00e1rsulatot (1983), bar\u00e1taival megalak\u00edtja az \u00daj Modern Akrobatika music-performance (1985-1992) \u00e9s a Batu K\u00e1rmen zenekart. 1990: Munk\u00e1csy-d\u00edj; 1991: Neufeld Anna Alap\u00edtv\u00e1ny, Hincz Gyula-eml\u00e9kd\u00edj, V\u00e1c; 1999: T\u00e9li T\u00e1rlat, Miskolci Gal\u00e9ria, MAOE-dij; 2009: 2009-ben Herczeg Kl\u00e1ra-d\u00edjban (senior) r\u00e9szes\u00fclt St\u00edlus\u00e1ban a pop art direkt t\u00e1rgykultusza gyakran keveredik a grafittik sz\u00f3kimond\u00f3 szexu\u00e1lis jelk\u00e9prendszer\u00e9vel is. A magyar m\u0171v\u00e9szetben egyed\u00fcl\u00e1ll\u00f3 \u0151szintes\u00e9ggel t\u00e1lalja fel &#8211; mindenf\u00e9le ill\u00fazi\u00f3t\u00f3l \u00e9s szem\u00e9rmess\u00e9gt\u0151l mentesen &#8211; a legnyilv\u00e1nval\u00f3bb dolgokat, amely a ma legval\u00f3s\u00e1gosabban l\u00e9tez\u0151 kelet-eur\u00f3pai, fejl\u0151d\u00e9sben visszamaradt t\u00e1rsadalmak jellemz\u0151je. ~ a jellegzetesen f\u00f6ldk\u00f6zeli paraszti \u00e9s kispolg\u00e1ri vil\u00e1g, a ki\u00fcr\u00fclt folkl\u00f3r \u00e9s a m\u00e1sodoszt\u00e1ly\u00fa modernizmus kevered\u00e9s\u00e9b\u0151l egy saj\u00e1tos, asszoci\u00e1ci\u00f3kban gazdag univerzumot \u00e9p\u00edt fel (H\u00e1zt\u00e1ji sze\u00e1nsz, Nemzetk\u00f6zi haldokl\u00f3). Az egyedi m\u0171alkot\u00e1s l\u00e9trehoz\u00e1sa helyett c\u00e9lja a t\u00e1rgyak lappang\u00f3 erej\u00e9nek megmutat\u00e1sa. M\u0171v\u00e9szet\u00e9ben a t\u00e1rgyi hordal\u00e9kok asszoci\u00e1ci\u00f3i m\u00edtoszk\u00e9nt \u00e9s ellenm\u00edtoszk\u00e9nt egyar\u00e1nt \u00e9rtelmezhet\u0151k.<\/p>\n<p><strong>J\u00daLIUS GYULA, k\u00e9pz\u0151m\u0171v\u00e9sz<\/strong><br \/>\n1977-1984: Magyar K\u00e9pz\u0151m\u0171v\u00e9szeti F\u0151iskola, sokszoros\u00edtott grafika szak. 1983: Herman Lip\u00f3t-d\u00edj; 1987: St\u00fadi\u00f3 N\u00edv\u00f3d\u00edj; 1988-1989: Fiatal K\u00e9pz\u0151m\u0171v\u00e9szek St\u00fadi\u00f3ja Egyes\u00fclet-d\u00edj; 1991: St\u00fadi\u00f3 nagyd\u00edja; 1994: Smohay-d\u00edj; 1994: Volt (Soros) p\u00e1ly\u00e1zat d\u00edja; 1989-1991: Derkovits-\u00f6szt\u00f6nd\u00edj; R\u00f3mai Magyar Akad\u00e9mia \u00f6szt\u00f6nd\u00edja, 1991; 2007: Munk\u00e1csy Mih\u00e1ly-d\u00edj. Grafik\u00e1t, festm\u00e9nyt, install\u00e1ci\u00f3t, vide\u00f3munk\u00e1t egyar\u00e1nt k\u00e9sz\u00edt, tev\u00e9kenys\u00e9ge intermedi\u00e1lisnak tekinthet\u0151. Korai grafik\u00e1inak, litogr\u00e1fi\u00e1inak formavil\u00e1g\u00e1ban \u00f6tv\u00f6zi a szocre\u00e1l ban\u00e1lis emblematik\u00e1j\u00e1t \u00e9s a kv\u00e1zi term\u00e9szettudom\u00e1nyos k\u00eds\u00e9rletek k\u00e9pi megfogalmaz\u00e1s\u00e1t. A klasszikus grafikai technik\u00e1kat, azok anyaghaszn\u00e1lat\u00e1t \u00e1t\u00e9rtelmezi, az ott haszn\u00e1lt mat\u00e9ri\u00e1k fizikai, k\u00e9miai tulajdons\u00e1gai \u00e9rdeklik. Egyik mester\u00e9nek \u00d6veges professzort tartja. Anyaghaszn\u00e1lat\u00e1ban az arte pover\u00e1ra eml\u00e9keztet, gy\u0171jt\u00f6tt \u00e9s tal\u00e1lt t\u00e1rgyakb\u00f3l hozza l\u00e9tre install\u00e1ci\u00f3it, elvont \u00e9s fogalmi modellek bemutat\u00e1s\u00e1ra. K\u00eds\u00e9rleteinek alapja metaforikus jelleg\u0171, a technikai fejl\u0151d\u00e9s XX. sz. v\u00e9gi, XXI. sz\u00e1zad eleji jelent\u0151s\u00e9g\u00e9re k\u00e9rdez r\u00e1.<br \/>\nRezg\u00e9sekkel, hull\u00e1mmozg\u00e1sokkal oper\u00e1l m\u0171veiben, ahol tkp. term\u00e9szeti er\u0151k, fizikai-k\u00e9miai hat\u00e1sok \u00e1ll\u00edtj\u00e1k el\u0151 k\u00e9peit, m\u0171k\u00f6dtetik install\u00e1ci\u00f3it<\/p>\n<p>Pfisztner G\u00e1bor \u00edrja r\u00f3la: \u201e\u2026A term\u00e9szettudom\u00e1nyos felfog\u00e1sok k\u00f6z\u00fcl a \u201eszak\u00e9rt\u0151k tudom\u00e1ny\u00e1val\u201d szemben alulmaradt a sz\u00f3rakoz\u00e1st \u00e9s l\u00e1tv\u00e1nyoss\u00e1got \u00edg\u00e9r\u0151 k\u00eds\u00e9rletezget\u00e9sre alapul\u00f3 szeml\u00e9ltet\u00e9s. J\u00falius Gyula azonban \u00e9ppen ez ut\u00f3bbit emeli vissza a \u201emagas kult\u00fara\u201d k\u00f6zeg\u00e9be parafr\u00e1zisaiban. Ezzel a k\u00f6r\u00fcl\u00edr\u00f3 \u00fajra\u00e9rtelmez\u00e9ssel egyben az alapul szolg\u00e1l\u00f3 eszk\u00f6z\u00f6k jelent\u0151s\u00e9g\u00e9nek \u00fajragondol\u00e1s\u00e1ra invit\u00e1l, az \u00e1ltaluk el\u0151\u00e1ll\u00edtott jelens\u00e9gek m\u00f6g\u00e9 k\u00edv\u00e1n bepillant\u00e1st engedni. Elj\u00e1r\u00e1s\u00e1val lehet\u0151s\u00e9get k\u00edn\u00e1l arra, hogy \u00fajragondoljuk a komplexit\u00e1s magas fok\u00e1t el\u00e9rt m\u00e9diatechnol\u00f3gi\u00e1khoz f\u0171z\u0151d\u0151 viszonyunkat, a m\u0171k\u00f6d\u00e9s\u00fck alapj\u00e1ul szolg\u00e1l\u00f3 fizikai jelens\u00e9geket, a \u201esz\u00e9p l\u00e1tszat\u201d l\u00e9trehoz\u00e1s\u00e1nak mechanizmus\u00e1t\u2026<br \/>\n\u2026J\u00falius Gyula \u00e9rz\u00e9keinket alaposan ig\u00e9nybe vev\u0151, csalfa l\u00e1tszataival tapasztalatainkon \u00e9s ismereteinken alapul\u00f3 gondolkod\u00e1sunkat provok\u00e1l\u00f3 munk\u00e1i szkeptikuss\u00e1 tesznek a szak\u00e9rt\u0151kkel \u00e9s tudom\u00e1nyukkal, az abb\u00f3l megsz\u00fclet\u0151 technol\u00f3gi\u00e1kkal szemben, \u00e9s arra ind\u00edtanak, hogy legal\u00e1bbis f\u00fcggessz\u00fck fel a \u201el\u00e1t\u00e1s akar\u00e1s\u00e1t\u201d<\/p>\n<p><strong>PACSIKA RUDOLF, k\u00e9pz\u0151m\u0171v\u00e9sz<\/strong><br \/>\nK\u00e9pz\u0151- \u00e9s Iparm\u0171v\u00e9szeti Szakk\u00f6z\u00e9piskola; Juh\u00e1sz Gyula Tan\u00e1rk\u00e9pz\u0151 F\u0151iskola, Szeged; Rijksakademie van Beeldende Kunsten, Amszterdam, posztgradu\u00e1lis k\u00e9pz\u00e9s, mesterei: Hermann Pitz, Jan Vercruysse, Richard Deacon, Matt Mullican, John Hilliard, Denys Zacharopoulos. 1985: Fiatal K\u00e9pz\u0151m\u0171v\u00e9szek St\u00fadi\u00f3ja; 1992: Szentendrei Grafikai St\u00fadi\u00f3; 1995: Soros-\u00f6szt\u00f6nd\u00edj, Hollandia; 1997: E\u00f6tv\u00f6s J\u00f3zsef-\u00f6szt\u00f6nd\u00edj, Franciaorsz\u00e1g. 1999: NKA-\u00f6szt\u00f6nd\u00edj; 2000: P\u00e1rizs, Cit\u00e9 Internationale des Arts. Szellemi szabadfoglalkoz\u00e1s\u00fa. Szentendr\u00e9n \u00e9l. B\u00e1r az iskol\u00e1it Amszterdamban befejez\u0151 m\u0171v\u00e9sz rajzokat, vide\u00f3kat is k\u00e9sz\u00edt, m\u0171vei nagyobbr\u00e9szt install\u00e1ci\u00f3k, environment-ek, Duchamp szellemis\u00e9g\u00e9hez k\u00f6zel\u00e1ll\u00f3 z\u00e1rt rendszerek. M\u0171vei gyakran a mindennapi \u00e9let t\u00e1rgyai, olyan viszonyt teremtve k\u00f6z\u00f6tt\u00fck, hogy azok t\u00falmutatnak saj\u00e1t fizikai val\u00f3s\u00e1gukon. Az alkot\u00e1sok \u00e9rz\u00e9ki \u00e9s konceptu\u00e1lis ind\u00edttat\u00e1sb\u00f3l sz\u00fcletnek.<\/p>\n<p><strong>SZAB\u00d3 ATTILA, k\u00e9pz\u0151m\u0171v\u00e9sz<\/strong><br \/>\nMunk\u00e1i a tudom\u00e1ny \u00e9s m\u0171v\u00e9szet hat\u00e1rter\u00fcleteit f\u00fcrk\u00e9szi. A tudom\u00e1nyos h\u00edrad\u00e1sok sz\u00e1mtalan \u00e9rdekes inform\u00e1ci\u00f3val k\u00e1pr\u00e1ztatj\u00e1k el, melyekb\u0151l v\u00e9letlenszer\u0171en kiragadott r\u00e9szleteket gy\u0171jt. Ezekb\u0151l azt\u00e1n, szinte \u00f6nmag\u00e1t gener\u00e1lva \u00e1ll \u00f6ssze egy fikci\u00f3s elm\u00e9let, mely a tudom\u00e1nyoss\u00e1g l\u00e1tszat\u00e1t kelti, \u00e1m tudom\u00e1nyos szempontb\u00f3l teljess\u00e9ggel \u00e9rt\u00e9kelhetetlen. Ezen f\u00f6l\u00f6sleges ide\u00e1k installat\u00edv jelleg\u0171, illetve fot\u00f3- vagy\/\u00e9s vide\u00f3 alap\u00fa vizu\u00e1lis megjelen\u00edt\u00e9s\u00e9vel foglalkozik.<br \/>\n2009\u20132010 Magyar K\u00e9pz\u0151m\u0171v\u00e9szeti Egyetem, Doktori Iskola, 2005\u20132008 P\u00e9csi Tudom\u00e1nyegyetem, M\u0171v\u00e9szeti Kar, K\u00e9pz\u0151m\u0171v\u00e9szeti Mesteriskola, 2001\u20132002 Sorbonne-Inalco, P\u00e1rizs, 1998\u20132004 P\u00e9csi Tudom\u00e1nyegyetem, M\u0171v\u00e9szeti Kar. 2010: R\u00f3mai Magyar Akad\u00e9mia alkot\u00f3i \u00f6szt\u00f6nd\u00edja<br \/>\n2009: XX. Miskolci T\u00e9li T\u00e1rlat, Oktat\u00e1si \u00e9s Kultur\u00e1lis Miniszt\u00e9rium d\u00edja, 2001: Erasmus \u00f6szt\u00f6nd\u00edj<\/p>\n<p><strong>T\u00d3TH ESZTER, m\u00e9diam\u0171v\u00e9sz<\/strong><br \/>\nA K\u00e9pz\u0151m\u0171v\u00e9szeti Egyetem Interm\u00e9dia szak\u00e1n v\u00e9gzett 2008-ben, Szentendr\u00e9n \u00e9l. A Vajda Lajos St\u00fadi\u00f3 fiatal gener\u00e1c\u00f3j\u00e1hoz tartozik, sz\u00e1mos a VLS-hez k\u00f6t\u00f6d\u0151 ki\u00e1ll\u00edt\u00e1s, program, esem\u00e9ny r\u00e9sztvev\u0151je \u00e9s t\u00e1rsszervez\u0151je, az OMKAMRA csoport egyik alap\u00edt\u00f3 tagja. Festm\u00e9nyeket, grafik\u00e1kat, objekteket, vide\u00f3kat k\u00e9sz\u00edt. Munk\u00e1iban \u00e9rz\u00e9kenyen reag\u00e1l szem\u00e9lyes k\u00f6rnyezet\u00e9nek t\u00e1rgyaira \u00e9s motivumaira, sz\u00e1mos m\u0171v\u00e9ben megfogalmaz\u00f3dik saj\u00e1tos \u201cn\u0151i tekintete\u201d.<\/p>\n<p><strong>VINCZE OTT\u00d3, k\u00e9pz\u0151m\u0171v\u00e9sz<\/strong><br \/>\n1991: Barcsay-d\u00edj; 1992: Fiatal K\u00e9pz\u0151m\u0171v\u00e9szek St\u00fadi\u00f3ja Egyes\u00fclet d\u00edja; Magyar Hitel Bank M\u0171v\u00e9szeti Alap\u00edtv\u00e1ny\u00e1nak d\u00edja; 1993-1996: Derkovits-\u00f6szt\u00f6nd\u00edj; 1995: Magyar Narancs-d\u00edj; 1996: a M\u0171vel\u0151d\u00e9si \u00e9s K\u00f6zoktat\u00e1si Miniszt\u00e9rium d\u00edja;1996: F\u0151v\u00e1rosi \u00d6nkorm\u00e1nyzat \u00f6szt\u00f6nd\u00edja; Frankfurt am Main; 1996-1997: K\u00fcnstlerdorf Sch\u00f6ppingen \u00f6szt\u00f6nd\u00edja;(D)1997: Schloss Pl\u00fcschow [a Mecklenburgi M\u0171v\u00e9szh\u00e1z] (D) \u00f6szt\u00f6nd\u00edja; 1998: a Soros Alap\u00edtv\u00e1ny \u00f6szt\u00f6nd\u00edja, p\u00e1rizsi tanulm\u00e1ny\u00fat; 1999: \u00f6szt\u00f6nd\u00edj, Schleswig-Holsteinische K\u00fcnstlerhaus Eckernf\u00f6rde (D); DAAD-\u00f6szt\u00f6nd\u00edj, K\u00fcnstlerhauser Worpswede (D) 2003: Kunststiftung Stuttgart \u00f6szt\u00f6nd\u00edja(D);2004-2005: Hungart-\u00f6szt\u00f6nd\u00edj; 2005: Munk\u00e1csy-d\u00edj. 2007: a R\u00f3mai Magyar Akad\u00e9mia \u00f6szt\u00f6nd\u00edja; 2009: Cit\u00e9 Internationale des Arts \u00f6szt\u00f6nd\u00edja, P\u00e1rizs; 2010: Vasarely-\u00f6szt\u00f6nd\u00edj, P\u00e1rizs<\/p>\n<p><strong>VINKLER ZSUZSI, k\u00e9pz\u0151m\u0171v\u00e9sz<\/strong><br \/>\n1993-ban pszichol\u00f3gusk\u00e9nt diplom\u00e1zott az ELTE-n, ahol azt k\u00f6vet\u0151en nyelvpszichol\u00f3giai kutat\u00e1sokat v\u00e9gzett. 1999 \u00f3ta \u00e9l Szentendr\u00e9n, ahol k\u00e9pz\u0151m\u0171v\u00e9szettel foglalkozik. Munk\u00e1it gyakran nyelvi vagy t\u00e1rgyi \u00fajrafelhaszn\u00e1l\u00e1ssal, k\u00fcl\u00f6nb\u00f6z\u0151 anyagok szokatlan materi\u00e1lis \u00e9s pszichol\u00f3giai t\u00e1rs\u00edt\u00e1s\u00e1val k\u00e9sz\u00edti; konceptu\u00e1lis kiindul\u00e1s\u00fa install\u00e1ci\u00f3kat, objekteket illetve public art m\u0171veket k\u00e9sz\u00edt. Az \u00e9rz\u00e9kel\u00e9s \u00e9s az \u00e9rz\u00e9kis\u00e9g, a m\u00e9lyl\u00e9lektan \u00e9s a mat\u00e9ria \u00f6sszef\u00fcgg\u00e9sei foglalkoztatj\u00e1k; a nyelv \u00e9s a n\u0151is\u00e9g t\u00e9m\u00e1ja sz\u00e1mos munk\u00e1j\u00e1ban hangs\u00falyosan jelentkezik. \u00d6tletad\u00f3ja \u00e9s egyik szervez\u0151je volt egy Szentendr\u00e9n megval\u00f3sult m\u0171t\u00e1rgybutiknak, illetve kezdem\u00e9nyez\u0151je egy public art p\u00e1ly\u00e1zatnak.[\/vc_column_text][\/vc_column][\/vc_row][vc_row][vc_column width=&#8221;1\/1&#8243;][vc_empty_space height=&#8221;45px&#8221;][\/vc_column][\/vc_row]<\/p>\n<\/div>","protected":false},"excerpt":{"rendered":"<p>[vc_row row_type=&#8221;row&#8221; use_row_as_full_screen_section=&#8221;no&#8221; type=&#8221;grid&#8221; text_align=&#8221;left&#8221; background_image_as_pattern=&#8221;without_pattern&#8221;][vc_column width=&#8221;1\/1&#8243;][vc_empty_space height=&#8221;40px&#8221;][vc_column_text] asztal. [\/vc_column_text][vc_empty_space height=&#8221;32px&#8221;][\/vc_column][\/vc_row][vc_row bgparallax=&#8221;parallax&#8221; contentwidth=&#8221;container&#8221; toppadding=&#8221;40&#8243; bottompadding=&#8221;10&#8243;&#8230;<\/p>\n","protected":false},"author":1,"featured_media":0,"parent":9038,"menu_order":13,"comment_status":"open","ping_status":"open","template":"full_width.php","meta":{"inline_featured_image":false,"loftloader_pro_show_once":"","loftloader_pro_page_shortcode":"","footnotes":""},"class_list":["post-9069","page","type-page","status-publish","hentry"],"_links":{"self":[{"href":"https:\/\/budapestgaleria.hu\/_\/wp-json\/wp\/v2\/pages\/9069","targetHints":{"allow":["GET"]}}],"collection":[{"href":"https:\/\/budapestgaleria.hu\/_\/wp-json\/wp\/v2\/pages"}],"about":[{"href":"https:\/\/budapestgaleria.hu\/_\/wp-json\/wp\/v2\/types\/page"}],"author":[{"embeddable":true,"href":"https:\/\/budapestgaleria.hu\/_\/wp-json\/wp\/v2\/users\/1"}],"replies":[{"embeddable":true,"href":"https:\/\/budapestgaleria.hu\/_\/wp-json\/wp\/v2\/comments?post=9069"}],"version-history":[{"count":0,"href":"https:\/\/budapestgaleria.hu\/_\/wp-json\/wp\/v2\/pages\/9069\/revisions"}],"up":[{"embeddable":true,"href":"https:\/\/budapestgaleria.hu\/_\/wp-json\/wp\/v2\/pages\/9038"}],"wp:attachment":[{"href":"https:\/\/budapestgaleria.hu\/_\/wp-json\/wp\/v2\/media?parent=9069"}],"curies":[{"name":"wp","href":"https:\/\/api.w.org\/{rel}","templated":true}]}}