{"id":9102,"date":"2015-01-29T21:18:38","date_gmt":"2015-01-29T21:18:38","guid":{"rendered":"http:\/\/budapestgaleria.hu\/_\/?page_id=9102"},"modified":"2019-01-09T21:37:52","modified_gmt":"2019-01-09T21:37:52","slug":"kovacs-lola-szilagyi-terez-egestukor-et-in-terra","status":"publish","type":"page","link":"https:\/\/budapestgaleria.hu\/_\/kovacs-lola-szilagyi-terez-egestukor-et-in-terra\/","title":{"rendered":"Kov\u00e1cs Lola, Szil\u00e1gyi Ter\u00e9z | \u00c9g\u00e9st\u00fck\u00f6r \u2013 Et In Terra"},"content":{"rendered":"<div class=\"wpb-content-wrapper\"><p>[vc_row row_type=&#8221;row&#8221; use_row_as_full_screen_section=&#8221;no&#8221; type=&#8221;grid&#8221; text_align=&#8221;left&#8221; background_image_as_pattern=&#8221;without_pattern&#8221;][vc_column width=&#8221;1\/1&#8243;][vc_empty_space height=&#8221;40px&#8221;][vc_column_text]<\/p>\n<h2 class=\"cim_1\">KOV\u00c1CS LOLA, SZIL\u00c1GYI TER\u00c9Z | \u00c9g\u00e9st\u00fck\u00f6r \u2013 Et In Terra<\/h2>\n<p>[\/vc_column_text][vc_empty_space height=&#8221;32px&#8221;][\/vc_column][\/vc_row][vc_row bgparallax=&#8221;parallax&#8221; contentwidth=&#8221;container&#8221; toppadding=&#8221;40&#8243; bottompadding=&#8221;10&#8243; border=&#8221;on&#8221; css=&#8221;.vc_custom_1420648296958{background-color: #ffffff !important;}&#8221; row_type=&#8221;row&#8221; use_row_as_full_screen_section=&#8221;no&#8221; type=&#8221;grid&#8221; text_align=&#8221;left&#8221; background_image_as_pattern=&#8221;without_pattern&#8221;][vc_column width=&#8221;1\/3&#8243; css=&#8221;.vc_custom_1420649554591{padding-right: 25px !important;}&#8221;][vc_column_text]<\/p>\n<p class=\"hely_bpgal\">Budapest Gal\u00e9ria<\/p>\n<p class=\"cim_bpgal\">1036 Budapest, Lajos utca 158.<\/p>\n<p class=\"datum_bpgal\">2010. \u00e1prilis 8 \u2013 j\u00fanius 20.<\/p>\n<p>[\/vc_column_text][vc_column_text]<\/p>\n<p class=\"kiemeles_bpgal\">Megnyit\u00f3:<\/p>\n<p class=\"kurrens_bpgal\">2010. \u00e1prilis 8. (cs\u00fct\u00f6rt\u00f6k), 17:30<\/p>\n<p class=\"kiemeles_bpgal\">Megnyitotta:<\/p>\n<p class=\"kurrens_bpgal\">SULYOK MIKL\u00d3S, m\u0171v\u00e9szett\u00f6rt\u00e9n\u00e9sz<\/p>\n<p>[\/vc_column_text][vc_empty_space height=&#8221;32px&#8221;][\/vc_column][vc_column width=&#8221;2\/3&#8243;][vc_column_text]Kov\u00e1cs Lola \u00e9s Szil\u00e1gyi Ter\u00e9z fest\u0151m\u0171v\u00e9szek a Budapest Gal\u00e9ria Ki\u00e1ll\u00edt\u00f3h\u00e1z\u00e1ban rendezett k\u00f6z\u00f6s ki\u00e1ll\u00edt\u00e1sukon kor\u00e1bbi fest\u00e9szeti t\u00e9m\u00e1ik leg\u00fajabb darabjai mellett bemutatj\u00e1k Csillagsz\u0151nyeg avagy \u00c9git\u00fck\u00f6r c\u00edm\u0171, \u00faj install\u00e1ci\u00f3jukat.<\/p>\n<p>\u201eA r\u00f3mai padl\u00f3 mint\u00e1ja a mennyezetre ker\u00fcl, ezzel vissz\u00e1j\u00e1ra fordul hirtelen a t\u00e9r, \u00e1m a kiv\u00e1gott form\u00e1k r\u00e9v\u00e9n f\u00e9nye \u00e9s \u00e1rny\u00e9ka \u00fajra a padl\u00f3ra vet\u00fcl, s ahogyan a csillagok k\u00e9pe a m\u00faltb\u00f3l sug\u00e1rzik fel\u00e9nk, \u00fagy vet\u00fcl a t\u00f6rt\u00e9neti m\u00falt k\u00e9pe jelen\u00fcnk ter\u00e9be.\u201d<\/p>\n<p>Az eredeti mint\u00e1zat felhaszn\u00e1l\u00e1s\u00e1val egy k\u00fcl\u00f6nleges t\u00e9rill\u00fazi\u00f3t kelt\u0151 geometrikus k\u00e9p k\u00e9sz\u00fcl, s ezt fel\u00fclr\u0151l megvil\u00e1g\u00edtva \u00e1rny-j\u00e1t\u00e9k keletkezik, amely bet\u00f6lti a ki\u00e1ll\u00edt\u00e1si teret. \u00cdgy tal\u00e1lkozik a maradand\u00f3, az \u00c9G \u00c9S T\u00dcK\u00d6R<br \/>\n[\/vc_column_text][vc_empty_space height=&#8221;20px&#8221;][\/vc_column][\/vc_row]<\/p>\n<\/div>","protected":false},"excerpt":{"rendered":"<p>[vc_row row_type=&#8221;row&#8221; use_row_as_full_screen_section=&#8221;no&#8221; type=&#8221;grid&#8221; text_align=&#8221;left&#8221; background_image_as_pattern=&#8221;without_pattern&#8221;][vc_column width=&#8221;1\/1&#8243;][vc_empty_space height=&#8221;40px&#8221;][vc_column_text] KOV\u00c1CS LOLA, SZIL\u00c1GYI TER\u00c9Z | \u00c9g\u00e9st\u00fck\u00f6r \u2013&#8230;<\/p>\n","protected":false},"author":1,"featured_media":0,"parent":0,"menu_order":45,"comment_status":"open","ping_status":"open","template":"full_width.php","meta":{"inline_featured_image":false,"loftloader_pro_show_once":"","loftloader_pro_page_shortcode":"","footnotes":""},"class_list":["post-9102","page","type-page","status-publish","hentry"],"_links":{"self":[{"href":"https:\/\/budapestgaleria.hu\/_\/wp-json\/wp\/v2\/pages\/9102","targetHints":{"allow":["GET"]}}],"collection":[{"href":"https:\/\/budapestgaleria.hu\/_\/wp-json\/wp\/v2\/pages"}],"about":[{"href":"https:\/\/budapestgaleria.hu\/_\/wp-json\/wp\/v2\/types\/page"}],"author":[{"embeddable":true,"href":"https:\/\/budapestgaleria.hu\/_\/wp-json\/wp\/v2\/users\/1"}],"replies":[{"embeddable":true,"href":"https:\/\/budapestgaleria.hu\/_\/wp-json\/wp\/v2\/comments?post=9102"}],"version-history":[{"count":0,"href":"https:\/\/budapestgaleria.hu\/_\/wp-json\/wp\/v2\/pages\/9102\/revisions"}],"wp:attachment":[{"href":"https:\/\/budapestgaleria.hu\/_\/wp-json\/wp\/v2\/media?parent=9102"}],"curies":[{"name":"wp","href":"https:\/\/api.w.org\/{rel}","templated":true}]}}