{"id":9123,"date":"2015-01-29T21:48:40","date_gmt":"2015-01-29T21:48:40","guid":{"rendered":"http:\/\/budapestgaleria.hu\/_\/?page_id=9123"},"modified":"2015-01-29T21:48:40","modified_gmt":"2015-01-29T21:48:40","slug":"tadao-ando-ot-epulet-klein-rudolf-fotoival-es-ertelmezeseivel","status":"publish","type":"page","link":"https:\/\/budapestgaleria.hu\/_\/kiallitasok-2010-budapest-galeria\/tadao-ando-ot-epulet-klein-rudolf-fotoival-es-ertelmezeseivel\/","title":{"rendered":"Tadao Ando | \u00d6t \u00e9p\u00fclet \u2013 Klein Rudolf fot\u00f3ival \u00e9s \u00e9rtelmez\u00e9seivel"},"content":{"rendered":"<div class=\"wpb-content-wrapper\"><p>[vc_row row_type=&#8221;row&#8221; use_row_as_full_screen_section=&#8221;no&#8221; type=&#8221;grid&#8221; text_align=&#8221;left&#8221; background_image_as_pattern=&#8221;without_pattern&#8221;][vc_column width=&#8221;1\/1&#8243;][vc_empty_space height=&#8221;40px&#8221;][vc_column_text]<\/p>\n<h2 class=\"cim_1\">TADAO ANDO | \u00d6t \u00e9p\u00fclet \u2013 Klein Rudolf fot\u00f3ival \u00e9s \u00e9rtelmez\u00e9seivel<\/h2>\n<p>[\/vc_column_text][vc_empty_space height=&#8221;32px&#8221;][\/vc_column][\/vc_row][vc_row bgparallax=&#8221;parallax&#8221; contentwidth=&#8221;container&#8221; toppadding=&#8221;40&#8243; bottompadding=&#8221;10&#8243; border=&#8221;on&#8221; css=&#8221;.vc_custom_1420648296958{background-color: #ffffff !important;}&#8221; row_type=&#8221;row&#8221; use_row_as_full_screen_section=&#8221;no&#8221; type=&#8221;grid&#8221; text_align=&#8221;left&#8221; background_image_as_pattern=&#8221;without_pattern&#8221;][vc_column width=&#8221;1\/3&#8243; css=&#8221;.vc_custom_1420649554591{padding-right: 25px !important;}&#8221;][vc_column_text]<\/p>\n<p class=\"hely_bpgal\">Budapest Gal\u00e9ria<\/p>\n<p class=\"cim_bpgal\">1036 Budapest, Lajos utca 158.<\/p>\n<p class=\"datum_bpgal\">2010. m\u00e1jus 20 \u2013 j\u00fanius 20.<\/p>\n<p>[\/vc_column_text][vc_column_text]<\/p>\n<p class=\"kiemeles_bpgal\">Megnyit\u00f3:<\/p>\n<p class=\"kurrens_bpgal\">2010. m\u00e1jus 20., (cs\u00fct\u00f6rt\u00f6k), 17:00<\/p>\n<p class=\"kiemeles_bpgal\">A ki\u00e1ll\u00edt\u00e1s kur\u00e1tora:<\/p>\n<p class=\"verzal_bpgal\">Sulyok Mikl\u00f3s<\/p>\n<p class=\"kiemeles_bpgal\">Megnyitotta:<\/p>\n<p class=\"kurrens_bpgal\">PAZ\u00c1R B\u00c9LA, \u00e9p\u00edt\u00e9sz<\/p>\n<p>[\/vc_column_text][vc_empty_space height=&#8221;32px&#8221;][\/vc_column][vc_column width=&#8221;2\/3&#8243;][vc_column_text]Tadao Ando (1941, Osaka) a XX-XXI. sz\u00e1zad fordul\u00f3j\u00e1nak egyik legjelent\u0151sebb \u00e9s legismertebb jap\u00e1n \u00e9p\u00edt\u00e9sze. P\u00e1ly\u00e1ja nem szokv\u00e1nyos m\u00f3don indult, sz\u00e1zadunk nagy \u00e9p\u00edt\u00e9szeihez, Frank Lloyd Wrighthoz, Ludwig Mies van der Rohe-hoz \u00e9s Le Corbusierhez hasonl\u00f3an nem v\u00e9gzett \u00e9p\u00edt\u00e9szeti iskol\u00e1t. Gyermekkor\u00e1t asztalos m\u0171hely k\u00f6zel\u00e9ben t\u00f6lt\u00f6tte, ahol megismerkedett a f\u00e1val, \u00e9s \u00e1ltal\u00e1ban az \u00e9p\u00edt\u0151anyagok logik\u00e1j\u00e1val. R\u00f6vid bokszol\u00f3i id\u0151szak ut\u00e1n kezdte meg \u00e9p\u00edt\u00e9szi \u00f6nk\u00e9pz\u00e9s\u00e9t, beutazva Eur\u00f3p\u00e1t, az Egyes\u00fclt \u00c1llamokat \u00e9s Afrik\u00e1t. V\u00e9g\u00fcl 1969-ben Osak\u00e1ban megnyitotta Tadao Ando \u00c9p\u00edt\u00e9sz \u00e9s T\u00e1rsai nev\u0171 irod\u00e1j\u00e1t. A nagy \u00e1tt\u00f6r\u00e9s n\u00e9h\u00e1ny \u00e9vvel k\u00e9s\u0151bb, 1976-ban k\u00f6vetkezett be, amikor az Azuma-h\u00e1z egyszeriben vil\u00e1gh\u00edr\u0171v\u00e9 tette. M\u0171veit eleinte f\u0151k\u00e9pp az osakai Kanszai r\u00e9gi\u00f3ban alkotta, amelyhez er\u0151sen k\u00f6t\u0151dik, \u00e1m p\u00e1ly\u00e1ja sor\u00e1n \u0151 sem tudta elker\u00fclni a nemzetk\u00f6zi szt\u00e1r-\u00e9p\u00edt\u00e9sz st\u00e1tus\u00e1nak \u00e1ld\u00e1sait \u00e9s \u00e1tk\u00e1t. <\/p>\n<p>Tadao Ando \u00e9p\u00edt\u00e9szett\u00f6rt\u00e9neti jelent\u0151s\u00e9ge a jap\u00e1n \u00e9p\u00edt\u00e9szeti hagyom\u00e1nyok \u00e9s gondolkod\u00e1s modern \u00fajra\u00e9rtelmez\u00e9s\u00e9ben, a nyugati trad\u00edci\u00f3val val\u00f3 szint\u00e9zis\u00e9ben rejlik. Tervez\u00e9si m\u00f3dszere saj\u00e1ts\u00e1gos: a hosszabb medit\u00e1ci\u00f3 id\u0151szak\u00e1t a jap\u00e1n m\u0171v\u00e9szetre jellemz\u0151 gyors megval\u00f3sul\u00e1s \u2013 pillanat m\u0171v\u00e9szete \u2013 k\u00f6veti. Ez kisebb \u00e9s egyszer\u0171bb \u00e9p\u00fcletek eset\u00e9ben kiv\u00e1l\u00f3 eredm\u00e9nyekhez vezet, s legjobb alkot\u00e1sait is ezek k\u00f6z\u00f6tt tal\u00e1ljuk. Ki\u00e1ll\u00edt\u00e1sunk Ando korai m\u0171veire helyezi a hangs\u00falyt, amikor m\u00e9g a hely szellem\u00e9b\u0151l indult ki, de bemutatunk egy k\u00e9s\u0151i \u00e9p\u00fcletet is, amelyben posztmodern m\u00f3dra egym\u00e1sra \u00e9p\u00fcl Palladio szelleme \u00e9s a jellegzetes and\u00f3i geometrikus formavil\u00e1g \u2013 z\u00e1rt ellipszis \u00e9s hosszan a term\u00e9szetbe ny\u00fal\u00f3 tengelyek, elforgat\u00e1sok \u2013 valamint kedvelt, apr\u00f3 lyukacsk\u00e1k tagolta, vil\u00e1gos betonfel\u00fclete. <\/p>\n<p><a href=\"http:\/\/klein.rudolf.ymmf.hu\/indexhu.html \" target=\"_blank\">Klein Rudolf<\/a> (1955, Szabadka), \u00e9p\u00edt\u00e9szett\u00f6rt\u00e9n\u00e9sz, az MTA doktora, egyetemi tan\u00e1r (Szent Istv\u00e1n Egyetem, \u00dajvid\u00e9ki Egyetem, kor\u00e1bban The Hebrew University, Kyot\u00f3-i M\u0171egyetem, Bezalel Academy of Arts and Design), fotogr\u00e1fus. A XX. sz\u00e1zadi \u00e9p\u00edt\u00e9szetet \u00e9s a kult\u00far\u00e1k k\u00f6lcs\u00f6nhat\u00e1s\u00e1t kutatja a leg\u00fajabb kor \u00e9p\u00edt\u00e9szet\u00e9ben: orientalizmus, jap\u00e1n hat\u00e1s, stb. Tov\u00e1bbi t\u00e9m\u00e1i az \u00e9p\u00edt\u00e9szet \u00e9s filoz\u00f3fia, az \u00e9p\u00edt\u00e9szet \u00e9s vall\u00e1si\/nemzeti \u00f6nazonoss\u00e1g a 19. \u00e9s 20. sz\u00e1zadban. <\/p>\n<p><strong>K\u00d6NYVEI<\/strong><br \/>\nTadao Ando &#8211; Architect Between East and West \/ Az \u00e9p\u00edt\u00e9sz Kelet \u00e9s Nyugat k\u00f6z\u00f6tt, Pont, Budapest, 1996.; Zvi Hecker &#8211; Oltre il riconoscibile, Testo &#038; Immagine, Torino, 2002; A lak\u00f3g\u00e9pt\u0151l az \u00e9rz\u0151 \u00e9p\u00edt\u00e9szetig &#8211; XX. sz\u00e1zadi elm\u00e9letek, Forum, Novi Sad, 1988.; Peter Eisenman &#8211; A dekonstruktivizmust\u00f3l a foldingig [t\u00e1rsszerz\u0151: Gy\u00f6rgy Kunszt], Akademiai Kiad\u00f3, Budapest, 1999.; Kort\u00e1rs magyar \u00e9p\u00edt\u00e9szeti kalauz (t\u00e1rsszerz\u0151k Lampel \u00c9va \u00e9s Lampel Mikl\u00f3s), Budapest, Vertigo, Budapest, 2001.; Jo\u017ee Ple\u010dnik, Akad\u00e9miai Kiad\u00f3, Budapest, 1992; L\u2019art juif [t\u00e1rsszerz\u0151k: G. S. Rajna, Z. A. Maisels, R. Reich. D. Jarass\u00e9] &#8211; Paris : Citadelles &#038; Mazenod, 1995. angolul: Jewish Art, Abrams, New York, 1997., n\u00e9met\u00fcl: Die J\u00fcdische Kunst, Freiburg, Basel, Wien: Herder, 1997.; Sudelovanje korisnika u oblikovanju stana, Gradevinski fakultet, Subotica, 1987; A Doh\u00e1ny utcai zsinag\u00f3ga, angolul: The Great Synagogue of Budapest, mindkett\u0151 Terc, Budapest, 2008.[\/vc_column_text][vc_empty_space height=&#8221;20px&#8221;][\/vc_column][\/vc_row][vc_row row_type=&#8221;row&#8221; use_row_as_full_screen_section=&#8221;no&#8221; type=&#8221;grid&#8221; text_align=&#8221;left&#8221; background_image_as_pattern=&#8221;without_pattern&#8221;][vc_column width=&#8221;1\/1&#8243;][vc_empty_space height=&#8221;32px&#8221;][vc_empty_space height=&#8221;45px&#8221;][\/vc_column][\/vc_row]<\/p>\n<\/div>","protected":false},"excerpt":{"rendered":"<p>[vc_row row_type=&#8221;row&#8221; use_row_as_full_screen_section=&#8221;no&#8221; type=&#8221;grid&#8221; text_align=&#8221;left&#8221; background_image_as_pattern=&#8221;without_pattern&#8221;][vc_column width=&#8221;1\/1&#8243;][vc_empty_space height=&#8221;40px&#8221;][vc_column_text] TADAO ANDO | \u00d6t \u00e9p\u00fclet \u2013 Klein&#8230;<\/p>\n","protected":false},"author":1,"featured_media":0,"parent":9084,"menu_order":5,"comment_status":"open","ping_status":"open","template":"full_width.php","meta":{"inline_featured_image":false,"loftloader_pro_show_once":"","loftloader_pro_page_shortcode":"","footnotes":""},"class_list":["post-9123","page","type-page","status-publish","hentry"],"_links":{"self":[{"href":"https:\/\/budapestgaleria.hu\/_\/wp-json\/wp\/v2\/pages\/9123","targetHints":{"allow":["GET"]}}],"collection":[{"href":"https:\/\/budapestgaleria.hu\/_\/wp-json\/wp\/v2\/pages"}],"about":[{"href":"https:\/\/budapestgaleria.hu\/_\/wp-json\/wp\/v2\/types\/page"}],"author":[{"embeddable":true,"href":"https:\/\/budapestgaleria.hu\/_\/wp-json\/wp\/v2\/users\/1"}],"replies":[{"embeddable":true,"href":"https:\/\/budapestgaleria.hu\/_\/wp-json\/wp\/v2\/comments?post=9123"}],"version-history":[{"count":0,"href":"https:\/\/budapestgaleria.hu\/_\/wp-json\/wp\/v2\/pages\/9123\/revisions"}],"up":[{"embeddable":true,"href":"https:\/\/budapestgaleria.hu\/_\/wp-json\/wp\/v2\/pages\/9084"}],"wp:attachment":[{"href":"https:\/\/budapestgaleria.hu\/_\/wp-json\/wp\/v2\/media?parent=9123"}],"curies":[{"name":"wp","href":"https:\/\/api.w.org\/{rel}","templated":true}]}}