{"id":9144,"date":"2015-01-29T22:33:06","date_gmt":"2015-01-29T22:33:06","guid":{"rendered":"http:\/\/budapestgaleria.hu\/_\/?page_id=9144"},"modified":"2015-01-29T22:33:06","modified_gmt":"2015-01-29T22:33:06","slug":"rajz","status":"publish","type":"page","link":"https:\/\/budapestgaleria.hu\/_\/kiallitasok-2010-budapest-galeria\/rajz\/","title":{"rendered":"Rajz?"},"content":{"rendered":"<div class=\"wpb-content-wrapper\"><p>[vc_row row_type=&#8221;row&#8221; use_row_as_full_screen_section=&#8221;no&#8221; type=&#8221;grid&#8221; text_align=&#8221;left&#8221; background_image_as_pattern=&#8221;without_pattern&#8221;][vc_column width=&#8221;1\/1&#8243;][vc_empty_space height=&#8221;40px&#8221;][vc_column_text]<\/p>\n<h2 class=\"cim_1\">Rajz?<\/h2>\n<p>[\/vc_column_text][vc_empty_space height=&#8221;32px&#8221;][\/vc_column][\/vc_row][vc_row bgparallax=&#8221;parallax&#8221; contentwidth=&#8221;container&#8221; toppadding=&#8221;40&#8243; bottompadding=&#8221;10&#8243; border=&#8221;on&#8221; css=&#8221;.vc_custom_1420648296958{background-color: #ffffff !important;}&#8221; row_type=&#8221;row&#8221; use_row_as_full_screen_section=&#8221;no&#8221; type=&#8221;grid&#8221; text_align=&#8221;left&#8221; background_image_as_pattern=&#8221;without_pattern&#8221;][vc_column width=&#8221;1\/3&#8243; css=&#8221;.vc_custom_1420649554591{padding-right: 25px !important;}&#8221;][vc_column_text]<\/p>\n<p class=\"hely_bpgal\">Budapest Gal\u00e9ria<\/p>\n<p class=\"cim_bpgal\">1036 Budapest, Lajos utca 158.<\/p>\n<p class=\"datum_bpgal\">2010. okt\u00f3ber 21 \u2013 december 5.<\/p>\n<p>[\/vc_column_text][vc_column_text]<\/p>\n<p class=\"kiemeles_bpgal\">A ki\u00e1ll\u00edt\u00e1s kur\u00e1tora:<\/p>\n<p class=\"verzal_bpgal\">B\u00f3di Kinga<\/p>\n<p class=\"kiemeles_bpgal\">Ki\u00e1ll\u00edt\u00f3 m\u0171v\u00e9szek:<\/p>\n<p class=\"verzal_bpgal\">Cs\u00e1ky Marianne | Fischer Judit | Fukui Yusuke | H\u00e1y \u00c1gnes | Horv\u00e1th Tibor | Kolesz\u00e1r Ferenc | Magyar\u00f3si \u00c9va | M\u00e9cs Mikl\u00f3s | Navratil Judit | Szab\u00f3 Eszter | Sz\u00edj Kamilla | Sz\u0171cs Attila | Tarr Hajnalka\/Lakatos Ren\u00e1ta | Tibor Zsolt | V\u00e9csei J\u00falia<\/p>\n<p>[\/vc_column_text][vc_column_text]<\/p>\n<p class=\"kiemeles_bpgal\">Megnyit\u00f3:<\/p>\n<p class=\"kurrens_bpgal\">2010. okt\u00f3ber 21., 17:00<\/p>\n<p class=\"kiemeles_bpgal\">Megnyitotta:<\/p>\n<p class=\"kurrens_bpgal\">MAURER D\u00d3RA, k\u00e9pz\u0151m\u0171v\u00e9sz<\/p>\n<p>[\/vc_column_text][vc_empty_space height=&#8221;32px&#8221;][\/vc_column][vc_column width=&#8221;2\/3&#8243;][vc_column_text]A Rajz? c\u00edm\u0171 ki\u00e1ll\u00edt\u00e1ssal egy klasszikus m\u0171faj mai szerep\u00e9re, jelent\u00e9s\u00e9re, a k\u00e9pz\u0151m\u0171v\u00e9szeti hierarchi\u00e1ban bet\u00f6lt\u00f6tt hely\u00e9re szeretn\u00e9nk r\u00e1k\u00e9rdezni. Hol \u00e9s merre tart a hazai rajzm\u0171v\u00e9szet, mit jelent 2010-ben a rajz, a rajzol\u00e1s, mi tekinthet\u0151 egy\u00e1ltal\u00e1n ma, az elmos\u00f3dott m\u0171faji hat\u00e1rok kor\u00e1ban rajznak? A hazai k\u00e9pz\u0151m\u0171v\u00e9szetben az 1980-as \u00e9vek v\u00e9ge \u00f3ta vannak ism\u00e9t er\u0151teljesebben jelen a rajz, illetve grafikai alap\u00fa m\u0171vek. Jelen ki\u00e1ll\u00edt\u00e1s el\u0151zm\u00e9nye a szombathelyi Irok\u00e9z Gal\u00e9ri\u00e1ban 2009-ben megrendezett Pap\u00edralap \u2013 Rajzok \u00e9s sokszoros\u00edtott grafik\u00e1k a nyolcvanas \u00e9vek v\u00e9g\u00e9t\u0151l napjainkig c\u00edm\u0171 t\u00e1rlat, amely az elm\u00falt h\u00e1rom \u00e9vtized pap\u00edr alap\u00fa m\u0171v\u00e9szet\u00e9r\u0151l igyekezett \u00e1tfog\u00f3 k\u00e9pet ny\u00fajtani. A szombathelyi t\u00f6rt\u00e9neti \u00e1ttekint\u00e9s ut\u00e1n, ez\u00fattal a pap\u00edr alap\u00fa m\u0171v\u00e9szeten bel\u00fcl a rajzm\u0171v\u00e9szet f\u0151bb tendenci\u00e1ira, aktu\u00e1lis jelens\u00e9geire k\u00edv\u00e1n r\u00e1mutatni a t\u00e1rlat. A ki\u00e1ll\u00edt\u00e1son szerepl\u0151 valamennyi m\u0171 alapja a hagyom\u00e1nyos rajzbeli vonal \u00e9s pont. Ugyanakkor m\u00e9gsem klasszikus \u00e9rtelemben vett rajzki\u00e1ll\u00edt\u00e1sr\u00f3l van sz\u00f3: a hordoz\u00f3 \u00e9s\/vagy az eszk\u00f6z\u00f6k megv\u00e1ltoztak, s a vonalakb\u00f3l, pontokb\u00f3l \u00f6ssze\u00e1llt \u201erajzok\u201d m\u00e1r nem pap\u00edron, hanem videomunk\u00e1kban, f\u00e1n, \u00fcvegen, filmen, falon, vagy \u00e9ppen emberi testen, illetve szobor form\u00e1j\u00e1ban jelennek meg. A rajzol\u00e1s \u00faj m\u00e9diumokban-jelens\u00e9get k\u00edv\u00e1nja megragadni a ki\u00e1ll\u00edt\u00e1s, mik\u00f6zben azt vizsg\u00e1lja, annak ellen\u00e9re, hogy jelenleg \u00faj fel\u00fcleteket tal\u00e1lt mag\u00e1nak a vonalm\u0171v\u00e9szet, m\u00e9gis milyen m\u00e9rt\u00e9kben van jelen a klasszikus manu\u00e1lis rajzol\u00e1s met\u00f3dusa a hazai kort\u00e1rs k\u00e9pz\u0151m\u0171v\u00e9szetben? Mindek\u00f6zben pedig felmer\u00fclhet a k\u00e9rd\u00e9s: de mennyiben tekinthet\u0151k ezek a munk\u00e1k rajzoknak? A ki\u00e1ll\u00edt\u00e1s alapk\u00e9rd\u00e9se teh\u00e1t: mi a Rajz?<\/p>\n<p class=\"szerzo\">B\u00f3di Kinga, kur\u00e1tor<\/p>\n<p>[\/vc_column_text][vc_empty_space height=&#8221;32px&#8221;][\/vc_column][\/vc_row][vc_row row_type=&#8221;row&#8221; use_row_as_full_screen_section=&#8221;no&#8221; type=&#8221;grid&#8221; text_align=&#8221;left&#8221; background_image_as_pattern=&#8221;without_pattern&#8221;][vc_column width=&#8221;1\/1&#8243;][vc_empty_space height=&#8221;32px&#8221;][vc_empty_space height=&#8221;45px&#8221;][\/vc_column][\/vc_row]<\/p>\n<\/div>","protected":false},"excerpt":{"rendered":"<p>[vc_row row_type=&#8221;row&#8221; use_row_as_full_screen_section=&#8221;no&#8221; type=&#8221;grid&#8221; text_align=&#8221;left&#8221; background_image_as_pattern=&#8221;without_pattern&#8221;][vc_column width=&#8221;1\/1&#8243;][vc_empty_space height=&#8221;40px&#8221;][vc_column_text] Rajz? [\/vc_column_text][vc_empty_space height=&#8221;32px&#8221;][\/vc_column][\/vc_row][vc_row bgparallax=&#8221;parallax&#8221; contentwidth=&#8221;container&#8221; toppadding=&#8221;40&#8243; bottompadding=&#8221;10&#8243;&#8230;<\/p>\n","protected":false},"author":1,"featured_media":0,"parent":9084,"menu_order":13,"comment_status":"open","ping_status":"open","template":"full_width.php","meta":{"inline_featured_image":false,"loftloader_pro_show_once":"","loftloader_pro_page_shortcode":"","footnotes":""},"class_list":["post-9144","page","type-page","status-publish","hentry"],"_links":{"self":[{"href":"https:\/\/budapestgaleria.hu\/_\/wp-json\/wp\/v2\/pages\/9144","targetHints":{"allow":["GET"]}}],"collection":[{"href":"https:\/\/budapestgaleria.hu\/_\/wp-json\/wp\/v2\/pages"}],"about":[{"href":"https:\/\/budapestgaleria.hu\/_\/wp-json\/wp\/v2\/types\/page"}],"author":[{"embeddable":true,"href":"https:\/\/budapestgaleria.hu\/_\/wp-json\/wp\/v2\/users\/1"}],"replies":[{"embeddable":true,"href":"https:\/\/budapestgaleria.hu\/_\/wp-json\/wp\/v2\/comments?post=9144"}],"version-history":[{"count":0,"href":"https:\/\/budapestgaleria.hu\/_\/wp-json\/wp\/v2\/pages\/9144\/revisions"}],"up":[{"embeddable":true,"href":"https:\/\/budapestgaleria.hu\/_\/wp-json\/wp\/v2\/pages\/9084"}],"wp:attachment":[{"href":"https:\/\/budapestgaleria.hu\/_\/wp-json\/wp\/v2\/media?parent=9144"}],"curies":[{"name":"wp","href":"https:\/\/api.w.org\/{rel}","templated":true}]}}

<div class="wpb-content-wrapper"><p>[vc_row row_type=&#8221;row&#8221; use_row_as_full_screen_section=&#8221;no&#8221; type=&#8221;grid&#8221; text_align=&#8221;left&#8221; background_image_as_pattern=&#8221;without_pattern&#8221;][vc_column width=&#8221;1/1&#8243;][vc_empty_space height=&#8221;40px&#8221;][vc_column_text]</p>
<h2 class="cim_1">Rajz?</h2>
<p>[/vc_column_text][vc_empty_space height=&#8221;32px&#8221;][/vc_column][/vc_row][vc_row bgparallax=&#8221;parallax&#8221; contentwidth=&#8221;container&#8221; toppadding=&#8221;40&#8243; bottompadding=&#8221;10&#8243; border=&#8221;on&#8221; css=&#8221;.vc_custom_1420648296958{background-color: #ffffff !important;}&#8221; row_type=&#8221;row&#8221; use_row_as_full_screen_section=&#8221;no&#8221; type=&#8221;grid&#8221; text_align=&#8221;left&#8221; background_image_as_pattern=&#8221;without_pattern&#8221;][vc_column width=&#8221;1/3&#8243; css=&#8221;.vc_custom_1420649554591{padding-right: 25px !important;}&#8221;][vc_column_text]</p>
<p class="hely_bpgal">Budapest Galéria</p>
<p class="cim_bpgal">1036 Budapest, Lajos utca 158.</p>
<p class="datum_bpgal">2010. október 21 – december 5.</p>
<p>[/vc_column_text][vc_column_text]</p>
<p class="kiemeles_bpgal">A kiállítás kurátora:</p>
<p class="verzal_bpgal">Bódi Kinga</p>
<p class="kiemeles_bpgal">Kiállító művészek:</p>
<p class="verzal_bpgal">Csáky Marianne | Fischer Judit | Fukui Yusuke | Háy Ágnes | Horváth Tibor | Koleszár Ferenc | Magyarósi Éva | Mécs Miklós | Navratil Judit | Szabó Eszter | Szíj Kamilla | Szűcs Attila | Tarr Hajnalka/Lakatos Renáta | Tibor Zsolt | Vécsei Júlia</p>
<p>[/vc_column_text][vc_column_text]</p>
<p class="kiemeles_bpgal">Megnyitó:</p>
<p class="kurrens_bpgal">2010. október 21., 17:00</p>
<p class="kiemeles_bpgal">Megnyitotta:</p>
<p class="kurrens_bpgal">MAURER DÓRA, képzőművész</p>
<p>[/vc_column_text][vc_empty_space height=&#8221;32px&#8221;][/vc_column][vc_column width=&#8221;2/3&#8243;][vc_column_text]A Rajz? című kiállítással egy klasszikus műfaj mai szerepére, jelentésére, a képzőművészeti hierarchiában betöltött helyére szeretnénk rákérdezni. Hol és merre tart a hazai rajzművészet, mit jelent 2010-ben a rajz, a rajzolás, mi tekinthető egyáltalán ma, az elmosódott műfaji határok korában rajznak? A hazai képzőművészetben az 1980-as évek vége óta vannak ismét erőteljesebben jelen a rajz, illetve grafikai alapú művek. Jelen kiállítás előzménye a szombathelyi Irokéz Galériában 2009-ben megrendezett Papíralap – Rajzok és sokszorosított grafikák a nyolcvanas évek végétől napjainkig című tárlat, amely az elmúlt három évtized papír alapú művészetéről igyekezett átfogó képet nyújtani. A szombathelyi történeti áttekintés után, ezúttal a papír alapú művészeten belül a rajzművészet főbb tendenciáira, aktuális jelenségeire kíván rámutatni a tárlat. A kiállításon szereplő valamennyi mű alapja a hagyományos rajzbeli vonal és pont. Ugyanakkor mégsem klasszikus értelemben vett rajzkiállításról van szó: a hordozó és/vagy az eszközök megváltoztak, s a vonalakból, pontokból összeállt „rajzok” már nem papíron, hanem videomunkákban, fán, üvegen, filmen, falon, vagy éppen emberi testen, illetve szobor formájában jelennek meg. A rajzolás új médiumokban-jelenséget kívánja megragadni a kiállítás, miközben azt vizsgálja, annak ellenére, hogy jelenleg új felületeket talált magának a vonalművészet, mégis milyen mértékben van jelen a klasszikus manuális rajzolás metódusa a hazai kortárs képzőművészetben? Mindeközben pedig felmerülhet a kérdés: de mennyiben tekinthetők ezek a munkák rajzoknak? A kiállítás alapkérdése tehát: mi a Rajz?</p>
<p class="szerzo">Bódi Kinga, kurátor</p>
<p>[/vc_column_text][vc_empty_space height=&#8221;32px&#8221;][/vc_column][/vc_row][vc_row row_type=&#8221;row&#8221; use_row_as_full_screen_section=&#8221;no&#8221; type=&#8221;grid&#8221; text_align=&#8221;left&#8221; background_image_as_pattern=&#8221;without_pattern&#8221;][vc_column width=&#8221;1/1&#8243;][vc_empty_space height=&#8221;32px&#8221;][vc_empty_space height=&#8221;45px&#8221;][/vc_column][/vc_row]</p>
</div>
