{"id":9184,"date":"2015-02-02T09:40:59","date_gmt":"2015-02-02T09:40:59","guid":{"rendered":"http:\/\/budapestgaleria.hu\/_\/?page_id=9184"},"modified":"2015-02-02T09:44:16","modified_gmt":"2015-02-02T09:44:16","slug":"kortarsak-loegylete-meghivasos-tematikus-kortars-muveszeti-kiallitas","status":"publish","type":"page","link":"https:\/\/budapestgaleria.hu\/_\/kiallitasok-2009-budapest-galeria\/kortarsak-loegylete-meghivasos-tematikus-kortars-muveszeti-kiallitas\/","title":{"rendered":"Kort\u00e1rsak l\u0151egylete &#8211; Megh\u00edv\u00e1sos, tematikus kort\u00e1rs m\u0171v\u00e9szeti ki\u00e1ll\u00edt\u00e1s"},"content":{"rendered":"<div class=\"wpb-content-wrapper\"><p>[vc_row row_type=&#8221;row&#8221; use_row_as_full_screen_section=&#8221;no&#8221; type=&#8221;grid&#8221; text_align=&#8221;left&#8221; background_image_as_pattern=&#8221;without_pattern&#8221;][vc_column width=&#8221;1\/1&#8243;][vc_empty_space height=&#8221;40px&#8221;][vc_column_text]<\/p>\n<h2 class=\"cim_1\">Kort\u00e1rsak l\u0151egylete &#8211; Megh\u00edv\u00e1sos, tematikus kort\u00e1rs m\u0171v\u00e9szeti ki\u00e1ll\u00edt\u00e1s<\/h2>\n<p>[\/vc_column_text][vc_empty_space height=&#8221;32px&#8221;][\/vc_column][\/vc_row][vc_row bgparallax=&#8221;parallax&#8221; contentwidth=&#8221;container&#8221; toppadding=&#8221;40&#8243; bottompadding=&#8221;10&#8243; border=&#8221;on&#8221; css=&#8221;.vc_custom_1420648296958{background-color: #ffffff !important;}&#8221; row_type=&#8221;row&#8221; use_row_as_full_screen_section=&#8221;no&#8221; type=&#8221;grid&#8221; text_align=&#8221;left&#8221; background_image_as_pattern=&#8221;without_pattern&#8221;][vc_column width=&#8221;1\/3&#8243; css=&#8221;.vc_custom_1420649554591{padding-right: 25px !important;}&#8221;][vc_column_text]<\/p>\n<p class=\"hely_bpgal\">Budapest Gal\u00e9ria<\/p>\n<p class=\"cim_bpgal\">1036 Budapest, Lajos utca 158.<\/p>\n<p class=\"datum_bpgal\">2009. m\u00e1jus 21 \u2013 j\u00falius 5.<\/p>\n<p>[\/vc_column_text][vc_column_text]<\/p>\n<p class=\"kiemeles_bpgal\">A ki\u00e1ll\u00edt\u00e1s kur\u00e1tora:<\/p>\n<p class=\"verzal_bpgal\">V\u00e1rkonyi Gy\u00f6rgy<\/p>\n<p class=\"kiemeles_bpgal\">Ki\u00e1ll\u00edt\u00f3 m\u0171v\u00e9szek:<\/p>\n<p class=\"verzal_bpgal\">B\u00f6r\u00f6cz Andr\u00e1s | Bukta Imre | Elekes K\u00e1roly | Kicsiny Bal\u00e1zs | K\u0151nig Frigyes | Lengyel Andr\u00e1s | fe Lugossy L\u00e1szl\u00f3 | Pinczehelyi S\u00e1ndor | Rosk\u00f3 G\u00e1bor | Somody P\u00e9ter | Szurcsik J\u00f3zsef | Ujh\u00e1zi P\u00e9ter | ef Z\u00e1mb\u00f3 Istv\u00e1n | valamint n\u00e9vtelen XIX. sz\u00e1zadi mesterek<\/p>\n<p>[\/vc_column_text][vc_column_text]<\/p>\n<p class=\"kiemeles_bpgal\">Megnyit\u00f3:<\/p>\n<p class=\"kurrens_bpgal\">2009. m\u00e1jus 21., 17:00<\/p>\n<p class=\"kiemeles_bpgal\">Megnyitotta:<\/p>\n<p class=\"kurrens_bpgal\">V\u00c1RKONYI GY\u00d6RGY, m\u0171v\u00e9szett\u00f6rt\u00e9n\u00e9sz, a ki\u00e1ll\u00edt\u00e1s kur\u00e1tora<\/p>\n<p>[\/vc_column_text][vc_empty_space height=&#8221;32px&#8221;][\/vc_column][vc_column width=&#8221;2\/3&#8243;][vc_column_text]\u201eA ki\u00e1ll\u00edt\u00e1s \u00f6tlete egy jellegzetes, XVIII. \u2013 XIX. sz\u00e1zadi, de m\u0171v\u00e9szetszociol\u00f3giai, vizu\u00e1lantropol\u00f3giai \u00e9s hermeneutikai vonatkoz\u00e1sai miatt rendk\u00edv\u00fcl j\u00f3l aktualiz\u00e1lhat\u00f3 t\u00e1rgyt\u00edpust\u00f3l ered. A t\u00f6rt\u00e9nelmi Magyarorsz\u00e1g ter\u00fclet\u00e9n egykor \u2013 nyugat-eur\u00f3pai mint\u00e1ra \u2013 sz\u00e1mos telep\u00fcl\u00e9sen m\u0171k\u00f6d\u00f6tt l\u00f6v\u00e9szegyletek \u00e9let\u00e9hez, reprezent\u00e1ci\u00f3j\u00e1hoz szorosan hozz\u00e1tartoz\u00f3 festett l\u0151t\u00e1bl\u00e1kr\u00f3l van sz\u00f3. Ezekb\u0151l, a helyt\u00f6rt\u00e9net, egyes\u00fcleti t\u00f6rt\u00e9net, a c\u00e9hes ipari keretekben tev\u00e9kenyked\u0151 provinci\u00e1lis k\u00e9pz\u0151m\u0171v\u00e9szet elb\u0171v\u00f6l\u0151en besz\u00e9des \u00e9s eszt\u00e9tikailag is rendk\u00edv\u00fcl izgalmas dokumentumaib\u00f3l t\u00f6bb koherens t\u00e1rgyegy\u00fcttes is f\u00f6nnmaradt k\u00f6zgy\u0171jtem\u00e9nyekben (pl. a bajai, a soproni \u00e9s a selmecb\u00e1nyai m\u00fazeumban). A t\u00e1rgyak tudom\u00e1nyosan feldolgozottak (Vereb\u00e9lyi Kincs\u0151 k\u00f6nyvet \u00edrt az anyagr\u00f3l\uf02a) \u00e9s korl\u00e1tozottan hozz\u00e1f\u00e9rhet\u0151k. Sz\u00e1munkra azonban legink\u00e1bb az a potenci\u00e1l \u00e9rdekes, amit ez a magas m\u0171v\u00e9szet terr\u00e9num\u00e1n k\u00edv\u00fcl rekedt m\u0171faj a maga k\u00f6zvetlen t\u00e1rsadalmi be\u00e1gyazotts\u00e1g\u00e1val, a helyi k\u00f6z\u00f6ss\u00e9gek mindennapi \u00e9let\u00e9hez k\u00f6t\u0151d\u0151 mivolt\u00e1val, szabads\u00e1g\u00e1val \u00e9s esetenk\u00e9nt szabadoss\u00e1g\u00e1val k\u00e9pvisel \u2013 a maga t\u00e1rsadalmi be\u00e1gyazotts\u00e1g\u00e1t ugyancsak (a legv\u00e1ltozatosabb form\u00e1ban) keres\u0151 kort\u00e1rs m\u0171v\u00e9szet sz\u00e1m\u00e1ra.<\/p>\n<p>A ki\u00e1ll\u00edt\u00e1s val\u00f3j\u00e1ban nem is t\u00e9m\u00e1t, hanem m\u0171fajt, ehhez kapcsol\u00f3d\u00f3an standard m\u00e9retet \u00e9s form\u00e1tumot ad meg olyan megh\u00edvott m\u0171v\u00e9szek sz\u00e1m\u00e1ra, akiknek \u00e9letm\u0171v\u00e9ben a narrativit\u00e1s, figurativit\u00e1s, az emblematikus vonatkoz\u00e1sok, a humor, az ir\u00f3nia \u00e9s \u00f6nir\u00f3nia fontos szerepet j\u00e1tszanak.<\/p>\n<p>A ki\u00e1ll\u00edt\u00e1s a megh\u00edvott m\u0171v\u00e9szek \u00e1ltal felk\u00e9r\u00e9s nyom\u00e1n k\u00e9sz\u00edtett t\u00e1rgyak mellett k\u00fcl\u00f6n kabinetben mutatn\u00e1 be az eredeti, ihlet\u0151 t\u00e1rgyt\u00edpus n\u00e9h\u00e1ny kiemelked\u0151 darabj\u00e1t. A projektnek leplezetlen c\u00e9lja, hogy a sz\u00fclet\u0151 m\u0171t\u00e1rgyak egy r\u00e9sze a Modern Magyar K\u00e9pt\u00e1r gy\u0171jtem\u00e9ny\u00e9t gyarap\u00edtsa.\u201d<\/p>\n<p>A fentebb id\u00e9zett sz\u00f6veg a ki\u00e1ll\u00edt\u00e1s eredeti programterv\u00e9nek r\u00e9szlete. Ma, a megnyit\u00f3 el\u0151tt n\u00e9h\u00e1ny nappal id\u0151k\u00f6zi m\u00e9rleget vonhatunk.<br \/>\nA felk\u00e9r\u00e9st a kiszemelt m\u0171v\u00e9szek mindegyike \u00f6r\u00f6mmel elfogadta, a teljes\u00edt\u00e9sben azonban a v\u00e1ltozatok sz\u00e9les sk\u00e1l\u00e1ja volt kimutathat\u00f3. Volt, aki csak az \u00f6tletig jutott, a megval\u00f3s\u00edt\u00e1sra m\u00e1r nem futotta idej\u00e9b\u0151l. Voltak t\u00f6bben is, akik r\u00e9gi, f\u00e9lbehagyott munk\u00e1ikat \u201eaktualiz\u00e1lt\u00e1k\u201d, leheltek bel\u00e9j\u00fck \u00faj \u00e9letet. Ezt a m\u0171t\u00e1rgylista kett\u0151s keletkez\u00e9si \u00e9vsz\u00e1mai jelzik. Akadt olyan r\u00e9sztvev\u0151 is, aki legelt\u00f6k\u00e9ltebb sz\u00e1nd\u00e9ka ellen\u00e9re sem tudott \u00faj, ad hoc m\u0171vet l\u00e9trehozni, ez\u00e9rt r\u00e9gebbi munk\u00e1it k\u00fcldte be. \u00cdgy a technikai megk\u00f6t\u00e9seknek nem felelhetett meg, \u00e1m a ki nem mondott tematikusaknak ann\u00e1l ink\u00e1bb. M\u0171veit term\u00e9szetesen ugyanolyan \u00f6r\u00f6mmel \u00e1ll\u00edtjuk ki, mint azok\u00e9t, akiket semmi sem akad\u00e1lyozott meg abban, hogy a felk\u00e9r\u00e9sre friss, m\u00e9g nedves munk\u00e1kat, mi t\u00f6bb, sorozatokat alkossanak.<\/p>\n<p>Eddig a lelt\u00e1r (a m\u0171t\u00e1rgylista) komment\u00e1rja. A m\u00e9rleg \u00e9rdemi r\u00e9sze azonban izgalmasabb. A kur\u00e1tornak nem voltak el\u0151zetes elk\u00e9pzel\u00e9sei provok\u00e1ci\u00f3j\u00e1nak majdani eredm\u00e9ny\u00e9r\u0151l, m\u00e9gis n\u00e9mi meglepet\u00e9st okozott sz\u00e1m\u00e1ra az az \u00e1ltal\u00e1nos \u00e9rv\u00e9ny\u0171 tapasztalat, hogy egy b\u00e1jos XIX. sz\u00e1zadi t\u00e1rsas\u00e1gi m\u0171faj karaktere milyen egy\u00e9rtelm\u0171en csap \u00e1t m\u00e1sf\u00e9l-k\u00e9t \u00e9vsz\u00e1zad m\u00falt\u00e1n tragikus vagy groteszk modusba. (A cs\u00f3kok \u00edze m\u00e9zb\u0151l \u00e1fony\u00e1ba.) Erre k\u00e9sz a magyar\u00e1zat: a m\u00f6g\u00f6tt\u00fcnk hagyott XX. sz\u00e1zad t\u00f6rt\u00e9nelme. Az\u00e9 a sz\u00e1zad\u00e9, amelyben valamennyi kort\u00e1rs ki\u00e1ll\u00edt\u00f3val egy\u00fctt \u00e9let\u00fcnknek alighanem nagyobbik fel\u00e9t \u00e9lt\u00fck le. Gener\u00e1ci\u00f3nk keser\u0171 felismer\u00e9se: \u2013 hogy az egyik m\u0171 c\u00edm\u00e9t id\u00e9zzem \u2013 L\u0151ni nem j\u00e1t\u00e9k. A m\u0171 t\u00fck\u00f6r, a c\u00e9lkeresztben mi magunk vagyunk.<\/p>\n<p class=\"szerzo\">V\u00e1rkonyi Gy\u00f6rgy<\/p>\n<p>K\u00f6sz\u00f6netet mondunk a <em>Baranya Megyei M\u00fazeumok Igazgat\u00f3s\u00e1g\u00e1nak<\/em> \u00e9s a <em>B\u00e1cs-Kiskun Megyei \u00d6nkorm\u00e1nyzat T\u00fcrr Istv\u00e1n M\u00fazeum\u00e1nak.<\/em>[\/vc_column_text][vc_empty_space height=&#8221;20px&#8221;][\/vc_column][\/vc_row][vc_row row_type=&#8221;row&#8221; use_row_as_full_screen_section=&#8221;no&#8221; type=&#8221;grid&#8221; text_align=&#8221;left&#8221; background_image_as_pattern=&#8221;without_pattern&#8221;][vc_column width=&#8221;1\/1&#8243;][vc_empty_space height=&#8221;32px&#8221;][vc_empty_space height=&#8221;45px&#8221;][\/vc_column][\/vc_row]<\/p>\n<\/div>","protected":false},"excerpt":{"rendered":"<p>[vc_row row_type=&#8221;row&#8221; use_row_as_full_screen_section=&#8221;no&#8221; type=&#8221;grid&#8221; text_align=&#8221;left&#8221; background_image_as_pattern=&#8221;without_pattern&#8221;][vc_column width=&#8221;1\/1&#8243;][vc_empty_space height=&#8221;40px&#8221;][vc_column_text] Kort\u00e1rsak l\u0151egylete &#8211; Megh\u00edv\u00e1sos, tematikus kort\u00e1rs m\u0171v\u00e9szeti&#8230;<\/p>\n","protected":false},"author":1,"featured_media":0,"parent":9165,"menu_order":7,"comment_status":"open","ping_status":"open","template":"full_width.php","meta":{"inline_featured_image":false,"loftloader_pro_show_once":"","loftloader_pro_page_shortcode":"","footnotes":""},"class_list":["post-9184","page","type-page","status-publish","hentry"],"_links":{"self":[{"href":"https:\/\/budapestgaleria.hu\/_\/wp-json\/wp\/v2\/pages\/9184","targetHints":{"allow":["GET"]}}],"collection":[{"href":"https:\/\/budapestgaleria.hu\/_\/wp-json\/wp\/v2\/pages"}],"about":[{"href":"https:\/\/budapestgaleria.hu\/_\/wp-json\/wp\/v2\/types\/page"}],"author":[{"embeddable":true,"href":"https:\/\/budapestgaleria.hu\/_\/wp-json\/wp\/v2\/users\/1"}],"replies":[{"embeddable":true,"href":"https:\/\/budapestgaleria.hu\/_\/wp-json\/wp\/v2\/comments?post=9184"}],"version-history":[{"count":0,"href":"https:\/\/budapestgaleria.hu\/_\/wp-json\/wp\/v2\/pages\/9184\/revisions"}],"up":[{"embeddable":true,"href":"https:\/\/budapestgaleria.hu\/_\/wp-json\/wp\/v2\/pages\/9165"}],"wp:attachment":[{"href":"https:\/\/budapestgaleria.hu\/_\/wp-json\/wp\/v2\/media?parent=9184"}],"curies":[{"name":"wp","href":"https:\/\/api.w.org\/{rel}","templated":true}]}}