{"id":9194,"date":"2015-02-02T10:45:32","date_gmt":"2015-02-02T10:45:32","guid":{"rendered":"http:\/\/budapestgaleria.hu\/_\/?page_id=9194"},"modified":"2015-02-02T10:45:32","modified_gmt":"2015-02-02T10:45:32","slug":"solti-gizella-textilmuvesz-kiallitasa","status":"publish","type":"page","link":"https:\/\/budapestgaleria.hu\/_\/kiallitasok-2009-budapest-galeria\/solti-gizella-textilmuvesz-kiallitasa\/","title":{"rendered":"Solti Gizella textilm\u0171v\u00e9sz ki\u00e1ll\u00edt\u00e1sa"},"content":{"rendered":"<div class=\"wpb-content-wrapper\"><p>[vc_row row_type=&#8221;row&#8221; use_row_as_full_screen_section=&#8221;no&#8221; type=&#8221;grid&#8221; text_align=&#8221;left&#8221; background_image_as_pattern=&#8221;without_pattern&#8221;][vc_column width=&#8221;1\/1&#8243;][vc_empty_space height=&#8221;40px&#8221;][vc_column_text]<\/p>\n<h2 class=\"cim_1\">Solti Gizella textilm\u0171v\u00e9sz ki\u00e1ll\u00edt\u00e1sa<\/h2>\n<p>[\/vc_column_text][vc_empty_space height=&#8221;32px&#8221;][\/vc_column][\/vc_row][vc_row bgparallax=&#8221;parallax&#8221; contentwidth=&#8221;container&#8221; toppadding=&#8221;40&#8243; bottompadding=&#8221;10&#8243; border=&#8221;on&#8221; css=&#8221;.vc_custom_1420648296958{background-color: #ffffff !important;}&#8221; row_type=&#8221;row&#8221; use_row_as_full_screen_section=&#8221;no&#8221; type=&#8221;grid&#8221; text_align=&#8221;left&#8221; background_image_as_pattern=&#8221;without_pattern&#8221;][vc_column width=&#8221;1\/3&#8243; css=&#8221;.vc_custom_1420649554591{padding-right: 25px !important;}&#8221;][vc_column_text]<\/p>\n<p class=\"hely_bpgal\">Budapest Gal\u00e9ria<\/p>\n<p class=\"cim_bpgal\">1036 Budapest, Lajos utca 158.<\/p>\n<p class=\"datum_bpgal\">2009. j\u00falius 2 \u2013 augusztus 9.<\/p>\n<p>[\/vc_column_text][vc_column_text]<\/p>\n<p class=\"kiemeles_bpgal\">Megnyit\u00f3:<\/p>\n<p class=\"kurrens_bpgal\">2009. j\u00falius 2. (cs\u00fct\u00f6rt\u00f6k), 17:00<\/p>\n<p class=\"kiemeles_bpgal\">Megnyitotta:<\/p>\n<p class=\"kurrens_bpgal\">WESSELY ANNA, m\u0171v\u00e9szett\u00f6rt\u00e9n\u00e9sz<\/p>\n<p>[\/vc_column_text][vc_empty_space height=&#8221;32px&#8221;][\/vc_column][vc_column width=&#8221;2\/3&#8243;][vc_column_text]R\u00e9szletek a megjelen\u0151 katal\u00f3gusb\u00f3l:<\/p>\n<p>\u201eA gobelint terven befejezni nem lehet. Hol marad a szenz\u00e1ci\u00f3ja \u00e9s izgalma a sz\u00f6v\u00e9snek.\u201d<\/p>\n<p>Ferenczy No\u00e9mi jegyzeteiben olvasom a fenti sorokat.<\/p>\n<p>A gobelin sz\u00f6v\u00e9sekor a sz\u00f6v\u00e9ssel egyszerre j\u00f6n l\u00e9tre az alapanyag az \u00e1br\u00e1zolt form\u00e1val, a sz\u00ednnel, a t\u00f3nussal. M\u00e1s a helyzet a fest\u00e9szetn\u00e9l. A fest\u0151 v\u00e1laszt egy alapanyagot \u2013 f\u00e1t, falat, egy keretre fesz\u00edtett v\u00e1sznat \u2013 \u00e9s arra fest. Ha hib\u00e1t k\u00f6vet el, jav\u00edthat az \u00fajra fest\u00e9ssel. Kedve szerint megv\u00e1ltoztathatja az eredeti elk\u00e9pzel\u00e9s\u00e9t is.<\/p>\n<p>A sz\u00f6v\u00e9s el\u0151tt lehet\u0151leg mindent el kell d\u00f6nteni. A technikai k\u00f6t\u00f6tts\u00e9g miatt \u2013 sz\u00f6v\u0151sz\u00e9k \u2013 a k\u00e9sz munk\u00e1t csak a befejez\u00e9skor lehet l\u00e1tni. K\u00f6zben eml\u00e9kez\u0151 k\u00e9pess\u00e9gre \u00e9s fegyelemre van sz\u00fcks\u00e9g.<\/p>\n<p>A keleti b\u00f6lcsel\u0151k az ID\u0150 \u00e9s a T\u00c9R magyar\u00e1zat\u00e1n\u00e1l a sz\u00f6v\u00e9s rendszer\u00e9t, vagyis a f\u00fcgg\u0151leges felvet\u00e9st, mint id\u0151t, a v\u00edzszintes lesz\u00f6v\u00e9st, mint teret haszn\u00e1lt\u00e1k p\u00e9ld\u00e1nak.<\/p>\n<p>A klasszikus francia gobelinsz\u00f6v\u00e9s a felvet\u0151sz\u00e1lak teljes elfed\u00e9s\u00e9t k\u00f6veteli meg, amit a vet\u00fcl\u00e9kfonalak szoros sorai k\u00e9pesek is teljes\u00edteni.<\/p>\n<p>Az ut\u00f3bbi \u00e9vekben k\u00e9sz\u00fclt munk\u00e1imn\u00e1l arra t\u00f6rekedtem, hogy a rejtett felvet\u0151sz\u00e1lakat l\u00e1that\u00f3v\u00e1 tegyem. A f\u00fcgg\u0151leges sz\u00e1lak \u00edgy akt\u00edv m\u00f3don r\u00e9szt vesznek a fel\u00fclet kialak\u00edt\u00e1s\u00e1ban. A form\u00e1k alak\u00edt\u00e1s\u00e1t is k\u00e9pesek v\u00e1llalni. Ezek a v\u00e1ltoz\u00e1sok, hogy milyen m\u00e9rt\u00e9kben \u00e9s m\u00f3don v\u00e1ltoztatj\u00e1k meg az eddig ismert \u00e9s haszn\u00e1lt szigor\u00fa sz\u00f6v\u00e9si szab\u00e1lyokat, azt magam d\u00f6nt\u00f6m el. Vagy a k\u00e9z ritmikus mozg\u00e1s\u00e1t alapul v\u00e9ve a konstat\u00e1lt hat\u00e1st rendszerr\u00e9 szigor\u00edtom, vagy a rendszertelennek l\u00e1tsz\u00f3 hat\u00e1s \u00e9lm\u00e9ny\u00e9t fogadom el, \u00edgy \u00e9rve el a sz\u00f6v\u00e9s \u201eizgalmas\u201d fokoz\u00e1s\u00e1t. A Mened\u00e9k, A cs\u00e1sz\u00e1r \u00fczenete, a Teremtm\u00e9nyek c\u00edm\u0171 munk\u00e1im p\u00e9ld\u00e1zz\u00e1k az \u00fajszer\u0171 t\u00f6rekv\u00e9seimet.<\/p>\n<p>\u00c9vekkel kor\u00e1bban a duplafelvet\u00e9ssel k\u00eds\u00e9rleteztem. Ha egy s\u00edk fel\u00fcleten k\u00e9t r\u00e9teget akartam l\u00e9trehozni, akkor a duplasz\u00e1las felvet\u00e9st kett\u00e9v\u00e1lasztottam \u00e9s a k\u00e9t egyszer\u0171 rendszeren k\u00fcl\u00f6n &#8211; k\u00fcl\u00f6n folytattam a sz\u00f6v\u00e9st. \u00cdgy egy s\u00edk t\u00e9glalap egyik sark\u00e1n k\u00e9t egym\u00e1st fed\u0151 sarok keletkezett. A Nem goly\u00f3\u00e1ll\u00f3 pal\u00e1st n\u00e9ven ismert, 1981-ben sz\u0151tt duplafelvet\u00e9s\u0171 munka a p\u00e1pa elleni mer\u00e9nylet d\u00f6bbenet\u00e9re k\u00e9sz\u00fclt. A pal\u00e1st k\u00f6zep\u00e9n a koszor\u00fa form\u00e1ja elv\u00e1lik a s\u00edkt\u00f3l. Plasztikus forma keletkezett tiszt\u00e1n sz\u00f6v\u00e9si megold\u00e1ssal.<br \/>\nA sz\u00f6v\u00e9s b\u0151s\u00e9ges t\u00e1rh\u00e1za lehet az \u00fajabb \u00e9s \u00fajabb \u00f6tleteknek. Az \u0150sasszony felfigyelt arra a jelens\u00e9gre, amikor a sz\u00e9lviharban az er\u0151s, \u00e1llva marad\u00f3 f\u0171sz\u00e1lakat a l\u00e1gyabb, puh\u00e1bb f\u00fcvek k\u00f6rbe\u00f6lelt\u00e9k, \u00e1tsz\u0151tt\u00e9k \u00e9s megtanulta a sz\u00f6v\u00e9st.<\/p>\n<p>Sz\u00e1m\u00e1ra \u00e9s sz\u00e1munkra ez volt a szenz\u00e1ci\u00f3.<\/p>\n<p class=\"szerzo\">Solti Gizella<\/p>\n<p><strong>T\u00e1mogat\u00f3k:<\/strong><br \/>\nMagyar K\u00e9pz\u0151 \u00e9s Iparm\u0171v\u00e9szek Sz\u00f6vets\u00e9ge[\/vc_column_text][vc_empty_space height=&#8221;20px&#8221;][\/vc_column][\/vc_row][vc_row row_type=&#8221;row&#8221; use_row_as_full_screen_section=&#8221;no&#8221; type=&#8221;grid&#8221; text_align=&#8221;left&#8221; background_image_as_pattern=&#8221;without_pattern&#8221;][vc_column width=&#8221;1\/1&#8243;][vc_empty_space height=&#8221;32px&#8221;][vc_empty_space height=&#8221;45px&#8221;][\/vc_column][\/vc_row]<\/p>\n<\/div>","protected":false},"excerpt":{"rendered":"<p>[vc_row row_type=&#8221;row&#8221; use_row_as_full_screen_section=&#8221;no&#8221; type=&#8221;grid&#8221; text_align=&#8221;left&#8221; background_image_as_pattern=&#8221;without_pattern&#8221;][vc_column width=&#8221;1\/1&#8243;][vc_empty_space height=&#8221;40px&#8221;][vc_column_text] Solti Gizella textilm\u0171v\u00e9sz ki\u00e1ll\u00edt\u00e1sa [\/vc_column_text][vc_empty_space height=&#8221;32px&#8221;][\/vc_column][\/vc_row][vc_row bgparallax=&#8221;parallax&#8221;&#8230;<\/p>\n","protected":false},"author":1,"featured_media":0,"parent":9165,"menu_order":11,"comment_status":"open","ping_status":"open","template":"full_width.php","meta":{"inline_featured_image":false,"loftloader_pro_show_once":"","loftloader_pro_page_shortcode":"","footnotes":""},"class_list":["post-9194","page","type-page","status-publish","hentry"],"_links":{"self":[{"href":"https:\/\/budapestgaleria.hu\/_\/wp-json\/wp\/v2\/pages\/9194","targetHints":{"allow":["GET"]}}],"collection":[{"href":"https:\/\/budapestgaleria.hu\/_\/wp-json\/wp\/v2\/pages"}],"about":[{"href":"https:\/\/budapestgaleria.hu\/_\/wp-json\/wp\/v2\/types\/page"}],"author":[{"embeddable":true,"href":"https:\/\/budapestgaleria.hu\/_\/wp-json\/wp\/v2\/users\/1"}],"replies":[{"embeddable":true,"href":"https:\/\/budapestgaleria.hu\/_\/wp-json\/wp\/v2\/comments?post=9194"}],"version-history":[{"count":0,"href":"https:\/\/budapestgaleria.hu\/_\/wp-json\/wp\/v2\/pages\/9194\/revisions"}],"up":[{"embeddable":true,"href":"https:\/\/budapestgaleria.hu\/_\/wp-json\/wp\/v2\/pages\/9165"}],"wp:attachment":[{"href":"https:\/\/budapestgaleria.hu\/_\/wp-json\/wp\/v2\/media?parent=9194"}],"curies":[{"name":"wp","href":"https:\/\/api.w.org\/{rel}","templated":true}]}}