{"id":9196,"date":"2015-02-02T10:53:49","date_gmt":"2015-02-02T10:53:49","guid":{"rendered":"http:\/\/budapestgaleria.hu\/_\/?page_id=9196"},"modified":"2015-02-02T10:53:49","modified_gmt":"2015-02-02T10:53:49","slug":"timar-ferenc-1964-2005-emlekkiallitasa","status":"publish","type":"page","link":"https:\/\/budapestgaleria.hu\/_\/kiallitasok-2009-budapest-galeria\/timar-ferenc-1964-2005-emlekkiallitasa\/","title":{"rendered":"Tim\u00e1r Ferenc (1964\u20132005) eml\u00e9kki\u00e1ll\u00edt\u00e1sa"},"content":{"rendered":"<div class=\"wpb-content-wrapper\"><p>[vc_row row_type=&#8221;row&#8221; use_row_as_full_screen_section=&#8221;no&#8221; type=&#8221;grid&#8221; text_align=&#8221;left&#8221; background_image_as_pattern=&#8221;without_pattern&#8221;][vc_column width=&#8221;1\/1&#8243;][vc_empty_space height=&#8221;40px&#8221;][vc_column_text]<\/p>\n<h2 class=\"cim_1\">Tim\u00e1r Ferenc (1964\u20132005) eml\u00e9kki\u00e1ll\u00edt\u00e1sa<\/h2>\n<p>[\/vc_column_text][vc_empty_space height=&#8221;32px&#8221;][\/vc_column][\/vc_row][vc_row bgparallax=&#8221;parallax&#8221; contentwidth=&#8221;container&#8221; toppadding=&#8221;40&#8243; bottompadding=&#8221;10&#8243; border=&#8221;on&#8221; css=&#8221;.vc_custom_1420648296958{background-color: #ffffff !important;}&#8221; row_type=&#8221;row&#8221; use_row_as_full_screen_section=&#8221;no&#8221; type=&#8221;grid&#8221; text_align=&#8221;left&#8221; background_image_as_pattern=&#8221;without_pattern&#8221;][vc_column width=&#8221;1\/3&#8243; css=&#8221;.vc_custom_1420649554591{padding-right: 25px !important;}&#8221;][vc_column_text]<\/p>\n<p class=\"hely_bpgal\">Budapest Gal\u00e9ria<\/p>\n<p class=\"cim_bpgal\">1036 Budapest, Lajos utca 158.<\/p>\n<p class=\"datum_bpgal\">2009. j\u00falius 2 \u2013 augusztus 9.<\/p>\n<p>[\/vc_column_text][vc_column_text]<\/p>\n<p class=\"kiemeles_bpgal\">Megnyit\u00f3:<\/p>\n<p class=\"kurrens_bpgal\">2009. j\u00falius 2. (cs\u00fct\u00f6rt\u00f6k), 17:00<\/p>\n<p class=\"kiemeles_bpgal\">Megnyitotta:<\/p>\n<p class=\"kurrens_bpgal\">KOSICZKY \u00c9VA, irodalomtud\u00f3s<\/p>\n<p>[\/vc_column_text][vc_empty_space height=&#8221;32px&#8221;][\/vc_column][vc_column width=&#8221;2\/3&#8243;][vc_column_text]\u201eHiperszenzibilit\u00e1sa, intellektu\u00e1lis fog\u00e9konys\u00e1ga sokkal t\u00f6bbr\u00e9t\u0171 volt, hogy \u00bbcsak m\u0171v\u00e9sz\u00ab legyen. Mint h\u00edv\u0151, mint kereszt\u00e9ny ember a szellemi \u00e9rz\u00e9kenys\u00e9ge, a sokr\u00e9t\u0171 kreativit\u00e1sa r\u00e9v\u00e9n volt m\u0171v\u00e9sz, illetve m\u0171v\u00e9sz is. A m\u0171v\u00e9szetnek sz\u00e1m\u00e1ra ugyanis csak az\u00e9rt volt \u00e9rtelme, mert Isten maga alkot\u00f3, mert l\u00e9ny\u00e9hez tartozik, hogy form\u00e1kat hoz l\u00e9tre. \u00c9s a Ferire jellemz\u0151 radikalizmussal ebb\u0151l azt a k\u00f6vetkeztet\u00e9st vonta le, hogy nem akarja eleszt\u00e9tiz\u00e1lni ezt az \u00e1ltala igazs\u00e1gk\u00e9nt felismert t\u00e9ny\u00e1ll\u00e1st, vagyis nem haszn\u00e1lja fel sem a m\u0171v\u00e9szi amb\u00edci\u00f3i legitim\u00e1l\u00e1s\u00e1ra, sem pedig a fenn\u00e1ll\u00f3 vil\u00e1g apol\u00f3gi\u00e1j\u00e1ra. Ebb\u0151l k\u00f6vetkez\u0151en minden m\u0171v\u00e9vel elkeseredetten, s\u0151t konokul kereste a hiteles m\u0171v\u00e9szi megnyilv\u00e1nul\u00e1s lehet\u0151s\u00e9geit, \u00e9s folyamatosan k\u00e9ts\u00e9gben volt afel\u0151l, hogy ez egy\u00e1ltal\u00e1n megtal\u00e1lhat\u00f3.<\/p>\n<p>Ha megpr\u00f3b\u00e1ln\u00e1nk egy m\u0171v\u00e9szett\u00f6rt\u00e9n\u00e9sz szem\u00e9vel n\u00e9zni a k\u00e9peit, t\u00falzottan sokf\u00e9l\u00e9nek tal\u00e1lhatn\u00e1nk, ami persze abb\u00f3l is k\u00f6vetkezik, hogy a m\u0171v\u00e9sz maga nem szelekt\u00e1lta, nem rendezte el hagyat\u00e9k\u00e1t, nem k\u00fcl\u00f6n\u00edtette el a puszta k\u00eds\u00e9rletez\u00e9st a \u00bbk\u00e9sz\u00ab opust\u00f3l. Ez\u00e9rt a teljes anyag ismerete feler\u0151s\u00edti benn\u00fcnk azt a k\u00e9pzetet, mely valamelyest m\u00e9gis tal\u00e1l\u00f3, hogy ink\u00e1bb k\u00eds\u00e9rletek sorozat\u00e1nak vagyunk tan\u00fai, mintsem egy lez\u00e1rt alkot\u00f3i p\u00e1ly\u00e1nak. Ez a fajta, egy\u00e9bk\u00e9nt legitim megk\u00f6zel\u00edt\u00e9s azonban nem veszi figyelembe e k\u00e9pek m\u0171v\u00e9szi intenci\u00f3j\u00e1nak a kort\u00e1rs fest\u00e9szett\u0151l radik\u00e1lisan elt\u00e9r\u0151 volt\u00e1t. K\u00f6vetkez\u00e9sk\u00e9ppen nem lehet sz\u00e1mon k\u00e9rni rajta a soksz\u00e1l\u00fa referenci\u00e1t, mely olyan sz\u00e9ls\u0151s\u00e9gekt\u0151l indulva, mint amilyen az expresszionizmus \u00e9s a konstruktivizmus, Kleen \u00e1t a transzavantgardig ny\u00falik. Tim\u00e1r Feri sz\u00e1m\u00e1ra l\u00e9nyegesebb volt a biblikus inspir\u00e1ci\u00f3 tiszt\u00e1n tart\u00e1sa, mint formanyelve koherenci\u00e1ja, \u00e9s kontinuit\u00e1sa. Sokszor besz\u00e9lt arr\u00f3l, hogy sz\u00e1m\u00e1ra mindenn\u00e9l fontosabb a pr\u00f3f\u00e9tikus tan\u00fas\u00e1g tisztas\u00e1ga, hogy tiszta szellemi hat\u00e1st adjanak tov\u00e1bb \u00e9s \u00e9bresszenek a k\u00e9pei, \u00e9s mint tudjuk, ez voltak\u00e9ppen lehetetlen\u00fcl magas m\u00e9rce. Ez\u00e9rt is csapong v\u00e9gletek k\u00f6z\u00f6tt. Egyszer m\u00e9g szinte mintha folytatn\u00e1 a neoprimit\u00edv fest\u00e9szetet, Biblia-illusztr\u00e1ci\u00f3i naivit\u00e1s\u00e1val, vagy imit\u00e1ln\u00e1 az expresszionist\u00e1k, els\u0151sorban Emil Nolde er\u0151teljes gesztusnyelv\u00e9t, m\u00e1skor viszont szinte a v\u00e9gletekig csupasz\u00edtja a form\u00e1t \u00e9s a sz\u00ednhaszn\u00e1latot, szinte m\u00e1r a krist\u00e1lyos \u00fcress\u00e9gig.\u201d<\/p>\n<p class=\"forras\">(Kocziszky \u00c9va \u2013 Siflis Andr\u00e1s, r\u00e9szlet a Tim\u00e1r Ferenc m\u0171veit bemutat\u00f3 eml\u00e9kk\u00f6tetb\u0151l)<\/p>\n<p>[\/vc_column_text][vc_empty_space height=&#8221;20px&#8221;][\/vc_column][\/vc_row][vc_row row_type=&#8221;row&#8221; use_row_as_full_screen_section=&#8221;no&#8221; type=&#8221;grid&#8221; text_align=&#8221;left&#8221; background_image_as_pattern=&#8221;without_pattern&#8221;][vc_column width=&#8221;1\/1&#8243;][vc_empty_space height=&#8221;32px&#8221;][vc_empty_space height=&#8221;45px&#8221;][\/vc_column][\/vc_row]<\/p>\n<\/div>","protected":false},"excerpt":{"rendered":"<p>[vc_row row_type=&#8221;row&#8221; use_row_as_full_screen_section=&#8221;no&#8221; type=&#8221;grid&#8221; text_align=&#8221;left&#8221; background_image_as_pattern=&#8221;without_pattern&#8221;][vc_column width=&#8221;1\/1&#8243;][vc_empty_space height=&#8221;40px&#8221;][vc_column_text] Tim\u00e1r Ferenc (1964\u20132005) eml\u00e9kki\u00e1ll\u00edt\u00e1sa [\/vc_column_text][vc_empty_space height=&#8221;32px&#8221;][\/vc_column][\/vc_row][vc_row bgparallax=&#8221;parallax&#8221;&#8230;<\/p>\n","protected":false},"author":1,"featured_media":0,"parent":9165,"menu_order":12,"comment_status":"open","ping_status":"open","template":"full_width.php","meta":{"inline_featured_image":false,"loftloader_pro_show_once":"","loftloader_pro_page_shortcode":"","footnotes":""},"class_list":["post-9196","page","type-page","status-publish","hentry"],"_links":{"self":[{"href":"https:\/\/budapestgaleria.hu\/_\/wp-json\/wp\/v2\/pages\/9196","targetHints":{"allow":["GET"]}}],"collection":[{"href":"https:\/\/budapestgaleria.hu\/_\/wp-json\/wp\/v2\/pages"}],"about":[{"href":"https:\/\/budapestgaleria.hu\/_\/wp-json\/wp\/v2\/types\/page"}],"author":[{"embeddable":true,"href":"https:\/\/budapestgaleria.hu\/_\/wp-json\/wp\/v2\/users\/1"}],"replies":[{"embeddable":true,"href":"https:\/\/budapestgaleria.hu\/_\/wp-json\/wp\/v2\/comments?post=9196"}],"version-history":[{"count":0,"href":"https:\/\/budapestgaleria.hu\/_\/wp-json\/wp\/v2\/pages\/9196\/revisions"}],"up":[{"embeddable":true,"href":"https:\/\/budapestgaleria.hu\/_\/wp-json\/wp\/v2\/pages\/9165"}],"wp:attachment":[{"href":"https:\/\/budapestgaleria.hu\/_\/wp-json\/wp\/v2\/media?parent=9196"}],"curies":[{"name":"wp","href":"https:\/\/api.w.org\/{rel}","templated":true}]}}

Timár Ferenc (1964–2005) emlékkiállítása

<div class="wpb-content-wrapper"><p>[vc_row row_type=&#8221;row&#8221; use_row_as_full_screen_section=&#8221;no&#8221; type=&#8221;grid&#8221; text_align=&#8221;left&#8221; background_image_as_pattern=&#8221;without_pattern&#8221;][vc_column width=&#8221;1/1&#8243;][vc_empty_space height=&#8221;40px&#8221;][vc_column_text]</p>
<h2 class="cim_1">Timár Ferenc (1964–2005) emlékkiállítása</h2>
<p>[/vc_column_text][vc_empty_space height=&#8221;32px&#8221;][/vc_column][/vc_row][vc_row bgparallax=&#8221;parallax&#8221; contentwidth=&#8221;container&#8221; toppadding=&#8221;40&#8243; bottompadding=&#8221;10&#8243; border=&#8221;on&#8221; css=&#8221;.vc_custom_1420648296958{background-color: #ffffff !important;}&#8221; row_type=&#8221;row&#8221; use_row_as_full_screen_section=&#8221;no&#8221; type=&#8221;grid&#8221; text_align=&#8221;left&#8221; background_image_as_pattern=&#8221;without_pattern&#8221;][vc_column width=&#8221;1/3&#8243; css=&#8221;.vc_custom_1420649554591{padding-right: 25px !important;}&#8221;][vc_column_text]</p>
<p class="hely_bpgal">Budapest Galéria</p>
<p class="cim_bpgal">1036 Budapest, Lajos utca 158.</p>
<p class="datum_bpgal">2009. július 2 – augusztus 9.</p>
<p>[/vc_column_text][vc_column_text]</p>
<p class="kiemeles_bpgal">Megnyitó:</p>
<p class="kurrens_bpgal">2009. július 2. (csütörtök), 17:00</p>
<p class="kiemeles_bpgal">Megnyitotta:</p>
<p class="kurrens_bpgal">KOSICZKY ÉVA, irodalomtudós</p>
<p>[/vc_column_text][vc_empty_space height=&#8221;32px&#8221;][/vc_column][vc_column width=&#8221;2/3&#8243;][vc_column_text]„Hiperszenzibilitása, intellektuális fogékonysága sokkal többrétű volt, hogy »csak művész« legyen. Mint hívő, mint keresztény ember a szellemi érzékenysége, a sokrétű kreativitása révén volt művész, illetve művész is. A művészetnek számára ugyanis csak azért volt értelme, mert Isten maga alkotó, mert lényéhez tartozik, hogy formákat hoz létre. És a Ferire jellemző radikalizmussal ebből azt a következtetést vonta le, hogy nem akarja elesztétizálni ezt az általa igazságként felismert tényállást, vagyis nem használja fel sem a művészi ambíciói legitimálására, sem pedig a fennálló világ apológiájára. Ebből következően minden művével elkeseredetten, sőt konokul kereste a hiteles művészi megnyilvánulás lehetőségeit, és folyamatosan kétségben volt afelől, hogy ez egyáltalán megtalálható.</p>
<p>Ha megpróbálnánk egy művészettörténész szemével nézni a képeit, túlzottan sokfélének találhatnánk, ami persze abból is következik, hogy a művész maga nem szelektálta, nem rendezte el hagyatékát, nem különítette el a puszta kísérletezést a »kész« opustól. Ezért a teljes anyag ismerete felerősíti bennünk azt a képzetet, mely valamelyest mégis találó, hogy inkább kísérletek sorozatának vagyunk tanúi, mintsem egy lezárt alkotói pályának. Ez a fajta, egyébként legitim megközelítés azonban nem veszi figyelembe e képek művészi intenciójának a kortárs festészettől radikálisan eltérő voltát. Következésképpen nem lehet számon kérni rajta a sokszálú referenciát, mely olyan szélsőségektől indulva, mint amilyen az expresszionizmus és a konstruktivizmus, Kleen át a transzavantgardig nyúlik. Timár Feri számára lényegesebb volt a biblikus inspiráció tisztán tartása, mint formanyelve koherenciája, és kontinuitása. Sokszor beszélt arról, hogy számára mindennél fontosabb a prófétikus tanúság tisztasága, hogy tiszta szellemi hatást adjanak tovább és ébresszenek a képei, és mint tudjuk, ez voltaképpen lehetetlenül magas mérce. Ezért is csapong végletek között. Egyszer még szinte mintha folytatná a neoprimitív festészetet, Biblia-illusztrációi naivitásával, vagy imitálná az expresszionisták, elsősorban Emil Nolde erőteljes gesztusnyelvét, máskor viszont szinte a végletekig csupaszítja a formát és a színhasználatot, szinte már a kristályos ürességig.”</p>
<p class="forras">(Kocziszky Éva – Siflis András, részlet a Timár Ferenc műveit bemutató emlékkötetből)</p>
<p>[/vc_column_text][vc_empty_space height=&#8221;20px&#8221;][/vc_column][/vc_row][vc_row row_type=&#8221;row&#8221; use_row_as_full_screen_section=&#8221;no&#8221; type=&#8221;grid&#8221; text_align=&#8221;left&#8221; background_image_as_pattern=&#8221;without_pattern&#8221;][vc_column width=&#8221;1/1&#8243;][vc_empty_space height=&#8221;32px&#8221;][vc_empty_space height=&#8221;45px&#8221;][/vc_column][/vc_row]</p>
</div>

<p>[vc_row row_type=&#8221;row&#8221; use_row_as_full_screen_section=&#8221;no&#8221; type=&#8221;grid&#8221; text_align=&#8221;left&#8221; background_image_as_pattern=&#8221;without_pattern&#8221;][vc_column width=&#8221;1/1&#8243;][vc_empty_space height=&#8221;40px&#8221;][vc_column_text] Timár Ferenc (1964–2005) emlékkiállítása [/vc_column_text][vc_empty_space height=&#8221;32px&#8221;][/vc_column][/vc_row][vc_row bgparallax=&#8221;parallax&#8221;&#8230;</p>
