{"id":9210,"date":"2015-02-02T12:01:20","date_gmt":"2015-02-02T12:01:20","guid":{"rendered":"http:\/\/budapestgaleria.hu\/_\/?page_id=9210"},"modified":"2015-02-02T12:04:07","modified_gmt":"2015-02-02T12:04:07","slug":"ambrus-imre-festomuvesz-kiallitasa","status":"publish","type":"page","link":"https:\/\/budapestgaleria.hu\/_\/kiallitasok-2009-budapest-galeria\/ambrus-imre-festomuvesz-kiallitasa\/","title":{"rendered":"Ambrus Imre fest\u0151m\u0171v\u00e9sz ki\u00e1ll\u00edt\u00e1sa"},"content":{"rendered":"<div class=\"wpb-content-wrapper\"><p>[vc_row row_type=&#8221;row&#8221; use_row_as_full_screen_section=&#8221;no&#8221; type=&#8221;grid&#8221; text_align=&#8221;left&#8221; background_image_as_pattern=&#8221;without_pattern&#8221;][vc_column width=&#8221;1\/1&#8243;][vc_empty_space height=&#8221;40px&#8221;][vc_column_text]<\/p>\n<h2 class=\"cim_1\">Ambrus Imre fest\u0151m\u0171v\u00e9sz ki\u00e1ll\u00edt\u00e1sa<\/h2>\n<p>[\/vc_column_text][vc_empty_space height=&#8221;32px&#8221;][\/vc_column][\/vc_row][vc_row bgparallax=&#8221;parallax&#8221; contentwidth=&#8221;container&#8221; toppadding=&#8221;40&#8243; bottompadding=&#8221;10&#8243; border=&#8221;on&#8221; css=&#8221;.vc_custom_1420648296958{background-color: #ffffff !important;}&#8221; row_type=&#8221;row&#8221; use_row_as_full_screen_section=&#8221;no&#8221; type=&#8221;grid&#8221; text_align=&#8221;left&#8221; background_image_as_pattern=&#8221;without_pattern&#8221;][vc_column width=&#8221;1\/3&#8243; css=&#8221;.vc_custom_1420649554591{padding-right: 25px !important;}&#8221;][vc_column_text]<\/p>\n<p class=\"hely_bpgal\">Budapest Gal\u00e9ria<\/p>\n<p class=\"cim_bpgal\">1036 Budapest, Lajos utca 158.<\/p>\n<p class=\"datum_bpgal\">2009. december 17 \u2013 janu\u00e1r 17.<\/p>\n<p>[\/vc_column_text][vc_column_text]<\/p>\n<p class=\"kiemeles_bpgal\">Megnyit\u00f3:<\/p>\n<p class=\"kurrens_bpgal\">2009. december 17. (cs\u00fct\u00f6rt\u00f6k), 17:00<\/p>\n<p class=\"kiemeles_bpgal\">Megnyitotta:<\/p>\n<p class=\"kurrens_bpgal\">K\u0150NIG FRIGYES, fest\u0151m\u0171v\u00e9sz<\/p>\n<p class=\"kiemeles_bpgal\">K\u00f6zrem\u0171k\u00f6d\u00f6tt:<\/p>\n<p>DR. BALLA ENDRE zongora, BALLA KRIST\u00d3F zongora, BALLA N\u00c1NDOR \u00e9nek, TASI \u00c1D\u00c1M fuvola<\/p>\n<p class=\"kiemeles_bpgal\">A megnyit\u00f3t k\u00f6vet\u0151en<\/p>\n<p class=\"kurrens_bpgal\">AMBRUS IMRE: Sz\u00ednek \u00e9s helysz\u00ednek<br \/>\nc\u00edm\u0171 k\u00f6nyv\u00e9t<\/p>\n<p class=\"kurrens_bpgal\">T\u0150ZS\u00c9R J\u00d3ZSEF, a cs\u00edkszeredai Pallas Akad\u00e9mia Kiad\u00f3 igazgat\u00f3ja mutatta be.<\/p>\n<p class=\"kiemeles_bpgal\">K\u00f6sz\u00f6nt\u0151t mondott:<\/p>\n<p class=\"kurrens_bpgal\">BAL\u00c1ZS J\u00d3ZSEF, gyergy\u00f3alfalvi fest\u0151m\u0171v\u00e9sz<\/p>\n<p>[\/vc_column_text][vc_empty_space height=&#8221;32px&#8221;][\/vc_column][vc_column width=&#8221;2\/3&#8243;][vc_column_text]K\u00eds\u00e9rletez\u0151 m\u0171v\u00e9sz. Mindegyik st\u00edluskorszak\u00e1t m\u00e1s-m\u00e1s k\u00f6vetett p\u00e9ldak\u00e9p m\u0171v\u00e9szete hat\u00e1rozza meg. Kubista, konstrukt\u00edvan figur\u00e1lis, sz\u00fcrrealista, de elvont k\u00e9peket is fest. Az anyagkezel\u00e9s ig\u00e9nyess\u00e9ge, a sz\u00ednkever\u00e9s elm\u00e9ly\u00fclts\u00e9ge, \u00e9rz\u00e9kenys\u00e9ge jellemzi m\u0171veit. B\u00e1bjainak, d\u00edszleteinek saj\u00e1tja a monument\u00e1lisan jelent\u00e9ses dekorat\u00edvnak \u00e9s a k\u00f6zvetlen realisztikusnak a kiegyens\u00falyozott ar\u00e1nyban val\u00f3 elegy\u00edt\u00e9se \u00e9s a term\u00e9szetes anyagok tal\u00e1l\u00e9kony \u00e9s szuggeszt\u00edv haszn\u00e1lata. Az \u00c1llami B\u00e1bsz\u00ednh\u00e1zn\u00e1l d\u00edszlettervez\u0151 is.[\/vc_column_text][vc_empty_space height=&#8221;20px&#8221;][\/vc_column][\/vc_row][vc_row row_type=&#8221;row&#8221; use_row_as_full_screen_section=&#8221;no&#8221; type=&#8221;grid&#8221; text_align=&#8221;left&#8221; background_image_as_pattern=&#8221;without_pattern&#8221;][vc_column width=&#8221;1\/1&#8243;][vc_empty_space height=&#8221;32px&#8221;][vc_empty_space height=&#8221;45px&#8221;][\/vc_column][\/vc_row]<\/p>\n<\/div>","protected":false},"excerpt":{"rendered":"<p>[vc_row row_type=&#8221;row&#8221; use_row_as_full_screen_section=&#8221;no&#8221; type=&#8221;grid&#8221; text_align=&#8221;left&#8221; background_image_as_pattern=&#8221;without_pattern&#8221;][vc_column width=&#8221;1\/1&#8243;][vc_empty_space height=&#8221;40px&#8221;][vc_column_text] Ambrus Imre fest\u0151m\u0171v\u00e9sz ki\u00e1ll\u00edt\u00e1sa [\/vc_column_text][vc_empty_space height=&#8221;32px&#8221;][\/vc_column][\/vc_row][vc_row bgparallax=&#8221;parallax&#8221;&#8230;<\/p>\n","protected":false},"author":1,"featured_media":0,"parent":9165,"menu_order":18,"comment_status":"open","ping_status":"open","template":"full_width.php","meta":{"inline_featured_image":false,"loftloader_pro_show_once":"","loftloader_pro_page_shortcode":"","footnotes":""},"class_list":["post-9210","page","type-page","status-publish","hentry"],"_links":{"self":[{"href":"https:\/\/budapestgaleria.hu\/_\/wp-json\/wp\/v2\/pages\/9210","targetHints":{"allow":["GET"]}}],"collection":[{"href":"https:\/\/budapestgaleria.hu\/_\/wp-json\/wp\/v2\/pages"}],"about":[{"href":"https:\/\/budapestgaleria.hu\/_\/wp-json\/wp\/v2\/types\/page"}],"author":[{"embeddable":true,"href":"https:\/\/budapestgaleria.hu\/_\/wp-json\/wp\/v2\/users\/1"}],"replies":[{"embeddable":true,"href":"https:\/\/budapestgaleria.hu\/_\/wp-json\/wp\/v2\/comments?post=9210"}],"version-history":[{"count":0,"href":"https:\/\/budapestgaleria.hu\/_\/wp-json\/wp\/v2\/pages\/9210\/revisions"}],"up":[{"embeddable":true,"href":"https:\/\/budapestgaleria.hu\/_\/wp-json\/wp\/v2\/pages\/9165"}],"wp:attachment":[{"href":"https:\/\/budapestgaleria.hu\/_\/wp-json\/wp\/v2\/media?parent=9210"}],"curies":[{"name":"wp","href":"https:\/\/api.w.org\/{rel}","templated":true}]}}