{"id":9223,"date":"2015-02-02T12:34:09","date_gmt":"2015-02-02T12:34:09","guid":{"rendered":"http:\/\/budapestgaleria.hu\/_\/?page_id=9223"},"modified":"2015-02-02T12:35:44","modified_gmt":"2015-02-02T12:35:44","slug":"koronczi-endre-tukor","status":"publish","type":"page","link":"https:\/\/budapestgaleria.hu\/_\/kiallitasok-2009-budapest-galeria\/koronczi-endre-tukor\/","title":{"rendered":"Koronczi Endre | T\u00fck\u00f6r"},"content":{"rendered":"<div class=\"wpb-content-wrapper\"><p>[vc_row row_type=&#8221;row&#8221; use_row_as_full_screen_section=&#8221;no&#8221; type=&#8221;grid&#8221; text_align=&#8221;left&#8221; background_image_as_pattern=&#8221;without_pattern&#8221;][vc_column width=&#8221;1\/1&#8243;][vc_empty_space height=&#8221;40px&#8221;][vc_column_text]<\/p>\n<h2 class=\"cim_1\">KORONCZI ENDRE | T\u00fck\u00f6r<\/h2>\n<p>[\/vc_column_text][vc_empty_space height=&#8221;32px&#8221;][\/vc_column][\/vc_row][vc_row bgparallax=&#8221;parallax&#8221; contentwidth=&#8221;container&#8221; toppadding=&#8221;40&#8243; bottompadding=&#8221;10&#8243; border=&#8221;on&#8221; css=&#8221;.vc_custom_1420648296958{background-color: #ffffff !important;}&#8221; row_type=&#8221;row&#8221; use_row_as_full_screen_section=&#8221;no&#8221; type=&#8221;grid&#8221; text_align=&#8221;left&#8221; background_image_as_pattern=&#8221;without_pattern&#8221;][vc_column width=&#8221;1\/3&#8243; css=&#8221;.vc_custom_1420649554591{padding-right: 25px !important;}&#8221;][vc_column_text]<\/p>\n<p class=\"hely_bpgal\">Budapest Gal\u00e9ria<\/p>\n<p class=\"cim_bpgal\">1036 Budapest, Lajos utca 158.<\/p>\n<p class=\"datum_bpgal\">2009. janu\u00e1r 15 \u2013 febru\u00e1r 15.<\/p>\n<p>[\/vc_column_text][vc_column_text]<\/p>\n<p class=\"kiemeles_bpgal\">Megnyit\u00f3:<\/p>\n<p class=\"kurrens_bpgal\">2009. janu\u00e1r 15. (cs\u00fct\u00f6rt\u00f6k), 17:00<\/p>\n<p class=\"kiemeles_bpgal\">Megnyitotta:<\/p>\n<p class=\"kurrens_bpgal\">ENYEDI ILDIK\u00d3, filmrendez\u0151<\/p>\n<p>[\/vc_column_text][vc_empty_space height=&#8221;32px&#8221;][\/vc_column][vc_column width=&#8221;2\/3&#8243;][vc_column_text]<strong>Philia<\/strong><\/p>\n<p><em>A bar\u00e1ts\u00e1gnak h\u00e1rom kiz\u00e1r\u00f3 oka van: a hi\u00fas\u00e1g, a g\u0151g \u00e9s az ir\u00f3nia.<\/em><br \/>\n(Hamvas B\u00e9la)<\/p>\n<p>Koronczi Endre a Budapest Gal\u00e9ri\u00e1ban rendezend\u0151 T\u00fck\u00f6r c\u00edm\u0171 ki\u00e1ll\u00edt\u00e1s\u00e1val a bar\u00e1ts\u00e1g-k\u00e9pek hossz\u00fa sor\u00e1t f\u0171zi tov\u00e1bb; az emberi kapcsolatok spiritu\u00e1lis potenci\u00e1lj\u00e1t kutatja. A t\u00fck\u00f6r-metafora seg\u00edts\u00e9g\u00e9vel e kapcsolatok szellemi term\u00e9szet\u00e9r\u0151l sz\u00f3l\u00f3 hagyom\u00e1nyokat \u00e9rtelmezi \u00fajra. A nyugati hagyom\u00e1nyban az ilyesfajta viszonyok k\u00f6zege \u00e9s form\u00e1l\u00f3ja a k\u00f6z\u00f6s gondolkod\u00e1s, besz\u00e9lget\u00e9s, cselekv\u00e9s. Koronczi \u2013 m\u0171v\u00e9ben \u2013 ezt a felfog\u00e1st provok\u00e1lja: vajon a csend \u2013 a k\u00f6rbe\u00f6lel\u0151, a t\u00e9tlens\u00e9g, melyr\u0151l \u00fagy v\u00e9lj\u00fck, ide\u00e1lis a mag\u00e1nyos elm\u00e9lyed\u00e9s, gondolkod\u00e1s sz\u00e1m\u00e1ra, mennyire alkalmas olyan kapcsolatok kialak\u00edt\u00e1s\u00e1ra, amelyeknek \u00e9pp kialak\u00edt\u00e1suk folyamat\u00e1ban (\u00e9s eredm\u00e9nyek\u00e9ppen) sz\u00fcletnek gondolatok? Koronczi Endre projektj\u00e9ben n\u00e9gy olyan ember van jelen, aki fontos szerepet j\u00e1tszott \u00e9s j\u00e1tszik az \u0151 (m\u0171v\u00e9szi) identit\u00e1s\u00e1nak, egy\u00e9nis\u00e9g\u00e9nek form\u00e1l\u00f3d\u00e1s\u00e1ban.<\/p>\n<p>A Koronczi \u00e1ltal teremtett \u2013 \u00e9s vide\u00f3n bemutatott \u2013 szitu\u00e1ci\u00f3k egyar\u00e1nt szolg\u00e1ltak a kapcsolatok gyakorl\u00f3terep\u00e9\u00fcl, az elt\u00e9r\u0151 egy\u00e9nis\u00e9g\u00e9nek megfelel\u0151en k\u00fcl\u00f6nb\u00f6z\u0151 felfog\u00e1sok provok\u00e1ci\u00f3inak (\u00e9s emberi viszonyokat vizsg\u00e1l\u00f3 terepek gyan\u00e1nt) valamint alkot\u00f3i inspir\u00e1ci\u00f3 felt\u00e9tel\u00e9nek. A n\u00e9gy f\u00e9rfi n\u00e9gy aspektus\u00e1t jelen\u00edti meg egy nehezen megnevezhet\u0151 kapcsolatnak, melyek mindegyik\u00e9ben van valami az apa-fi\u00fa, mester-tan\u00edtv\u00e1ny \u00e9s f\u00edv\u00e9ri kapcsolat jellemz\u0151ib\u0151l. Az id\u0151t\u00f6lt\u00e9s jelenetei alapj\u00e1n szimmetrikus bar\u00e1ts\u00e1goknak is v\u00e9lhet\u0151 kapcsolatok azonban aszimmetrikusak, \u00e9s \u00edgy, az aszimmetri\u00e1ban rejl\u0151 fesz\u00fclts\u00e9g hozza l\u00e9tre \u00e9s tartja mozg\u00e1sban a szellemi, a k\u00e9pz\u0151m\u0171v\u00e9szeti alkot\u00e1sthoz is sz\u00fcks\u00e9ges energi\u00e1kat.<\/p>\n<p>Az install\u00e1ci\u00f3k, fot\u00f3k, video-m\u0171vek egyszerre id\u00e9znek valamif\u00e9le, a szellemi t\u00e1rsnak sz\u00f3l\u00f3 hommage-t, aj\u00e1nl\u00e1st \u00e9s r\u00f3luk alkotott portr\u00e9szer\u0171s\u00e9get, ugyanakkor m\u00e9gis ellen\u00e1llnak az ilyesfajta besorol\u00e1snak. Az archetipikusan k\u00e9t ember kapcsolatak\u00e9nt elgondolt \u2013 \u00e9s Koronczi \u00e1ltal is alapvet\u0151en k\u00e9t ember kapcsolatak\u00e9nt bemutatott \u2013 viszonyt kit\u00e1g\u00edtva, a ki\u00e1ll\u00edt\u00e1s felveti egyfajta \u2013 v\u00e9gtelen\u00edtett \u2013 l\u00e1ncolat lehet\u0151s\u00e9g\u00e9t.<\/p>\n<p class=\"szerzo\">Tatai Erzs\u00e9bet<\/p>\n<p>Vannak gondolatok, melyek sz\u00fclet\u00e9s\u00e9t az \u00f6sszehangoltan \u00e1t\u00e9lt csend, az egym\u00e1s jelenl\u00e9t\u00e9nek \u00f6r\u00f6mteli \u00e1t\u00e9l\u00e9se seg\u00edti el\u0151 legink\u00e1bb. A partnerekkel val\u00f3 tal\u00e1lkoz\u00e1sok alkalm\u00e1val az egym\u00e1sra hangol\u00f3d\u00e1s \u00e9s a szavak n\u00e9lk\u00fcli k\u00f6z\u00f6s gondolkod\u00e1s technik\u00e1it alkalmazzuk. A k\u00e9t r\u00e9sztvev\u0151 olyan meditat\u00edv k\u00f6zeget hoz l\u00e9tre maguk k\u00f6r\u00fcl, melyben a cselekv\u00e9s n\u00e9lk\u00fcli cselekv\u00e9s jelenti a munk\u00e1t. A termel\u00e9snek nem szavak \u00e9s mondatok a term\u00e9kei, hanem m\u0171t\u00e1rgyak l\u00e9trehoz\u00e1s\u00e1nak gy\u00f6kereit jelent\u0151 alapmot\u00edvumok.<\/p>\n<p>Az \u00e9rt\u00e9s bizalmi k\u00f6rnyezetbe val\u00f3 \u00e1gyaz\u00f3d\u00e1sa a kimondhat\u00f3 szavakon \u00e9s le\u00edrhat\u00f3 gondolatokon t\u00falmutat\u00f3 tartalmak k\u00f6zl\u00e9s\u00e9re is alkalmas. A bizalom az \u00e9rt\u00e9s folyamat\u00e1ban kataliz\u00e1tork\u00e9nt m\u0171k\u00f6dik, a kataliz\u00e1lt \u00e1llapot pedig a meta-\u00e9rt\u00e9s magasabb szint\u0171 \u00e1llapot\u00e1ra emelkedik. A meta-\u00e9rt\u00e9s \u00e1ltal megterm\u00e9keny\u00fcl\u0151 pillanat szolg\u00e1ltatja a m\u0171vek kiindul\u00f3pontj\u00e1t.<br \/>\nA meta-\u00e9rt\u00e9s akt\u00edv \u00e1llapot\u00e1nak seg\u00edts\u00e9g\u00e9vel olyan ment\u00e1lis gyakorlat m\u0171velhet\u0151, mely a r\u00e9sztvev\u0151k teljes lelki \u00e9s \u00e9rzelmi arzen\u00e1lj\u00e1t mozg\u00f3s\u00edtva, hangtalan \u00e9s anyagtalan kommunik\u00e1ci\u00f3t tesz lehet\u0151v\u00e9. Olyan besz\u00e9dre \u00e9s nem-besz\u00e9dre, illetve egy\u00fctt-hallgat\u00e1sra ny\u00edlik lehet\u0151s\u00e9g, mely emelkedett \u00e9s term\u00e9keny pillanatokat eredm\u00e9nyez. A munka ebben az \u00e9rtelemben nem fizikai \u00e9s nem is szellemi munk\u00e1t jelent, hanem sokkal ink\u00e1bb \u00e9rzelmi munk\u00e1t.<\/p>\n<p><strong>Partnerek:<\/strong> Andr\u00e1si G\u00e1bor, B\u00e1n Andr\u00e1s, Birk\u00e1s \u00c1kos, Tillmann J. A.<br \/>\n<strong>Konzult\u00e1ns:<\/strong> Tatai Erzs\u00e9bet<\/p>\n<p><a href=\"http:\/\/www.koronczi.hu\/mirror\/\" target=\"_blank\">www.koronczi.hu\/mirror<\/a>[\/vc_column_text][vc_empty_space height=&#8221;20px&#8221;][\/vc_column][\/vc_row][vc_row row_type=&#8221;row&#8221; use_row_as_full_screen_section=&#8221;no&#8221; type=&#8221;grid&#8221; text_align=&#8221;left&#8221; background_image_as_pattern=&#8221;without_pattern&#8221;][vc_column width=&#8221;1\/1&#8243;][vc_empty_space height=&#8221;32px&#8221;][vc_empty_space height=&#8221;45px&#8221;][\/vc_column][\/vc_row]<\/p>\n<\/div>","protected":false},"excerpt":{"rendered":"<p>[vc_row row_type=&#8221;row&#8221; use_row_as_full_screen_section=&#8221;no&#8221; type=&#8221;grid&#8221; text_align=&#8221;left&#8221; background_image_as_pattern=&#8221;without_pattern&#8221;][vc_column width=&#8221;1\/1&#8243;][vc_empty_space height=&#8221;40px&#8221;][vc_column_text] KORONCZI ENDRE | T\u00fck\u00f6r [\/vc_column_text][vc_empty_space height=&#8221;32px&#8221;][\/vc_column][\/vc_row][vc_row bgparallax=&#8221;parallax&#8221;&#8230;<\/p>\n","protected":false},"author":1,"featured_media":0,"parent":9165,"menu_order":19,"comment_status":"open","ping_status":"open","template":"full_width.php","meta":{"inline_featured_image":false,"loftloader_pro_show_once":"","loftloader_pro_page_shortcode":"","footnotes":""},"class_list":["post-9223","page","type-page","status-publish","hentry"],"_links":{"self":[{"href":"https:\/\/budapestgaleria.hu\/_\/wp-json\/wp\/v2\/pages\/9223","targetHints":{"allow":["GET"]}}],"collection":[{"href":"https:\/\/budapestgaleria.hu\/_\/wp-json\/wp\/v2\/pages"}],"about":[{"href":"https:\/\/budapestgaleria.hu\/_\/wp-json\/wp\/v2\/types\/page"}],"author":[{"embeddable":true,"href":"https:\/\/budapestgaleria.hu\/_\/wp-json\/wp\/v2\/users\/1"}],"replies":[{"embeddable":true,"href":"https:\/\/budapestgaleria.hu\/_\/wp-json\/wp\/v2\/comments?post=9223"}],"version-history":[{"count":0,"href":"https:\/\/budapestgaleria.hu\/_\/wp-json\/wp\/v2\/pages\/9223\/revisions"}],"up":[{"embeddable":true,"href":"https:\/\/budapestgaleria.hu\/_\/wp-json\/wp\/v2\/pages\/9165"}],"wp:attachment":[{"href":"https:\/\/budapestgaleria.hu\/_\/wp-json\/wp\/v2\/media?parent=9223"}],"curies":[{"name":"wp","href":"https:\/\/api.w.org\/{rel}","templated":true}]}}