{"id":9242,"date":"2015-02-02T13:28:20","date_gmt":"2015-02-02T13:28:20","guid":{"rendered":"http:\/\/budapestgaleria.hu\/_\/?page_id=9242"},"modified":"2015-02-02T13:28:20","modified_gmt":"2015-02-02T13:28:20","slug":"lukacs-jozsef-joka-es-rath-geber-attila-szobraszok-kiallitasa","status":"publish","type":"page","link":"https:\/\/budapestgaleria.hu\/_\/kiallitasok-2008-budapest-galeria\/lukacs-jozsef-joka-es-rath-geber-attila-szobraszok-kiallitasa\/","title":{"rendered":"Luk\u00e1cs J\u00f3zsef Joka  \u00e9s R\u00e1th G\u00e9ber Attila szobr\u00e1szok ki\u00e1ll\u00edt\u00e1sa"},"content":{"rendered":"<div class=\"wpb-content-wrapper\"><p>[vc_row row_type=&#8221;row&#8221; use_row_as_full_screen_section=&#8221;no&#8221; type=&#8221;grid&#8221; text_align=&#8221;left&#8221; background_image_as_pattern=&#8221;without_pattern&#8221;][vc_column width=&#8221;1\/1&#8243;][vc_empty_space height=&#8221;40px&#8221;][vc_column_text]<\/p>\n<h2 class=\"cim_1\">Luk\u00e1cs J\u00f3zsef Joka \u00e9s R\u00e1th G\u00e9ber Attila szobr\u00e1szok ki\u00e1ll\u00edt\u00e1sa<\/h2>\n<p>[\/vc_column_text][vc_empty_space height=&#8221;32px&#8221;][\/vc_column][\/vc_row][vc_row bgparallax=&#8221;parallax&#8221; contentwidth=&#8221;container&#8221; toppadding=&#8221;40&#8243; bottompadding=&#8221;10&#8243; border=&#8221;on&#8221; css=&#8221;.vc_custom_1420648296958{background-color: #ffffff !important;}&#8221; row_type=&#8221;row&#8221; use_row_as_full_screen_section=&#8221;no&#8221; type=&#8221;grid&#8221; text_align=&#8221;left&#8221; background_image_as_pattern=&#8221;without_pattern&#8221;][vc_column width=&#8221;1\/3&#8243; css=&#8221;.vc_custom_1420649554591{padding-right: 25px !important;}&#8221;][vc_column_text]<\/p>\n<p class=\"hely_bpgal\">Budapest Gal\u00e9ria<\/p>\n<p class=\"cim_bpgal\">1036 Budapest, Lajos utca 158.<\/p>\n<p class=\"datum_bpgal\">2008. \u00e1prilis 4 \u2013 m\u00e1jus 4.<\/p>\n<p>[\/vc_column_text][vc_column_text]<\/p>\n<p class=\"kiemeles_bpgal\">Megnyit\u00f3:<\/p>\n<p class=\"kurrens_bpgal\">2008. \u00e1prilis 4., 17:00<\/p>\n<p class=\"kiemeles_bpgal\">Megnyitotta:<\/p>\n<p class=\"kurrens_bpgal\">V\u00c1RNAGY TIBOR, m\u0171v\u00e9sz-kur\u00e1tor<\/p>\n<p>[\/vc_column_text][vc_empty_space height=&#8221;32px&#8221;][\/vc_column][vc_column width=&#8221;2\/3&#8243;][vc_column_text]\u201eA ki\u00e1ll\u00edt\u00e1st a f\u00f6ldszinten elhelyezked\u0151 \u00f6t teremre tagolt ki\u00e1ll\u00edt\u00e1si t\u00e9rbe tervezem. A t\u00e9r tagolts\u00e1g\u00e1t evidens m\u00f3don a ki\u00e1ll\u00edt\u00e1si tematika tagol\u00e1s\u00e1ra k\u00edv\u00e1nom felhaszn\u00e1lni, k\u00fcl\u00f6nb\u00f6z\u0151 egym\u00e1sra reflekt\u00e1l\u00f3, de alapj\u00e1ban v\u00e9ve f\u00fcggetlen fejezetek form\u00e1j\u00e1ban. A ki\u00e1ll\u00edt\u00e1s sor\u00e1n \u00e9rtelemszer\u0171en nem szeretn\u00e9k kifejezetten szobrokat ki\u00e1ll\u00edtani, a szobr\u00e1szatr\u00f3l, a form\u00e1khoz, objektekhez f\u0171z\u0151d\u0151 viszonyunkr\u00f3l k\u00edv\u00e1nok besz\u00e9lni, illetve azzal kapcsolatos gondolatokat, \u00e9rzeteket \u00e9breszteni. Maga a ki\u00e1ll\u00edt\u00e1son szerepel\u0151 hagyom\u00e1nyosabb \u00e9rtelemben vett szobr\u00e1szati anyag a teljes ki\u00e1ll\u00edt\u00e1snak tal\u00e1n az egynegyed r\u00e9sz\u00e9t tenn\u00e9 ki, mik\u00f6zben sz\u00e1nd\u00e9kom szerint mindv\u00e9gig a szobrokr\u00f3l \u00e9s szobr\u00e1szatr\u00f3l besz\u00e9ln\u00e9k. Az \u00e1ltalam elk\u00e9pzelt ki\u00e1ll\u00edt\u00e1son k\u00fcl\u00f6nb\u00f6z\u0151 m\u00e9diumok szerepelnek; szobor, install\u00e1ci\u00f3, t\u00f6rmel\u00e9k, fot\u00f3, vagy vide\u00f3 \u00e9s emellett szeretn\u00e9k hely-specifikus munk\u00e1kat bemutatni.\u201d<\/p>\n<p class=\"szerzo\">R\u00e1th G\u00e9ber Attila<\/p>\n<p>\u201eAz elm\u00falt h\u00e1rom \u00e9v folyam\u00e1n t\u00falnyom\u00f3r\u00e9szt, a Magok sorozattal foglalkoztam. L\u00e9nyege, egy k\u00f6zponti alapfom\u00e1b\u00f3l, centrumb\u00f3l kiindul\u00f3 formai j\u00e1t\u00e9khalmaz \u00e9s ezen form\u00e1k, m\u00e1s anyagokkal, f\u00e9mekkel, csonttal, f\u00e1kkal kieg\u00e9sz\u00edtett k\u00fcl\u00f6nb\u00f6z\u0151 kapcsolatainak megjelen\u00edt\u00e9se.El\u0151sz\u00f6r csak \u00f6n\u00e1ll\u00f3 , egy t\u00f6mbb\u0151l k\u00e9sz\u00edtve el ezeket majd, t\u00f6bb munk\u00e1t egy id\u0151ben egym\u00e1s mell\u00e9 rendelve faragtam \u0151ket, k\u00fcl\u00f6nb\u00f6z\u0151 m\u00e9retben \u00e9s anyagban. M\u00e9rett\u0151l f\u00fcgg\u0151en ezeket k\u00fcl\u00f6nb\u00f6z\u0151 bels\u0151 illetve k\u00fcls\u0151 helyeken elhelyezve. A farag\u00e1s ideje alatt, folyamatosan v\u00e1ltoztatom a szobrot, \u00e9s annak \u00bbtervezett\u00ab rajz\u00e1t is. Amit az egyiken elkezdek alak\u00edtani, azt a m\u00e1sik anyagon folytatom \u00e9s \u00e1talak\u00edtom. \u00cdgy pr\u00f3b\u00e1lom keresgetni az adott munk\u00e1ban felmer\u00fcl\u0151 lehet\u0151s\u00e9get \u00e9s kiv\u00e1lasztani egyfajta, \u00e1lapotszer\u0171 \u00bbmegold\u00e1st\u00ab. A ki\u00e1ll\u00edt\u00e1son ez\u00e9rt, az elm\u00falt \u00e9vek szobraib\u00f3l \u00e9s a szobrok rajzaib\u00f3l illetve nyomatib\u00f3l szeretn\u00e9k egy \u00f6sszef\u00fcgg\u0151 anyagot bemutatni. Minden fontosabbnak it\u00e9lt munk\u00e1mhoz tartozik egy vegyes technik\u00e1val k\u00e9sz\u00fclt, egy az egyes m\u00e9ret\u0171 rajz is.\u201d<\/p>\n<p class=\"szerzo\">Luk\u00e1cs J\u00f3zsef Joka<\/p>\n<p>[\/vc_column_text][vc_empty_space height=&#8221;20px&#8221;][\/vc_column][\/vc_row][vc_row row_type=&#8221;row&#8221; use_row_as_full_screen_section=&#8221;no&#8221; type=&#8221;grid&#8221; text_align=&#8221;left&#8221; background_image_as_pattern=&#8221;without_pattern&#8221;][vc_column width=&#8221;1\/1&#8243;][vc_empty_space height=&#8221;32px&#8221;][vc_empty_space height=&#8221;45px&#8221;][\/vc_column][\/vc_row]<\/p>\n<\/div>","protected":false},"excerpt":{"rendered":"<p>[vc_row row_type=&#8221;row&#8221; use_row_as_full_screen_section=&#8221;no&#8221; type=&#8221;grid&#8221; text_align=&#8221;left&#8221; background_image_as_pattern=&#8221;without_pattern&#8221;][vc_column width=&#8221;1\/1&#8243;][vc_empty_space height=&#8221;40px&#8221;][vc_column_text] Luk\u00e1cs J\u00f3zsef Joka \u00e9s R\u00e1th G\u00e9ber Attila&#8230;<\/p>\n","protected":false},"author":1,"featured_media":0,"parent":9226,"menu_order":5,"comment_status":"open","ping_status":"open","template":"full_width.php","meta":{"inline_featured_image":false,"loftloader_pro_show_once":"","loftloader_pro_page_shortcode":"","footnotes":""},"class_list":["post-9242","page","type-page","status-publish","hentry"],"_links":{"self":[{"href":"https:\/\/budapestgaleria.hu\/_\/wp-json\/wp\/v2\/pages\/9242","targetHints":{"allow":["GET"]}}],"collection":[{"href":"https:\/\/budapestgaleria.hu\/_\/wp-json\/wp\/v2\/pages"}],"about":[{"href":"https:\/\/budapestgaleria.hu\/_\/wp-json\/wp\/v2\/types\/page"}],"author":[{"embeddable":true,"href":"https:\/\/budapestgaleria.hu\/_\/wp-json\/wp\/v2\/users\/1"}],"replies":[{"embeddable":true,"href":"https:\/\/budapestgaleria.hu\/_\/wp-json\/wp\/v2\/comments?post=9242"}],"version-history":[{"count":0,"href":"https:\/\/budapestgaleria.hu\/_\/wp-json\/wp\/v2\/pages\/9242\/revisions"}],"up":[{"embeddable":true,"href":"https:\/\/budapestgaleria.hu\/_\/wp-json\/wp\/v2\/pages\/9226"}],"wp:attachment":[{"href":"https:\/\/budapestgaleria.hu\/_\/wp-json\/wp\/v2\/media?parent=9242"}],"curies":[{"name":"wp","href":"https:\/\/api.w.org\/{rel}","templated":true}]}}