{"id":9257,"date":"2015-02-02T14:04:52","date_gmt":"2015-02-02T14:04:52","guid":{"rendered":"http:\/\/budapestgaleria.hu\/_\/?page_id=9257"},"modified":"2015-02-02T14:04:52","modified_gmt":"2015-02-02T14:04:52","slug":"visnyei-ilona-kiallitasa","status":"publish","type":"page","link":"https:\/\/budapestgaleria.hu\/_\/kiallitasok-2008-budapest-galeria\/visnyei-ilona-kiallitasa\/","title":{"rendered":"Visnyei Ilona ki\u00e1ll\u00edt\u00e1sa"},"content":{"rendered":"<div class=\"wpb-content-wrapper\"><p>[vc_row row_type=&#8221;row&#8221; use_row_as_full_screen_section=&#8221;no&#8221; type=&#8221;grid&#8221; text_align=&#8221;left&#8221; background_image_as_pattern=&#8221;without_pattern&#8221;][vc_column width=&#8221;1\/1&#8243;][vc_empty_space height=&#8221;40px&#8221;][vc_column_text]<\/p>\n<h2 class=\"cim_1\">Visnyei Ilona ki\u00e1ll\u00edt\u00e1sa<\/h2>\n<p>[\/vc_column_text][vc_empty_space height=&#8221;32px&#8221;][\/vc_column][\/vc_row][vc_row bgparallax=&#8221;parallax&#8221; contentwidth=&#8221;container&#8221; toppadding=&#8221;40&#8243; bottompadding=&#8221;10&#8243; border=&#8221;on&#8221; css=&#8221;.vc_custom_1420648296958{background-color: #ffffff !important;}&#8221; row_type=&#8221;row&#8221; use_row_as_full_screen_section=&#8221;no&#8221; type=&#8221;grid&#8221; text_align=&#8221;left&#8221; background_image_as_pattern=&#8221;without_pattern&#8221;][vc_column width=&#8221;1\/3&#8243; css=&#8221;.vc_custom_1420649554591{padding-right: 25px !important;}&#8221;][vc_column_text]<\/p>\n<p class=\"hely_bpgal\">Budapest Gal\u00e9ria<\/p>\n<p class=\"cim_bpgal\">1036 Budapest, Lajos utca 158.<\/p>\n<p class=\"datum_bpgal\">2008. j\u00falius 10 \u2013 szeptember 7.<\/p>\n<p>[\/vc_column_text][vc_column_text]<\/p>\n<p class=\"kiemeles_bpgal\">Megnyit\u00f3:<\/p>\n<p class=\"kurrens_bpgal\">2008. j\u00falius 10. (cs\u00fct\u00f6rt\u00f6k), 17:00<\/p>\n<p>[\/vc_column_text][vc_empty_space height=&#8221;32px&#8221;][\/vc_column][vc_column width=&#8221;2\/3&#8243;][vc_column_text]Visnyei Ilona m\u00e1r ismert nagym\u00e9ret\u0171 rajzai, az absztrakt \u00e9s konkr\u00e9t hat\u00e1r\u00e1n billegnek \u00e9s id\u00f5nk\u00e9nt saj\u00e1tos v\u00edzi\u00f3v\u00e1 v\u00e1llnak, ezt a jelleget er\u00f5s\u00edtik most l\u00e1that\u00f3 olaj-v\u00e1szon k\u00e9pei is. A vonalh\u00e1l\u00f3k itt is megjelennek, de a fest\u00e9ket gallyak hordj\u00e1k a v\u00e1szonra. Az \u00fcres v\u00e1szon szinte felkarcol\u00f3dik \u00e9s l\u00e1that\u00f3v\u00e1 lesznek sz\u00ednes erei, mint a boncol\u00e1skor.<\/p>\n<p>Festm\u00e9nyei nem egyszer\u00fb projekci\u00f3k, hiszen fegyelmezi \u00f5ket a m\u00e9ret \u00e9s a precizit\u00e1s, de element\u00e1ris erej\u00e9t m\u00e9gsem veszti el. Lend\u00fclete egyszerre expressz\u00edv \u00e9s egyszerre jap\u00e1n. A h\u00e1l\u00f3zatok l\u00e1tsz\u00f3lag form\u00e1t teremtenek \u00e9s meg is sz\u00fcntetik azt \u00e1ttetsz\u00f5s\u00e9g\u00fckkel. Az organikuss\u00e1g is l\u00e1tsz\u00f3lagos, nem tudni \u00f6sszetartja-e valami vagy buk\u00e1s k\u00f6zben sz\u00e9tszedi az akarat, m\u00e1sk\u00e9ppen a kifejez\u00e9s ereje.[\/vc_column_text][vc_empty_space height=&#8221;20px&#8221;][\/vc_column][\/vc_row][vc_row row_type=&#8221;row&#8221; use_row_as_full_screen_section=&#8221;no&#8221; type=&#8221;grid&#8221; text_align=&#8221;left&#8221; background_image_as_pattern=&#8221;without_pattern&#8221;][vc_column width=&#8221;1\/1&#8243;][vc_empty_space height=&#8221;32px&#8221;][vc_empty_space height=&#8221;45px&#8221;][\/vc_column][\/vc_row]<\/p>\n<\/div>","protected":false},"excerpt":{"rendered":"<p>[vc_row row_type=&#8221;row&#8221; use_row_as_full_screen_section=&#8221;no&#8221; type=&#8221;grid&#8221; text_align=&#8221;left&#8221; background_image_as_pattern=&#8221;without_pattern&#8221;][vc_column width=&#8221;1\/1&#8243;][vc_empty_space height=&#8221;40px&#8221;][vc_column_text] Visnyei Ilona ki\u00e1ll\u00edt\u00e1sa [\/vc_column_text][vc_empty_space height=&#8221;32px&#8221;][\/vc_column][\/vc_row][vc_row bgparallax=&#8221;parallax&#8221; contentwidth=&#8221;container&#8221;&#8230;<\/p>\n","protected":false},"author":1,"featured_media":0,"parent":9226,"menu_order":11,"comment_status":"open","ping_status":"open","template":"full_width.php","meta":{"inline_featured_image":false,"loftloader_pro_show_once":"","loftloader_pro_page_shortcode":"","footnotes":""},"class_list":["post-9257","page","type-page","status-publish","hentry"],"_links":{"self":[{"href":"https:\/\/budapestgaleria.hu\/_\/wp-json\/wp\/v2\/pages\/9257","targetHints":{"allow":["GET"]}}],"collection":[{"href":"https:\/\/budapestgaleria.hu\/_\/wp-json\/wp\/v2\/pages"}],"about":[{"href":"https:\/\/budapestgaleria.hu\/_\/wp-json\/wp\/v2\/types\/page"}],"author":[{"embeddable":true,"href":"https:\/\/budapestgaleria.hu\/_\/wp-json\/wp\/v2\/users\/1"}],"replies":[{"embeddable":true,"href":"https:\/\/budapestgaleria.hu\/_\/wp-json\/wp\/v2\/comments?post=9257"}],"version-history":[{"count":0,"href":"https:\/\/budapestgaleria.hu\/_\/wp-json\/wp\/v2\/pages\/9257\/revisions"}],"up":[{"embeddable":true,"href":"https:\/\/budapestgaleria.hu\/_\/wp-json\/wp\/v2\/pages\/9226"}],"wp:attachment":[{"href":"https:\/\/budapestgaleria.hu\/_\/wp-json\/wp\/v2\/media?parent=9257"}],"curies":[{"name":"wp","href":"https:\/\/api.w.org\/{rel}","templated":true}]}}