{"id":9385,"date":"2015-02-26T11:28:32","date_gmt":"2015-02-26T11:28:32","guid":{"rendered":"http:\/\/budapestgaleria.hu\/_\/?page_id=9385"},"modified":"2015-02-26T11:28:32","modified_gmt":"2015-02-26T11:28:32","slug":"szergej-eisenstein-a-kinemato-grafikus","status":"publish","type":"page","link":"https:\/\/budapestgaleria.hu\/_\/kiallitasok-2007-budapest-galeria\/szergej-eisenstein-a-kinemato-grafikus\/","title":{"rendered":"Szergej Eisenstein, a kinemato-grafikus"},"content":{"rendered":"<div class=\"wpb-content-wrapper\"><p>[vc_row row_type=&#8221;row&#8221; use_row_as_full_screen_section=&#8221;no&#8221; type=&#8221;grid&#8221; text_align=&#8221;left&#8221; background_image_as_pattern=&#8221;without_pattern&#8221;][vc_column width=&#8221;1\/1&#8243;][vc_empty_space height=&#8221;40px&#8221;][vc_column_text]<\/p>\n<h2 class=\"cim_1\">Szergej Eisenstein, a kinemato-grafikus<\/h2>\n<p>[\/vc_column_text][vc_empty_space height=&#8221;32px&#8221;][\/vc_column][\/vc_row][vc_row bgparallax=&#8221;parallax&#8221; contentwidth=&#8221;container&#8221; toppadding=&#8221;40&#8243; bottompadding=&#8221;10&#8243; border=&#8221;on&#8221; css=&#8221;.vc_custom_1420648296958{background-color: #ffffff !important;}&#8221; row_type=&#8221;row&#8221; use_row_as_full_screen_section=&#8221;no&#8221; type=&#8221;grid&#8221; text_align=&#8221;left&#8221; background_image_as_pattern=&#8221;without_pattern&#8221;][vc_column width=&#8221;1\/3&#8243; css=&#8221;.vc_custom_1420649554591{padding-right: 25px !important;}&#8221;][vc_column_text]<\/p>\n<p class=\"hely_bpgal\">Budapest Gal\u00e9ria<\/p>\n<p class=\"cim_bpgal\">1036 Budapest, Lajos utca 158.<\/p>\n<p class=\"datum_bpgal\">2007. \u00e1prilis 11 \u2013 m\u00e1jus 13.<\/p>\n<p>[\/vc_column_text][vc_column_text]<\/p>\n<p class=\"kiemeles_bpgal\">Megnyit\u00f3:<\/p>\n<p class=\"kurrens_bpgal\">2007. \u00e1prilis 11. (szerda), 16:00<\/p>\n<p class=\"kiemeles_bpgal\">Megnyitotta:<\/p>\n<p class=\"kurrens_bpgal\">DR. RUZSA GY\u00d6RGY, egyetemi tan\u00e1r, m\u0171v\u00e9szett\u00f6rt\u00e9n\u00e9sz<\/p>\n<p>[\/vc_column_text][vc_empty_space height=&#8221;32px&#8221;][\/vc_column][vc_column width=&#8221;2\/3&#8243;][vc_column_text]EISENSTEIN RAJZAI EL\u00c9<\/p>\n<p>Szerjozsa, Szergej Ejzenstejn\u2026 Eizenstein\u2026 Eisenstein \u2013 ahogy tetszik.<br \/>\nJ\u00e1tszik.<\/p>\n<p>Ez jellemz\u0151. N\u00e9zzenek csak r\u00e1! \u00c9s a rajzaira\u2026<br \/>\nA Sztr\u00e1jk, a Patyomkin p\u00e1nc\u00e9los, az Okt\u00f3ber, a F\u0151vonal (R\u00e9gi \u00e9s \u00faj), a J\u00e9gmez\u0151k lovagja \u00e9s a Rettegett Iv\u00e1n b\u00e1lv\u00e1ny-rendez\u0151je, valamint m\u00e9rhetetlen mennyis\u00e9g\u0171 elm\u00e9s eszmefuttat\u00e1s szerz\u0151je val\u00f3j\u00e1ban \u2013 egy boh\u00f3c. Egy zseni\u00e1lis bolondoz\u00f3.<br \/>\nPolihisztori tehets\u00e9ggel, elk\u00e9peszt\u0151 fant\u00e1zi\u00e1val, temperamentummal \u00e9s humorral.<br \/>\nA v\u00e9gtelens\u00e9gig szabad ember \u2013 a diktat\u00fara tombol\u00e1sa idej\u00e9n.<br \/>\nA szt\u00e1lini kereteket akarta saj\u00e1t v\u00edzi\u00f3ival kit\u00f6lteni.<br \/>\nEz persze nem siker\u00fclt neki. A szt\u00e1lini dogm\u00e1k m\u00e1ra elillantak \u2013 Szergej v\u00edzi\u00f3i megmaradtak, \u00e9s elevenebbek, mint valaha.<br \/>\nA rendez\u0151 vonalakban, k\u00e9pekben \u00e9rzett \u00e9s gondolkodott.<br \/>\n\u00c9s nem csak mozg\u00f3k\u00e9pekben.<br \/>\nRajzban elemzett, rajzban viccelt, rajzban vitatkozott, rajzban utas\u00edtott.<br \/>\nLerajzolta, amit mutatni akart, \u00e9s azt is, amit nem mutathatott. Amir\u0151l nem besz\u00e9lhetett.<br \/>\nAz elfojtott titkot \u2013 emberi \u00e9s nemi k\u00ednkeserveit. M\u0171v\u00e9szi \u00e9s priv\u00e1t kudarcait. \u00d6nmag\u00e1t, f\u00e1jdalmas-groteszk karikat\u00far\u00e1kban.<br \/>\nAzt\u00e1n mindezt laz\u00e1n sz\u00e9tsz\u00f3rta kedves \u00e9s kedvetlen munkat\u00e1rsai k\u00f6z\u00f6tt.<br \/>\nFenomen\u00e1lis gy\u0171jtem\u00e9nyek maradtak ut\u00e1na.<br \/>\nAz egyik legfenomen\u00e1lisabbat l\u00e1thatj\u00e1k most Budapest polg\u00e1rai.<br \/>\nTizen\u00f6t \u00e9v ut\u00e1n ism\u00e9t \u2013 de m\u00e9g sosem ilyen gazdagon, ilyen teljess\u00e9ggel.<\/p>\n<p>A most l\u00e1that\u00f3 eredeti grafik\u00e1k a h\u00e1bor\u00fa idej\u00e9n sz\u00fclettek. Rettenetes korszakban, Rettenetes Iv\u00e1n c\u00e1r filmalakj\u00e1nak megteremt\u00e9se k\u00f6zben.<br \/>\nParadox, de a terrort oldotta a h\u00e1bor\u00fa. A messzi Kazahszt\u00e1n f\u0151v\u00e1ros\u00e1ba, Alma-At\u00e1ba menek\u00edtett \u00e9s \u00f6sszezs\u00fafolt filmst\u00e1bok pedig \u00e1tmenetileg kiker\u00fcltek a k\u00f6zponti hatalom l\u00e1t\u00f3k\u00f6r\u00e9b\u0151l.<br \/>\nEisenstein felszabadultan alkotott, \u0151r\u00fclt, l\u00e1zas munk\u00e1val, szinte a semmib\u0151l teremtette utols\u00f3, monument\u00e1lis filml\u00e1tom\u00e1s\u00e1t.<br \/>\nA szabados rajzokb\u00f3l is kitetszik, tudta, mit csin\u00e1l \u00f6ngyilkos akci\u00f3j\u00e1val: most megmutatja a tirannusnak saj\u00e1t mag\u00e1t. \u00c9s a c\u00e9lszem\u00e9ly, Szt\u00e1lin \u00e9rtett is bel\u0151le. A tragikus filmk\u00f6ltem\u00e9ny befejezetlen maradt\u2026<br \/>\nLigyija \/Ivanovna\/ Naumova, a Rettegett Iv\u00e1n jelmeztervez\u0151 h\u00f6lgye (mellesleg a g\u00e1tl\u00e1stalan h\u00f3h\u00e9rt, Maljut\u00e1t form\u00e1z\u00f3 Mihail Zsarov testv\u00e9re) kapta ezeket a rajzos rendez\u0151i instrukci\u00f3kat, \u00f6tleteket, v\u00e1zlatokat, hogy az operai koszt\u00fcm\u00f6kbe mer\u00e9szs\u00e9get provok\u00e1ljanak. A dr\u00e1ga dosszi\u00e9t Ligyija \u00e9vtizedekig titkon dugdosta egyik fi\u00f3kb\u00f3l a m\u00e1sikba, hogy azt\u00e1n unokah\u00faga, Szvetl\u00e1na Zsarova-Akcsurina, a rendszerv\u00e1lt\u00f3 fordulatot bev\u00e1rva, kit\u00e1rja azt a nagy\u00e9rdem\u0171 el\u0151tt.<br \/>\n\u00c9s a dosszi\u00e9t, A RENDEZ\u0150 RAJZOL\u00d3 album\u00e1t most el\u0151sz\u00f6r haza is vihetik.<\/p>\n<p class=\"szerzo\">Ger\u00e9b Anna<\/p>\n<p>[\/vc_column_text][vc_empty_space height=&#8221;20px&#8221;][\/vc_column][\/vc_row][vc_row row_type=&#8221;row&#8221; use_row_as_full_screen_section=&#8221;no&#8221; type=&#8221;grid&#8221; text_align=&#8221;left&#8221; background_image_as_pattern=&#8221;without_pattern&#8221;][vc_column width=&#8221;1\/1&#8243;][vc_empty_space height=&#8221;32px&#8221;][vc_empty_space height=&#8221;45px&#8221;][\/vc_column][\/vc_row]<\/p>\n<\/div>","protected":false},"excerpt":{"rendered":"<p>[vc_row row_type=&#8221;row&#8221; use_row_as_full_screen_section=&#8221;no&#8221; type=&#8221;grid&#8221; text_align=&#8221;left&#8221; background_image_as_pattern=&#8221;without_pattern&#8221;][vc_column width=&#8221;1\/1&#8243;][vc_empty_space height=&#8221;40px&#8221;][vc_column_text] Szergej Eisenstein, a kinemato-grafikus [\/vc_column_text][vc_empty_space height=&#8221;32px&#8221;][\/vc_column][\/vc_row][vc_row bgparallax=&#8221;parallax&#8221;&#8230;<\/p>\n","protected":false},"author":1,"featured_media":0,"parent":9369,"menu_order":2,"comment_status":"open","ping_status":"open","template":"full_width.php","meta":{"inline_featured_image":false,"loftloader_pro_show_once":"","loftloader_pro_page_shortcode":"","footnotes":""},"class_list":["post-9385","page","type-page","status-publish","hentry"],"_links":{"self":[{"href":"https:\/\/budapestgaleria.hu\/_\/wp-json\/wp\/v2\/pages\/9385","targetHints":{"allow":["GET"]}}],"collection":[{"href":"https:\/\/budapestgaleria.hu\/_\/wp-json\/wp\/v2\/pages"}],"about":[{"href":"https:\/\/budapestgaleria.hu\/_\/wp-json\/wp\/v2\/types\/page"}],"author":[{"embeddable":true,"href":"https:\/\/budapestgaleria.hu\/_\/wp-json\/wp\/v2\/users\/1"}],"replies":[{"embeddable":true,"href":"https:\/\/budapestgaleria.hu\/_\/wp-json\/wp\/v2\/comments?post=9385"}],"version-history":[{"count":0,"href":"https:\/\/budapestgaleria.hu\/_\/wp-json\/wp\/v2\/pages\/9385\/revisions"}],"up":[{"embeddable":true,"href":"https:\/\/budapestgaleria.hu\/_\/wp-json\/wp\/v2\/pages\/9369"}],"wp:attachment":[{"href":"https:\/\/budapestgaleria.hu\/_\/wp-json\/wp\/v2\/media?parent=9385"}],"curies":[{"name":"wp","href":"https:\/\/api.w.org\/{rel}","templated":true}]}}