{"id":9398,"date":"2015-02-26T12:28:34","date_gmt":"2015-02-26T12:28:34","guid":{"rendered":"http:\/\/budapestgaleria.hu\/_\/?page_id=9398"},"modified":"2015-03-09T18:13:13","modified_gmt":"2015-03-09T18:13:13","slug":"bak-imre-a-tortenet-folytatodik","status":"publish","type":"page","link":"https:\/\/budapestgaleria.hu\/_\/kiallitasok-2007-budapest-kiallitoterem\/bak-imre-a-tortenet-folytatodik\/","title":{"rendered":"Bak Imre | A t\u00f6rt\u00e9net folytat\u00f3dik\u2026"},"content":{"rendered":"<div class=\"wpb-content-wrapper\"><p>[vc_row row_type=&#8221;row&#8221; use_row_as_full_screen_section=&#8221;no&#8221; type=&#8221;grid&#8221; text_align=&#8221;left&#8221; background_image_as_pattern=&#8221;without_pattern&#8221;][vc_column width=&#8221;1\/1&#8243;][vc_empty_space height=&#8221;40px&#8221;][vc_column_text]<\/p>\n<h2 class=\"cim_1\">BAK IMRE | A t\u00f6rt\u00e9net folytat\u00f3dik\u2026<\/h2>\n<p>[\/vc_column_text][vc_empty_space height=&#8221;32px&#8221;][\/vc_column][\/vc_row][vc_row bgparallax=&#8221;parallax&#8221; contentwidth=&#8221;container&#8221; toppadding=&#8221;40&#8243; bottompadding=&#8221;10&#8243; border=&#8221;on&#8221; css=&#8221;.vc_custom_1420648296958{background-color: #ffffff !important;}&#8221; row_type=&#8221;row&#8221; use_row_as_full_screen_section=&#8221;no&#8221; type=&#8221;grid&#8221; text_align=&#8221;left&#8221; background_image_as_pattern=&#8221;without_pattern&#8221;][vc_column width=&#8221;1\/3&#8243; css=&#8221;.vc_custom_1420649554591{padding-right: 25px !important;}&#8221;][vc_column_text]<\/p>\n<p class=\"hely_bpgal\">Budapest Ki\u00e1ll\u00edt\u00f3terem<\/p>\n<p class=\"cim_bpgal\">1056 Budapest, Szabad sajt\u00f3 \u00fat 5.<\/p>\n<p class=\"datum_bpgal\">2007. szeptember 13 \u2013 okt\u00f3ber 21.<\/p>\n<p>[\/vc_column_text][vc_column_text]<\/p>\n<p class=\"kiemeles_bpgal\">Megnyit\u00f3:<\/p>\n<p class=\"kurrens_bpgal\">2007. szeptember 13. (cs\u00fct\u00f6rt\u00f6k), 17:00<\/p>\n<p class=\"kiemeles_bpgal\">Megnyitotta:<\/p>\n<p class=\"kurrens_bpgal\">F\u00d6LD\u00c9NYI F. L\u00c1SZL\u00d3, eszt\u00e9ta<\/p>\n<p>[\/vc_column_text][vc_empty_space height=&#8221;32px&#8221;][\/vc_column][vc_column width=&#8221;2\/3&#8243;][vc_column_text]Bak festm\u00e9nyei l\u00e1tsz\u00f3lag a dolgok elk\u00fcl\u00f6n\u00edthet\u0151s\u00e9g\u00e9t, a fel\u00fcletek, a t\u00e1rgyak lehat\u00e1rolts\u00e1g\u00e1t manifeszt\u00e1lj\u00e1k. Val\u00f3j\u00e1ban, \u00fagy t\u0171nik, egy saj\u00e1tos \u201emintha-vil\u00e1got\u201d hoznak l\u00e9tre, mely egyszerre foglalja mag\u00e1ba a hasonlatoss\u00e1g \u00e9s k\u00fcl\u00f6nb\u00f6z\u0151s\u00e9g tudat\u00e1t, az immanenci\u00e1t \u00e9s transzcendenci\u00e1t, a megismer\u00e9s v\u00e1gy\u00e1t s lehetetlens\u00e9g\u00e9nek keser\u0171 tudat\u00e1t.<\/p>\n<p>Semmi sem ott van ahol, hanem minden \u201ek\u00f6z\u00f6tt\u201d van. Bak Imre vil\u00e1g\u00e1ban \u201eminden \u00e9pp olyan\u201d \u2013 id\u00e9zhetj\u00fck Nemes Nagy \u00c1gnest. Minden \u00e9pp olyan, csak \u00e9pp azt nem tudjuk, milyen. A dolgok milyens\u00e9ge dinamikusan v\u00e1ltozik. Bak Imre vil\u00e1ga a k\u00f6z\u00f6tt vil\u00e1ga \u2013 n\u00e9zz\u00fck meg m\u00e9g egyszer (a sz\u00f6veg felett) alkonyi festm\u00e9ny\u00e9t. A nap s az \u00e9j k\u00f6z\u00f6tt\u201d \u2013 \u201ef\u00fcgg\u0151legesek t\u0171rhetetlen fesz\u00fclts\u00e9gei fent s lent k\u00f6z\u00f6tt\u201d, j\u00e1rjuk be tereit a s\u00edk s a t\u00e9r k\u00f6z\u00f6tt, mer\u00edtkezz\u00fcnk meg a v\u00f6r\u00f6s fel\u00fclet t\u00fckr\u00e9ben \u201eaz \u00e9g s az \u00e9g k\u00f6z\u00f6tt\u201d.<\/p>\n<p class=\"szerzo\">Feh\u00e9r D\u00e1vid<\/p>\n<p class=\"szerzo\">(R\u00e9szlet a ki\u00e1ll\u00edt\u00e1s katal\u00f3gus\u00e1hoz k\u00e9sz\u00fclt tanulm\u00e1nyb\u00f3l)<\/p>\n<p>[\/vc_column_text][vc_empty_space height=&#8221;20px&#8221;][\/vc_column][\/vc_row][vc_row row_type=&#8221;row&#8221; use_row_as_full_screen_section=&#8221;no&#8221; type=&#8221;grid&#8221; text_align=&#8221;left&#8221; background_image_as_pattern=&#8221;without_pattern&#8221;][vc_column width=&#8221;1\/1&#8243;][vc_empty_space height=&#8221;32px&#8221;][vc_empty_space height=&#8221;45px&#8221;][\/vc_column][\/vc_row]<\/p>\n<\/div>","protected":false},"excerpt":{"rendered":"<p>[vc_row row_type=&#8221;row&#8221; use_row_as_full_screen_section=&#8221;no&#8221; type=&#8221;grid&#8221; text_align=&#8221;left&#8221; background_image_as_pattern=&#8221;without_pattern&#8221;][vc_column width=&#8221;1\/1&#8243;][vc_empty_space height=&#8221;40px&#8221;][vc_column_text] BAK IMRE | A t\u00f6rt\u00e9net folytat\u00f3dik\u2026 [\/vc_column_text][vc_empty_space&#8230;<\/p>\n","protected":false},"author":1,"featured_media":0,"parent":9479,"menu_order":7,"comment_status":"open","ping_status":"closed","template":"full_width.php","meta":{"inline_featured_image":false,"loftloader_pro_show_once":"","loftloader_pro_page_shortcode":"","footnotes":""},"class_list":["post-9398","page","type-page","status-publish","hentry"],"_links":{"self":[{"href":"https:\/\/budapestgaleria.hu\/_\/wp-json\/wp\/v2\/pages\/9398","targetHints":{"allow":["GET"]}}],"collection":[{"href":"https:\/\/budapestgaleria.hu\/_\/wp-json\/wp\/v2\/pages"}],"about":[{"href":"https:\/\/budapestgaleria.hu\/_\/wp-json\/wp\/v2\/types\/page"}],"author":[{"embeddable":true,"href":"https:\/\/budapestgaleria.hu\/_\/wp-json\/wp\/v2\/users\/1"}],"replies":[{"embeddable":true,"href":"https:\/\/budapestgaleria.hu\/_\/wp-json\/wp\/v2\/comments?post=9398"}],"version-history":[{"count":0,"href":"https:\/\/budapestgaleria.hu\/_\/wp-json\/wp\/v2\/pages\/9398\/revisions"}],"up":[{"embeddable":true,"href":"https:\/\/budapestgaleria.hu\/_\/wp-json\/wp\/v2\/pages\/9479"}],"wp:attachment":[{"href":"https:\/\/budapestgaleria.hu\/_\/wp-json\/wp\/v2\/media?parent=9398"}],"curies":[{"name":"wp","href":"https:\/\/api.w.org\/{rel}","templated":true}]}}