{"id":9724,"date":"2015-03-18T11:09:12","date_gmt":"2015-03-18T11:09:12","guid":{"rendered":"http:\/\/budapestgaleria.hu\/_\/?page_id=9724"},"modified":"2023-12-05T12:35:30","modified_gmt":"2023-12-05T11:35:30","slug":"informaciok-latogatoknak","status":"publish","type":"page","link":"https:\/\/budapestgaleria.hu\/_\/informaciok-latogatoknak\/","title":{"rendered":"Inform\u00e1ci\u00f3k l\u00e1togat\u00f3knak"},"content":{"rendered":"<div class=\"wpb-content-wrapper\"><p>[vc_row css_animation=&#8221;&#8221; row_type=&#8221;row&#8221; use_row_as_full_screen_section=&#8221;no&#8221; type=&#8221;full_width&#8221; angled_section=&#8221;no&#8221; text_align=&#8221;left&#8221; background_image_as_pattern=&#8221;without_pattern&#8221; template=&#8221;ism_template_1&#8243; ism_overlock=&#8221;default&#8221; sm_d_text=&#8221;<\/p>\n<h2>This content is locked<\/h2>\n<p>Share This Page To Unlock The Content!&#8221;][vc_column][vc_empty_space height=&#8221;45px&#8221;][\/vc_column][\/vc_row][vc_row css_animation=&#8221;&#8221; row_type=&#8221;row&#8221; use_row_as_full_screen_section=&#8221;no&#8221; type=&#8221;grid&#8221; angled_section=&#8221;no&#8221; text_align=&#8221;left&#8221; background_image_as_pattern=&#8221;without_pattern&#8221; template=&#8221;ism_template_1&#8243; ism_overlock=&#8221;default&#8221; sm_d_text=&#8221;<\/p>\n<h2>This content is locked<\/h2>\n<p>Share This Page To Unlock The Content!&#8221; bgparallax=&#8221;parallax&#8221; contentwidth=&#8221;fullwidth&#8221; toppadding=&#8221;50&#8243; bottompadding=&#8221;60&#8243;][vc_column width=&#8221;1\/2&#8243; el_class=&#8221;full-1&#8243;][vc_single_image image=&#8221;8954&#8243; img_size=&#8221;full&#8221; alignment=&#8221;center&#8221; qode_css_animation=&#8221;&#8221;][vc_empty_space height=&#8221;20px&#8221;][\/vc_column][vc_column width=&#8221;1\/2&#8243; el_class=&#8221;full-2&#8243;][vc_column_text]<\/p>\n<h4>BUDAPEST GAL\u00c9RIA<\/h4>\n<p class=\"galeria-cim\">1036 Budapest, Lajos utca 158.<\/p>\n<p>Nyitva h\u00e9tf\u0151 kiv\u00e9tel\u00e9vel minden nap 10:00\u201318:00 \u00f3r\u00e1ig.<br \/>\nP\u00e9nzt\u00e1rz\u00e1r\u00e1s \u00e9s utols\u00f3 bel\u00e9p\u00e9s: 17:30<\/p>\n<p><strong>\u00dcnnepi nyitva tart\u00e1s:<\/strong><br \/>\n11.01. &#8211; NYITVA<br \/>\n12.24\u201326. &#8211; Z\u00c1RVA<br \/>\n12.27\u201330. &#8211; NYITVA<br \/>\n12.31. &#8211; Z\u00c1RVA<br \/>\n2024.01.01. &#8211; Z\u00c1RVA[\/vc_column_text][vc_separator type=&#8221;normal&#8221; up=&#8221;25&#8243; down=&#8221;10&#8243;][vc_column_text]<strong>Bel\u00e9p\u0151jegyek:<\/strong>[\/vc_column_text][vc_column_text]Feln\u0151tt jegy: 1000 Ft \/ f\u0151<br \/>\nDi\u00e1k ifj\u00fas\u00e1gi jegy (6\u201326): 500 Ft \/ f\u0151<br \/>\nNyugd\u00edjas jegy: 500 Ft \/ f\u0151<br \/>\nM\u00fazeumpedag\u00f3giai jegy: 800 Ft \/ f\u0151<br \/>\nFeln\u0151tt csoportos jegy (10 f\u0151t\u0151l): 700 Ft \/ f\u0151<br \/>\n6 \u00e9v alatti gyermekeknek, 70 \u00e9v feletti nyugd\u00edjasoknak, valamint Budapest K\u00e1rty\u00e1val ingyenes a bel\u00e9p\u00e9s.<\/p>\n<p>Fot\u00f3 \u2013 Vide\u00f3 jegy: 1000 Ft\/f\u0151<\/p>\n<p>Int\u00e9zm\u00e9ny\u00fcnk \u00c9nBudapestem digit\u00e1lisk\u00e1rtya-elfogad\u00f3hely.[\/vc_column_text][vc_separator type=&#8221;normal&#8221; up=&#8221;25&#8243; down=&#8221;10&#8243;][vc_column_text]<strong>T\u00e1rlatvezet\u00e9sek*:<\/strong>[\/vc_column_text][vc_column_text]Magyar nyelven 20 f\u0151ig: 3000 Ft\/ csoport<br \/>\nMagyar nyelven 20 f\u0151 felett: 3500 Ft\/ csoport<br \/>\nIdegen nyelven, legfeljebb 20 f\u0151s csoportok r\u00e9sz\u00e9re: 6000 Ft \/ csoport<br \/>\nIdegen nyelven, 20 f\u0151n\u00e9l nagyobb csoportok r\u00e9sz\u00e9re: 7000 Ft \/ csoport<\/p>\n<p>*T\u00e1rlatvezet\u00e9s el\u0151zetes egyeztet\u00e9s alapj\u00e1n k\u00e9rhet\u0151 a <a href=\"mailto:galeria@btm.hu\">galeria@btm.hu<\/a> c\u00edmen.[\/vc_column_text][vc_separator type=&#8221;normal&#8221; up=&#8221;25&#8243; down=&#8221;10&#8243;][vc_column_text]<strong><a href=\"https:\/\/budapestgaleria.hu\/_\/kedvezmenyek\/\" target=\"_blank\" rel=\"noopener\">KATTINTSON IDE<\/a> az 50%-os kedvezm\u00e9nyre \u00e9s d\u00edjtalan bel\u00e9p\u00e9sre jogos\u00edt\u00f3 k\u00f6r\u00fclm\u00e9nyek megtekint\u00e9s\u00e9\u00e9rt<\/strong>[\/vc_column_text][vc_separator type=&#8221;normal&#8221; up=&#8221;25&#8243; down=&#8221;10&#8243;][\/vc_column][\/vc_row][vc_row css_animation=&#8221;&#8221; row_type=&#8221;row&#8221; use_row_as_full_screen_section=&#8221;no&#8221; type=&#8221;full_width&#8221; angled_section=&#8221;no&#8221; text_align=&#8221;left&#8221; background_image_as_pattern=&#8221;without_pattern&#8221;][vc_column][vc_empty_space][\/vc_column][\/vc_row][vc_row css_animation=&#8221;&#8221; row_type=&#8221;row&#8221; use_row_as_full_screen_section=&#8221;no&#8221; type=&#8221;grid&#8221; angled_section=&#8221;no&#8221; text_align=&#8221;left&#8221; background_image_as_pattern=&#8221;without_pattern&#8221; template=&#8221;ism_template_1&#8243; ism_overlock=&#8221;default&#8221; sm_d_text=&#8221;<\/p>\n<h2>This content is locked<\/h2>\n<p>Share This Page To Unlock The Content!&#8221; bgparallax=&#8221;parallax&#8221; contentwidth=&#8221;fullwidth&#8221; toppadding=&#8221;50&#8243; bottompadding=&#8221;60&#8243;][vc_column width=&#8221;1\/2&#8243; el_class=&#8221;full-1&#8243;][vc_single_image image=&#8221;9816&#8243; img_size=&#8221;full&#8221; alignment=&#8221;center&#8221; qode_css_animation=&#8221;&#8221;][vc_empty_space height=&#8221;20px&#8221;][\/vc_column][vc_column width=&#8221;1\/2&#8243; el_class=&#8221;full-2&#8243;][vc_column_text]<\/p>\n<h4>VARGA IMRE GY\u0170JTEM\u00c9NY<\/h4>\n<p class=\"galeria-cim\">1033 Budapest, Laktanya utca 7.<\/p>\n<p><strong>\u00c1prilis 1. \u00e9s okt\u00f3ber 31. k\u00f6z\u00f6tt:<\/strong><br \/>\nNyitva h\u00e9tf\u0151 kiv\u00e9tel\u00e9vel minden nap 10:00\u201318:00 \u00f3r\u00e1ig.<br \/>\nP\u00e9nzt\u00e1rz\u00e1r\u00e1s \u00e9s utols\u00f3 bel\u00e9p\u00e9s: 17:30<\/p>\n<p><strong>November 1. \u00e9s m\u00e1rcius 31. k\u00f6z\u00f6tt:<\/strong><br \/>\nNyitva h\u00e9tf\u0151 kiv\u00e9tel\u00e9vel minden nap 10:00\u201316:00 \u00f3r\u00e1ig.<br \/>\nP\u00e9nzt\u00e1rz\u00e1r\u00e1s \u00e9s utols\u00f3 bel\u00e9p\u00e9s: 15:30<\/p>\n<p><strong>\u00dcnnepi nyitva tart\u00e1s:<\/strong><br \/>\n11.01. &#8211; NYITVA<br \/>\n12.24\u201326. &#8211; Z\u00c1RVA<br \/>\n12.27\u201330. &#8211; NYITVA<br \/>\n12.31. &#8211; Z\u00c1RVA<br \/>\n2024.01.01. &#8211; Z\u00c1RVA[\/vc_column_text][vc_separator type=&#8221;normal&#8221; up=&#8221;25&#8243; down=&#8221;10&#8243;][vc_column_text]<strong>Bel\u00e9p\u0151jegyek:<\/strong>[\/vc_column_text][vc_column_text]Feln\u0151tt jegy: 1000 Ft \/ f\u0151<br \/>\nDi\u00e1k ifj\u00fas\u00e1gi jegy (6\u201326): 500 Ft \/ f\u0151<br \/>\nNyugd\u00edjas jegy: 500 Ft \/ f\u0151<br \/>\nM\u00fazeumpedag\u00f3giai jegy: 800 Ft \/ f\u0151<br \/>\nFeln\u0151tt csoportos jegy (10 f\u0151t\u0151l): 700 Ft \/ f\u0151<br \/>\n6 \u00e9v alatti gyermekeknek, 70 \u00e9v feletti nyugd\u00edjasoknak, valamint Budapest K\u00e1rty\u00e1val ingyenes a bel\u00e9p\u00e9s.<\/p>\n<p>Fot\u00f3 \u2013 Vide\u00f3 jegy: 1000 Ft\/f\u0151<\/p>\n<p><strong>Fizetni kiz\u00e1r\u00f3lag k\u00e9szp\u00e9nzzel lehets\u00e9ges.<\/strong><\/p>\n<p>Int\u00e9zm\u00e9ny\u00fcnk \u00c9nBudapestem digit\u00e1lisk\u00e1rtya-elfogad\u00f3hely.[\/vc_column_text][vc_separator type=&#8221;normal&#8221; up=&#8221;25&#8243; down=&#8221;10&#8243;][vc_column_text]<strong>T\u00e1rlatvezet\u00e9sek*:<\/strong>[\/vc_column_text][vc_column_text]Magyar nyelven 20 f\u0151ig: 3000 Ft\/ csoport<br \/>\nMagyar nyelven 20 f\u0151 felett: 3500 Ft\/ csoport<br \/>\nIdegen nyelven, legfeljebb 20 f\u0151s csoportok r\u00e9sz\u00e9re: 6000 Ft \/ csoport<br \/>\nIdegen nyelven, 20 f\u0151n\u00e9l nagyobb csoportok r\u00e9sz\u00e9re: 7000 Ft \/ csoport<\/p>\n<p>*T\u00e1rlatvezet\u00e9s el\u0151zetes egyeztet\u00e9s alapj\u00e1n k\u00e9rhet\u0151 a <a href=\"mailto:galeria@btm.hu\">galeria@btm.hu<\/a> c\u00edmen.[\/vc_column_text][vc_separator type=&#8221;transparent&#8221; up=&#8221;25&#8243;][vc_column_text]<strong><a href=\"https:\/\/budapestgaleria.hu\/_\/kedvezmenyek\/\" target=\"_blank\" rel=\"noopener\">KATTINTSON IDE<\/a> az 50%-os kedvezm\u00e9nyre \u00e9s d\u00edjtalan bel\u00e9p\u00e9sre jogos\u00edt\u00f3 k\u00f6r\u00fclm\u00e9nyek megtekint\u00e9s\u00e9\u00e9rt<\/strong>[\/vc_column_text][vc_separator type=&#8221;transparent&#8221; up=&#8221;25&#8243;][vc_empty_space height=&#8221;70px&#8221;][\/vc_column][\/vc_row][vc_row css_animation=&#8221;&#8221; row_type=&#8221;row&#8221; use_row_as_full_screen_section=&#8221;no&#8221; type=&#8221;full_width&#8221; angled_section=&#8221;no&#8221; text_align=&#8221;left&#8221; background_image_as_pattern=&#8221;without_pattern&#8221;][vc_column][vc_empty_space][\/vc_column][\/vc_row][vc_row css_animation=&#8221;&#8221; row_type=&#8221;row&#8221; use_row_as_full_screen_section=&#8221;no&#8221; type=&#8221;grid&#8221; angled_section=&#8221;no&#8221; text_align=&#8221;left&#8221; background_image_as_pattern=&#8221;without_pattern&#8221; template=&#8221;ism_template_1&#8243; ism_overlock=&#8221;default&#8221; sm_d_text=&#8221;<\/p>\n<h2>This content is locked<\/h2>\n<p>Share This Page To Unlock The Content!&#8221; bgparallax=&#8221;parallax&#8221; contentwidth=&#8221;fullwidth&#8221; toppadding=&#8221;50&#8243; bottompadding=&#8221;60&#8243;][vc_column width=&#8221;1\/2&#8243; el_class=&#8221;full-1&#8243;][vc_single_image image=&#8221;9629&#8243; img_size=&#8221;full&#8221; alignment=&#8221;center&#8221; qode_css_animation=&#8221;&#8221;][vc_empty_space height=&#8221;20px&#8221;][\/vc_column][vc_column width=&#8221;1\/2&#8243; el_class=&#8221;full-2&#8243;][vc_column_text]<\/p>\n<h4>\u00daj BUDAPEST GAL\u00c9RIA<\/h4>\n<p class=\"galeria-cim\">1194 Budapest, F\u0151v\u00e1m t\u00e9r 11\u201312., v\u00e9glegesen bez\u00e1rt<\/p>\n<p>[\/vc_column_text][\/vc_column][\/vc_row][vc_row css_animation=&#8221;&#8221; row_type=&#8221;row&#8221; use_row_as_full_screen_section=&#8221;no&#8221; type=&#8221;full_width&#8221; angled_section=&#8221;no&#8221; text_align=&#8221;left&#8221; background_image_as_pattern=&#8221;without_pattern&#8221;][vc_column][\/vc_column][\/vc_row]<\/p>\n<\/div>","protected":false},"excerpt":{"rendered":"<p>[vc_row css_animation=&#8221;&#8221; row_type=&#8221;row&#8221; use_row_as_full_screen_section=&#8221;no&#8221; type=&#8221;full_width&#8221; angled_section=&#8221;no&#8221; text_align=&#8221;left&#8221; background_image_as_pattern=&#8221;without_pattern&#8221; template=&#8221;ism_template_1&#8243; ism_overlock=&#8221;default&#8221; sm_d_text=&#8221; This content is locked&#8230;<\/p>\n","protected":false},"author":1,"featured_media":0,"parent":0,"menu_order":119,"comment_status":"closed","ping_status":"closed","template":"full_width.php","meta":{"inline_featured_image":false,"loftloader_pro_show_once":"","loftloader_pro_page_shortcode":"","footnotes":""},"class_list":["post-9724","page","type-page","status-publish","hentry"],"_links":{"self":[{"href":"https:\/\/budapestgaleria.hu\/_\/wp-json\/wp\/v2\/pages\/9724","targetHints":{"allow":["GET"]}}],"collection":[{"href":"https:\/\/budapestgaleria.hu\/_\/wp-json\/wp\/v2\/pages"}],"about":[{"href":"https:\/\/budapestgaleria.hu\/_\/wp-json\/wp\/v2\/types\/page"}],"author":[{"embeddable":true,"href":"https:\/\/budapestgaleria.hu\/_\/wp-json\/wp\/v2\/users\/1"}],"replies":[{"embeddable":true,"href":"https:\/\/budapestgaleria.hu\/_\/wp-json\/wp\/v2\/comments?post=9724"}],"version-history":[{"count":0,"href":"https:\/\/budapestgaleria.hu\/_\/wp-json\/wp\/v2\/pages\/9724\/revisions"}],"wp:attachment":[{"href":"https:\/\/budapestgaleria.hu\/_\/wp-json\/wp\/v2\/media?parent=9724"}],"curies":[{"name":"wp","href":"https:\/\/api.w.org\/{rel}","templated":true}]}}